| Back to Multiple platform build/check report for BioC 3.20: simplified long |
|
This page was generated on 2025-04-02 19:30 -0400 (Wed, 02 Apr 2025).
| Hostname | OS | Arch (*) | R version | Installed pkgs |
|---|---|---|---|---|
| nebbiolo2 | Linux (Ubuntu 24.04.1 LTS) | x86_64 | 4.4.3 (2025-02-28) -- "Trophy Case" | 4764 |
| palomino8 | Windows Server 2022 Datacenter | x64 | 4.4.3 (2025-02-28 ucrt) -- "Trophy Case" | 4495 |
| merida1 | macOS 12.7.5 Monterey | x86_64 | 4.4.3 (2025-02-28) -- "Trophy Case" | 4522 |
| kjohnson1 | macOS 13.6.6 Ventura | arm64 | 4.4.3 (2025-02-28) -- "Trophy Case" | 4449 |
| taishan | Linux (openEuler 24.03 LTS) | aarch64 | 4.4.3 (2025-02-28) -- "Trophy Case" | 4426 |
| Click on any hostname to see more info about the system (e.g. compilers) (*) as reported by 'uname -p', except on Windows and Mac OS X | ||||
| Package 536/2289 | Hostname | OS / Arch | INSTALL | BUILD | CHECK | BUILD BIN | ||||||||
| DelayedTensor 1.12.0 (landing page) Koki Tsuyuzaki
| nebbiolo2 | Linux (Ubuntu 24.04.1 LTS) / x86_64 | OK | OK | WARNINGS | |||||||||
| palomino8 | Windows Server 2022 Datacenter / x64 | OK | OK | WARNINGS | OK | |||||||||
| merida1 | macOS 12.7.5 Monterey / x86_64 | OK | OK | WARNINGS | OK | |||||||||
| kjohnson1 | macOS 13.6.6 Ventura / arm64 | OK | OK | WARNINGS | OK | |||||||||
| taishan | Linux (openEuler 24.03 LTS) / aarch64 | OK | OK | WARNINGS | ||||||||||
|
To the developers/maintainers of the DelayedTensor package: - Allow up to 24 hours (and sometimes 48 hours) for your latest push to git@git.bioconductor.org:packages/DelayedTensor.git to reflect on this report. See Troubleshooting Build Report for more information. - Use the following Renviron settings to reproduce errors and warnings. - If 'R CMD check' started to fail recently on the Linux builder(s) over a missing dependency, add the missing dependency to 'Suggests:' in your DESCRIPTION file. See Renviron.bioc for more information. |
| Package: DelayedTensor |
| Version: 1.12.0 |
| Command: F:\biocbuild\bbs-3.20-bioc\R\bin\R.exe CMD check --no-multiarch --install=check:DelayedTensor.install-out.txt --library=F:\biocbuild\bbs-3.20-bioc\R\library --no-vignettes --timings DelayedTensor_1.12.0.tar.gz |
| StartedAt: 2025-04-01 00:46:52 -0400 (Tue, 01 Apr 2025) |
| EndedAt: 2025-04-01 00:57:50 -0400 (Tue, 01 Apr 2025) |
| EllapsedTime: 658.0 seconds |
| RetCode: 0 |
| Status: WARNINGS |
| CheckDir: DelayedTensor.Rcheck |
| Warnings: 1 |
##############################################################################
##############################################################################
###
### Running command:
###
### F:\biocbuild\bbs-3.20-bioc\R\bin\R.exe CMD check --no-multiarch --install=check:DelayedTensor.install-out.txt --library=F:\biocbuild\bbs-3.20-bioc\R\library --no-vignettes --timings DelayedTensor_1.12.0.tar.gz
###
##############################################################################
##############################################################################
* using log directory 'F:/biocbuild/bbs-3.20-bioc/meat/DelayedTensor.Rcheck'
* using R version 4.4.3 (2025-02-28 ucrt)
* using platform: x86_64-w64-mingw32
* R was compiled by
gcc.exe (GCC) 13.3.0
GNU Fortran (GCC) 13.3.0
* running under: Windows Server 2022 x64 (build 20348)
* using session charset: UTF-8
* using option '--no-vignettes'
* checking for file 'DelayedTensor/DESCRIPTION' ... OK
* checking extension type ... Package
* this is package 'DelayedTensor' version '1.12.0'
* checking package namespace information ... OK
* checking package dependencies ... OK
* checking if this is a source package ... OK
* checking if there is a namespace ... OK
* checking for hidden files and directories ... OK
* checking for portable file names ... OK
* checking whether package 'DelayedTensor' can be installed ... OK
* checking installed package size ... OK
* checking package directory ... OK
* checking 'build' directory ... OK
* checking DESCRIPTION meta-information ... OK
* checking top-level files ... OK
* checking for left-over files ... OK
* checking index information ... OK
* checking package subdirectories ... OK
* checking code files for non-ASCII characters ... OK
* checking R files for syntax errors ... OK
* checking whether the package can be loaded ... OK
* checking whether the package can be loaded with stated dependencies ... OK
* checking whether the package can be unloaded cleanly ... OK
* checking whether the namespace can be loaded with stated dependencies ... OK
* checking whether the namespace can be unloaded cleanly ... OK
* checking whether startup messages can be suppressed ... OK
* checking dependencies in R code ... OK
* checking S3 generic/method consistency ... OK
* checking replacement functions ... OK
* checking foreign function calls ... OK
* checking R code for possible problems ... OK
* checking Rd files ... OK
* checking Rd metadata ... OK
* checking Rd cross-references ... OK
* checking for missing documentation entries ... OK
* checking for code/documentation mismatches ... OK
* checking Rd \usage sections ... OK
* checking Rd contents ... OK
* checking for unstated dependencies in examples ... OK
* checking contents of 'data' directory ... OK
* checking data for non-ASCII characters ... OK
* checking LazyData ... OK
* checking data for ASCII and uncompressed saves ... WARNING
Note: significantly better compression could be obtained
by using R CMD build --resave-data
old_size new_size compress
human_mid_brain.rda 677Kb 441Kb xz
mouse_mid_brain.rda 761Kb 512Kb xz
* checking files in 'vignettes' ... OK
* checking examples ... OK
Examples with CPU (user + system) or elapsed time > 5s
user system elapsed
cp 160.77 27.79 330.68
tucker 24.29 4.83 43.15
mpca 11.65 2.42 21.32
pvd 7.13 1.18 11.33
hosvd 4.15 0.54 6.17
* checking for unstated dependencies in 'tests' ... OK
* checking tests ...
Running 'testthat.R'
OK
* checking for unstated dependencies in vignettes ... OK
* checking package vignettes ... OK
* checking running R code from vignettes ... SKIPPED
* checking re-building of vignette outputs ... SKIPPED
* checking PDF version of manual ... OK
* DONE
Status: 1 WARNING
See
'F:/biocbuild/bbs-3.20-bioc/meat/DelayedTensor.Rcheck/00check.log'
for details.
DelayedTensor.Rcheck/00install.out
############################################################################## ############################################################################## ### ### Running command: ### ### F:\biocbuild\bbs-3.20-bioc\R\bin\R.exe CMD INSTALL DelayedTensor ### ############################################################################## ############################################################################## * installing to library 'F:/biocbuild/bbs-3.20-bioc/R/library' * installing *source* package 'DelayedTensor' ... ** using staged installation ** R ** data *** moving datasets to lazyload DB ** inst ** byte-compile and prepare package for lazy loading Creating a new generic function for 'kronecker' in package 'DelayedTensor' Creating a new generic function for 'diag' in package 'DelayedTensor' Creating a new generic function for 'diag<-' in package 'DelayedTensor' ** help *** installing help indices ** building package indices ** installing vignettes ** testing if installed package can be loaded from temporary location ** testing if installed package can be loaded from final location ** testing if installed package keeps a record of temporary installation path * DONE (DelayedTensor)
DelayedTensor.Rcheck/tests/testthat.Rout
R version 4.4.3 (2025-02-28 ucrt) -- "Trophy Case"
Copyright (C) 2025 The R Foundation for Statistical Computing
Platform: x86_64-w64-mingw32/x64
R is free software and comes with ABSOLUTELY NO WARRANTY.
You are welcome to redistribute it under certain conditions.
Type 'license()' or 'licence()' for distribution details.
R is a collaborative project with many contributors.
Type 'contributors()' for more information and
'citation()' on how to cite R or R packages in publications.
Type 'demo()' for some demos, 'help()' for on-line help, or
'help.start()' for an HTML browser interface to help.
Type 'q()' to quit R.
> library("DelayedArray")
Loading required package: stats4
Loading required package: Matrix
Loading required package: BiocGenerics
Attaching package: 'BiocGenerics'
The following objects are masked from 'package:stats':
IQR, mad, sd, var, xtabs
The following objects are masked from 'package:base':
Filter, Find, Map, Position, Reduce, anyDuplicated, aperm, append,
as.data.frame, basename, cbind, colnames, dirname, do.call,
duplicated, eval, evalq, get, grep, grepl, intersect, is.unsorted,
lapply, mapply, match, mget, order, paste, pmax, pmax.int, pmin,
pmin.int, rank, rbind, rownames, sapply, saveRDS, setdiff, table,
tapply, union, unique, unsplit, which.max, which.min
Loading required package: MatrixGenerics
Loading required package: matrixStats
Attaching package: 'MatrixGenerics'
The following objects are masked from 'package:matrixStats':
colAlls, colAnyNAs, colAnys, colAvgsPerRowSet, colCollapse,
colCounts, colCummaxs, colCummins, colCumprods, colCumsums,
colDiffs, colIQRDiffs, colIQRs, colLogSumExps, colMadDiffs,
colMads, colMaxs, colMeans2, colMedians, colMins, colOrderStats,
colProds, colQuantiles, colRanges, colRanks, colSdDiffs, colSds,
colSums2, colTabulates, colVarDiffs, colVars, colWeightedMads,
colWeightedMeans, colWeightedMedians, colWeightedSds,
colWeightedVars, rowAlls, rowAnyNAs, rowAnys, rowAvgsPerColSet,
rowCollapse, rowCounts, rowCummaxs, rowCummins, rowCumprods,
rowCumsums, rowDiffs, rowIQRDiffs, rowIQRs, rowLogSumExps,
rowMadDiffs, rowMads, rowMaxs, rowMeans2, rowMedians, rowMins,
rowOrderStats, rowProds, rowQuantiles, rowRanges, rowRanks,
rowSdDiffs, rowSds, rowSums2, rowTabulates, rowVarDiffs, rowVars,
rowWeightedMads, rowWeightedMeans, rowWeightedMedians,
rowWeightedSds, rowWeightedVars
Loading required package: S4Vectors
Attaching package: 'S4Vectors'
The following objects are masked from 'package:Matrix':
expand, unname
The following object is masked from 'package:utils':
findMatches
The following objects are masked from 'package:base':
I, expand.grid, unname
Loading required package: IRanges
Attaching package: 'IRanges'
The following object is masked from 'package:grDevices':
windows
Loading required package: S4Arrays
Loading required package: abind
Attaching package: 'S4Arrays'
The following object is masked from 'package:abind':
abind
The following object is masked from 'package:base':
rowsum
Loading required package: SparseArray
Attaching package: 'DelayedArray'
The following objects are masked from 'package:base':
apply, scale, sweep
> # library("HDF5Array") # comment out
> # library("BiocSingular") # comment out
> library("rTensor")
Attaching package: 'rTensor'
The following object is masked from 'package:S4Vectors':
fold
> library("DelayedRandomArray")
> # library("irlba") # comment out
> # library("Matrix") # comment out
> library("einsum")
> library("DelayedTensor")
Attaching package: 'DelayedTensor'
The following object is masked from 'package:einsum':
einsum
The following objects are masked from 'package:rTensor':
cp, cs_fold, cs_unfold, fnorm, fold, hadamard_list, hosvd,
innerProd, k_fold, k_unfold, khatri_rao, khatri_rao_list,
kronecker_list, matvec, modeMean, modeSum, mpca, pvd, rs_fold,
rs_unfold, ttl, ttm, tucker, unfold, unmatvec, vec
The following object is masked from 'package:S4Vectors':
fold
The following objects are masked from 'package:Matrix':
diag, diag<-, kronecker
The following object is masked from 'package:methods':
kronecker
The following objects are masked from 'package:base':
diag, diag<-, kronecker
> library("reticulate")
> library("testthat")
> library("HDF5Array")
Loading required package: rhdf5
Attaching package: 'HDF5Array'
The following object is masked from 'package:rhdf5':
h5ls
>
> # Setting
> options(testthat.use_colours = FALSE)
> options(delayedtensor.sparse = FALSE)
> options(delayedtensor.verbose = FALSE)
> setHDF5DumpChunkLength(length = 1000000L)
> setHDF5DumpCompressionLevel(level = 9L)
> source("testthat/test_Einsum_objects.R")
>
> # source("../R/Decomp.R") # comment out
> # source("../R/Einsum.R") # comment out
> # source("../R/Generics.R") # comment out
> # source("../R/Global-settings.R") # comment out
> # source("../R/Misc.R") # comment out
> # source("../R/SVD.R") # comment out
> # source("../R/Utils.R") # comment out
> # source("../R/zzz.R") # comment out
>
> # for(size in c(1E+9,1E+8,1E+7,1E+6,1E+5,1E+4,1E+3,1E+2,50,20:1)){ # comment out
> # setAutoBlockSize(size=size) # comment out
> # getAutoBlockSize() # comment out
> test_file("testthat/test_Generics.R")
══ Testing test_Generics.R ═════════════════════════════════════════════════════
[ FAIL 0 | WARN 0 | SKIP 0 | PASS 0 ]
[ FAIL 0 | WARN 0 | SKIP 0 | PASS 0 ]
[ FAIL 0 | WARN 0 | SKIP 0 | PASS 1 ]
[ FAIL 0 | WARN 0 | SKIP 0 | PASS 2 ]
[ FAIL 0 | WARN 0 | SKIP 0 | PASS 3 ]
[ FAIL 0 | WARN 0 | SKIP 0 | PASS 4 ]
[ FAIL 0 | WARN 0 | SKIP 0 | PASS 5 ]
[ FAIL 0 | WARN 0 | SKIP 0 | PASS 6 ]
[ FAIL 0 | WARN 0 | SKIP 0 | PASS 6 ]
[ FAIL 0 | WARN 0 | SKIP 0 | PASS 7 ]
[ FAIL 0 | WARN 0 | SKIP 0 | PASS 8 ]
[ FAIL 0 | WARN 0 | SKIP 0 | PASS 9 ]
[ FAIL 0 | WARN 0 | SKIP 0 | PASS 9 ]
[ FAIL 0 | WARN 0 | SKIP 0 | PASS 10 ]
[ FAIL 0 | WARN 0 | SKIP 0 | PASS 10 ]
[ FAIL 0 | WARN 0 | SKIP 0 | PASS 11 ]
[ FAIL 0 | WARN 0 | SKIP 0 | PASS 12 ]
[ FAIL 0 | WARN 0 | SKIP 0 | PASS 13 ]
[ FAIL 0 | WARN 0 | SKIP 0 | PASS 13 ]
[ FAIL 0 | WARN 0 | SKIP 0 | PASS 14 ]
[ FAIL 0 | WARN 0 | SKIP 0 | PASS 15 ]
[ FAIL 0 | WARN 0 | SKIP 0 | PASS 16 ]
[ FAIL 0 | WARN 0 | SKIP 0 | PASS 16 ]
[ FAIL 0 | WARN 0 | SKIP 0 | PASS 17 ]
[ FAIL 0 | WARN 0 | SKIP 0 | PASS 18 ]
[ FAIL 0 | WARN 0 | SKIP 0 | PASS 19 ]
[ FAIL 0 | WARN 0 | SKIP 0 | PASS 20 ]
[ FAIL 0 | WARN 0 | SKIP 0 | PASS 21 ]
[ FAIL 0 | WARN 0 | SKIP 0 | PASS 22 ]
[ FAIL 0 | WARN 0 | SKIP 0 | PASS 22 ]
[ FAIL 0 | WARN 0 | SKIP 0 | PASS 23 ]
[ FAIL 0 | WARN 0 | SKIP 0 | PASS 24 ]
[ FAIL 0 | WARN 0 | SKIP 0 | PASS 25 ]
[ FAIL 0 | WARN 0 | SKIP 0 | PASS 26 ]
[ FAIL 0 | WARN 0 | SKIP 0 | PASS 27 ]
[ FAIL 0 | WARN 0 | SKIP 0 | PASS 28 ]
[ FAIL 0 | WARN 0 | SKIP 0 | PASS 28 ]
[ FAIL 0 | WARN 0 | SKIP 0 | PASS 29 ]
[ FAIL 0 | WARN 0 | SKIP 0 | PASS 29 ]
[ FAIL 0 | WARN 0 | SKIP 0 | PASS 30 ]
[ FAIL 0 | WARN 0 | SKIP 0 | PASS 30 ]
[ FAIL 0 | WARN 0 | SKIP 0 | PASS 31 ]
[ FAIL 0 | WARN 0 | SKIP 0 | PASS 31 ]
[ FAIL 0 | WARN 0 | SKIP 0 | PASS 32 ]
[ FAIL 0 | WARN 0 | SKIP 0 | PASS 32 ]
[ FAIL 0 | WARN 0 | SKIP 0 | PASS 33 ]
[ FAIL 0 | WARN 0 | SKIP 0 | PASS 33 ]
[ FAIL 0 | WARN 0 | SKIP 0 | PASS 34 ]
[ FAIL 0 | WARN 0 | SKIP 0 | PASS 34 ]
[ FAIL 0 | WARN 0 | SKIP 0 | PASS 35 ]
[ FAIL 0 | WARN 0 | SKIP 0 | PASS 35 ]
[ FAIL 1 | WARN 0 | SKIP 0 | PASS 35 ]
── Error ('test_Generics.R:168:1'): (code run outside of `test_that()`) ────────
Error in `all.equal.numeric(x, y, tolerance = tolerance, check.attributes = check.attributes,
...)`: length(tolerance) == 1L is not TRUE
Backtrace:
▆
1. └─testthat::expect_equal(tnsr@data, tnsr2@data, as.array(darr2)) at test_Generics.R:168:1
2. ├─testthat::compare(act$val, exp$val, ...)
3. └─testthat:::compare.numeric(act$val, exp$val, ...)
4. ├─base::all.equal(...)
5. └─base::all.equal.numeric(...)
6. └─base::stopifnot(length(tolerance) == 1L)
[ FAIL 1 | WARN 0 | SKIP 0 | PASS 35 ]
> test_file("testthat/test_Misc.R")
══ Testing test_Misc.R ═════════════════════════════════════════════════════════
[ FAIL 0 | WARN 0 | SKIP 0 | PASS 0 ]
[ FAIL 0 | WARN 0 | SKIP 0 | PASS 0 ]
[ FAIL 0 | WARN 0 | SKIP 0 | PASS 1 ]
[ FAIL 0 | WARN 0 | SKIP 0 | PASS 1 ]
[ FAIL 1 | WARN 0 | SKIP 0 | PASS 1 ]
── Error ('test_Misc.R:29:1'): (code run outside of `test_that()`) ─────────────
Error in `all.equal.numeric(x, y, tolerance = tolerance, check.attributes = check.attributes,
...)`: length(tolerance) == 1L is not TRUE
Backtrace:
▆
1. └─testthat::expect_equal(...) at test_Misc.R:29:1
2. ├─testthat::compare(act$val, exp$val, ...)
3. └─testthat:::compare.numeric(act$val, exp$val, ...)
4. ├─base::all.equal(...)
5. └─base::all.equal.numeric(...)
6. └─base::stopifnot(length(tolerance) == 1L)
[ FAIL 1 | WARN 0 | SKIP 0 | PASS 1 ]
> # test_file("testthat/test_SVD.R") # comment out
> test_file("testthat/test_4thorder.R")
══ Testing test_4thorder.R ═════════════════════════════════════════════════════
[ FAIL 0 | WARN 0 | SKIP 0 | PASS 0 ]
[ FAIL 0 | WARN 0 | SKIP 0 | PASS 0 ][1] "unfold"
[ FAIL 0 | WARN 0 | SKIP 0 | PASS 1 ]
[ FAIL 0 | WARN 0 | SKIP 0 | PASS 2 ]
[ FAIL 0 | WARN 0 | SKIP 0 | PASS 3 ]
[ FAIL 0 | WARN 0 | SKIP 0 | PASS 4 ]
[ FAIL 0 | WARN 0 | SKIP 0 | PASS 5 ]
[ FAIL 0 | WARN 0 | SKIP 0 | PASS 6 ]
[ FAIL 0 | WARN 0 | SKIP 0 | PASS 7 ]
[ FAIL 0 | WARN 0 | SKIP 0 | PASS 7 ][1] "modeSum"
[ FAIL 0 | WARN 0 | SKIP 0 | PASS 8 ]
[ FAIL 0 | WARN 0 | SKIP 0 | PASS 9 ]
[ FAIL 0 | WARN 0 | SKIP 0 | PASS 10 ]
[ FAIL 0 | WARN 0 | SKIP 0 | PASS 11 ]
[ FAIL 0 | WARN 0 | SKIP 0 | PASS 12 ]
[ FAIL 0 | WARN 0 | SKIP 0 | PASS 13 ]
[ FAIL 0 | WARN 0 | SKIP 0 | PASS 14 ]
[ FAIL 0 | WARN 0 | SKIP 0 | PASS 15 ]
[ FAIL 0 | WARN 0 | SKIP 0 | PASS 15 ][1] "innerProd"
[ FAIL 0 | WARN 0 | SKIP 0 | PASS 16 ]
[ FAIL 0 | WARN 0 | SKIP 0 | PASS 16 ][1] "vec"
[ FAIL 0 | WARN 0 | SKIP 0 | PASS 17 ]
[ FAIL 0 | WARN 0 | SKIP 0 | PASS 17 ]
[ FAIL 0 | WARN 0 | SKIP 0 | PASS 18 ]
[ FAIL 0 | WARN 0 | SKIP 0 | PASS 18 ][1] "fold"
[ FAIL 1 | WARN 0 | SKIP 0 | PASS 18 ]
── Error ('test_4thorder.R:91:1'): (code run outside of `test_that()`) ─────────
Error in `all.equal.numeric(x, y, tolerance = tolerance, check.attributes = check.attributes,
...)`: length(tolerance) == 1L is not TRUE
Backtrace:
▆
1. └─testthat::expect_equal(arr4, tnsr4_2@data, as.array(darr4_2)) at test_4thorder.R:91:1
2. ├─testthat::compare(act$val, exp$val, ...)
3. └─testthat:::compare.numeric(act$val, exp$val, ...)
4. ├─base::all.equal(...)
5. └─base::all.equal.numeric(...)
6. └─base::stopifnot(length(tolerance) == 1L)
[ FAIL 1 | WARN 0 | SKIP 0 | PASS 18 ]
> test_file("testthat/test_Einsum.R")
══ Testing test_Einsum.R ═══════════════════════════════════════════════════════
[ FAIL 0 | WARN 0 | SKIP 0 | PASS 0 ]
[ FAIL 0 | WARN 0 | SKIP 0 | PASS 0 ]
[ FAIL 1 | WARN 0 | SKIP 0 | PASS 0 ]
── Error ('test_Einsum.R:4:1'): (code run outside of `test_that()`) ────────────
Error in `all.equal.numeric(x, y, tolerance = tolerance, check.attributes = check.attributes,
...)`: length(tolerance) == 1L is not TRUE
Backtrace:
▆
1. └─testthat::expect_equal(...) at test_Einsum.R:4:1
2. ├─testthat::compare(act$val, exp$val, ...)
3. └─testthat:::compare.numeric(act$val, exp$val, ...)
4. ├─base::all.equal(...)
5. └─base::all.equal.numeric(...)
6. └─base::stopifnot(length(tolerance) == 1L)
[ FAIL 1 | WARN 0 | SKIP 0 | PASS 0 ]
> # gc();gc() # comment out
> # } # comment out
>
> # setAutoBlockSize(size=1E+8)
> # test_file("testthat/test_Decomp.R")
> # test_file("testthat/test_Einsum_Py.R") # comment out
> # source("testthat/test_Verbose.R")
> # source("testthat/test_Sparse.R")
>
> # Profiling
> # source("testthat/test_SuperBig.R") # comment out
>
> proc.time()
user system elapsed
23.70 3.03 34.01
DelayedTensor.Rcheck/DelayedTensor-Ex.timings
| name | user | system | elapsed | |
| DelayedDiagonalArray | 0.11 | 0.00 | 0.11 | |
| DelayedTensor-package | 0.00 | 0.02 | 0.01 | |
| cbind_list | 0.57 | 0.25 | 0.96 | |
| cp | 160.77 | 27.79 | 330.68 | |
| cs_fold | 0.50 | 0.10 | 0.75 | |
| cs_unfold | 0.34 | 0.08 | 0.51 | |
| diag | 0.55 | 0.09 | 0.72 | |
| einsum | 1.29 | 0.17 | 1.75 | |
| fnorm | 0.11 | 0.06 | 0.17 | |
| fold | 0.57 | 0.08 | 0.81 | |
| getSparse | 0 | 0 | 0 | |
| getVerbose | 0 | 0 | 0 | |
| hadamard | 0.37 | 0.05 | 0.46 | |
| hadamard_list | 0.39 | 0.04 | 0.46 | |
| hosvd | 4.15 | 0.54 | 6.17 | |
| human_mid_brain | 0.00 | 0.00 | 0.03 | |
| innerProd | 0.16 | 0.03 | 0.19 | |
| k_fold | 0.58 | 0.07 | 0.81 | |
| k_unfold | 0.34 | 0.09 | 0.54 | |
| khatri_rao | 0.27 | 0.08 | 0.34 | |
| khatri_rao_list | 0.30 | 0.04 | 0.45 | |
| kronecker | 0.17 | 0.04 | 0.21 | |
| kronecker_list | 0.32 | 0.09 | 0.41 | |
| list_rep | 0.31 | 0.03 | 0.34 | |
| matvec | 0.31 | 0.13 | 0.57 | |
| modeMean | 1.45 | 0.36 | 2.56 | |
| modeSum | 1.35 | 0.25 | 2.11 | |
| modebind_list | 1.47 | 0.26 | 2.23 | |
| mouse_mid_brain | 0 | 0 | 0 | |
| mpca | 11.65 | 2.42 | 21.32 | |
| outerProd | 0.50 | 0.07 | 0.62 | |
| pvd | 7.13 | 1.18 | 11.33 | |
| rbind_list | 0.56 | 0.08 | 0.78 | |
| rs_fold | 0.67 | 0.07 | 0.93 | |
| rs_unfold | 0.24 | 0.13 | 0.47 | |
| setSparse | 0 | 0 | 0 | |
| setVerbose | 0 | 0 | 0 | |
| ttl | 1.21 | 0.25 | 1.81 | |
| ttm | 0.82 | 0.11 | 1.16 | |
| tucker | 24.29 | 4.83 | 43.15 | |
| unfold | 0.29 | 0.09 | 0.46 | |
| unmatvec | 0.52 | 0.09 | 0.93 | |
| vec | 0.26 | 0.07 | 0.38 | |