| Back to Multiple platform build/check report for BioC 3.20: simplified long |
|
This page was generated on 2025-04-02 19:30 -0400 (Wed, 02 Apr 2025).
| Hostname | OS | Arch (*) | R version | Installed pkgs |
|---|---|---|---|---|
| nebbiolo2 | Linux (Ubuntu 24.04.1 LTS) | x86_64 | 4.4.3 (2025-02-28) -- "Trophy Case" | 4764 |
| palomino8 | Windows Server 2022 Datacenter | x64 | 4.4.3 (2025-02-28 ucrt) -- "Trophy Case" | 4495 |
| merida1 | macOS 12.7.5 Monterey | x86_64 | 4.4.3 (2025-02-28) -- "Trophy Case" | 4522 |
| kjohnson1 | macOS 13.6.6 Ventura | arm64 | 4.4.3 (2025-02-28) -- "Trophy Case" | 4449 |
| taishan | Linux (openEuler 24.03 LTS) | aarch64 | 4.4.3 (2025-02-28) -- "Trophy Case" | 4426 |
| Click on any hostname to see more info about the system (e.g. compilers) (*) as reported by 'uname -p', except on Windows and Mac OS X | ||||
| Package 525/2289 | Hostname | OS / Arch | INSTALL | BUILD | CHECK | BUILD BIN | ||||||||
| DeepTarget 1.0.0 (landing page) Trinh Nguyen
| nebbiolo2 | Linux (Ubuntu 24.04.1 LTS) / x86_64 | OK | OK | OK | |||||||||
| palomino8 | Windows Server 2022 Datacenter / x64 | OK | ERROR | skipped | skipped | |||||||||
| merida1 | macOS 12.7.5 Monterey / x86_64 | OK | OK | OK | OK | |||||||||
| kjohnson1 | macOS 13.6.6 Ventura / arm64 | OK | OK | OK | OK | |||||||||
| taishan | Linux (openEuler 24.03 LTS) / aarch64 | OK | OK | OK | ||||||||||
|
To the developers/maintainers of the DeepTarget package: - Allow up to 24 hours (and sometimes 48 hours) for your latest push to git@git.bioconductor.org:packages/DeepTarget.git to reflect on this report. See Troubleshooting Build Report for more information. - Use the following Renviron settings to reproduce errors and warnings. - If 'R CMD check' started to fail recently on the Linux builder(s) over a missing dependency, add the missing dependency to 'Suggests:' in your DESCRIPTION file. See Renviron.bioc for more information. |
| Package: DeepTarget |
| Version: 1.0.0 |
| Command: chmod a+r DeepTarget -R && F:\biocbuild\bbs-3.20-bioc\R\bin\R.exe CMD build --keep-empty-dirs --no-resave-data DeepTarget |
| StartedAt: 2025-03-31 18:22:25 -0400 (Mon, 31 Mar 2025) |
| EndedAt: 2025-03-31 18:23:05 -0400 (Mon, 31 Mar 2025) |
| EllapsedTime: 39.8 seconds |
| RetCode: 1 |
| Status: ERROR |
| PackageFile: None |
| PackageFileSize: NA |
##############################################################################
##############################################################################
###
### Running command:
###
### chmod a+r DeepTarget -R && F:\biocbuild\bbs-3.20-bioc\R\bin\R.exe CMD build --keep-empty-dirs --no-resave-data DeepTarget
###
##############################################################################
##############################################################################
* checking for file 'DeepTarget/DESCRIPTION' ... OK
* preparing 'DeepTarget':
* checking DESCRIPTION meta-information ... OK
* installing the package to build vignettes
* creating vignettes ... ERROR
--- re-building 'DeepTarget_Vignette.Rmd' using rmarkdown
Warning in gzfile(file, "wb") :
cannot open compressed file 'DeepTarget_Vignette_cache/html/Computing a correlation between the every gene crispr KO vs each drug response for all interesting drugs_a1f98371e7b932e3338e913fca68ef40.RData', probable reason 'No such file or directory'
Quitting from DeepTarget_Vignette.Rmd:90-101 [Computing a correlation between the every gene crispr KO vs each drug response for all interesting drugs]
~~~~~~~~~~~~~~~~~~~~~~~~~~~~~~~~~~~~~~~~~~~~~~~~~~~~~~~~~~~~~~~~~~~~~~~~~~~~~~~~
<error/rlang_error>
Error in `gzfile()`:
! cannot open the connection
---
Backtrace:
▆
1. └─tools::buildVignettes(dir = ".", tangle = TRUE)
2. ├─base::tryCatch(...)
3. │ └─base (local) tryCatchList(expr, classes, parentenv, handlers)
4. │ └─base (local) tryCatchOne(expr, names, parentenv, handlers[[1L]])
5. │ └─base (local) doTryCatch(return(expr), name, parentenv, handler)
6. └─engine$weave(file, quiet = quiet, encoding = enc)
7. └─knitr:::vweave_rmarkdown(...)
8. └─rmarkdown::render(...)
9. └─knitr::knit(knit_input, knit_output, envir = envir, quiet = quiet)
10. └─knitr:::process_file(text, output)
11. ├─xfun:::handle_error(...)
12. ├─base::withCallingHandlers(...)
13. └─knitr:::process_group(group)
14. └─knitr:::call_block(x)
15. └─knitr:::block_exec(params)
16. └─knitr:::eng_r(options)
17. └─knitr:::block_cache(options, output, objs)
18. └─cache$save(objects, outname, hash, lazy = options$cache.lazy)
19. └─base::save(...)
20. └─base::gzfile(file, "wb")
~~~~~~~~~~~~~~~~~~~~~~~~~~~~~~~~~~~~~~~~~~~~~~~~~~~~~~~~~~~~~~~~~~~~~~~~~~~~~~~~
Error: processing vignette 'DeepTarget_Vignette.Rmd' failed with diagnostics:
cannot open the connection
--- failed re-building 'DeepTarget_Vignette.Rmd'
SUMMARY: processing the following file failed:
'DeepTarget_Vignette.Rmd'
Error: Vignette re-building failed.
Execution halted