| Back to Multiple platform build/check report for BioC 3.20: simplified long | 
  | 
This page was generated on 2025-04-02 19:31 -0400 (Wed, 02 Apr 2025).
| Hostname | OS | Arch (*) | R version | Installed pkgs | 
|---|---|---|---|---|
| nebbiolo2 | Linux (Ubuntu 24.04.1 LTS) | x86_64 | 4.4.3 (2025-02-28) -- "Trophy Case" | 4764 | 
| palomino8 | Windows Server 2022 Datacenter | x64 | 4.4.3 (2025-02-28 ucrt) -- "Trophy Case" | 4495 | 
| merida1 | macOS 12.7.5 Monterey | x86_64 | 4.4.3 (2025-02-28) -- "Trophy Case" | 4522 | 
| kjohnson1 | macOS 13.6.6 Ventura | arm64 | 4.4.3 (2025-02-28) -- "Trophy Case" | 4449 | 
| taishan | Linux (openEuler 24.03 LTS) | aarch64 | 4.4.3 (2025-02-28) -- "Trophy Case" | 4426 | 
| Click on any hostname to see more info about the system (e.g. compilers) (*) as reported by 'uname -p', except on Windows and Mac OS X | ||||
| Package 348/2289 | Hostname | OS / Arch | INSTALL | BUILD | CHECK | BUILD BIN | ||||||||
| ChromSCape 1.16.0  (landing page) Pacome Prompsy 
  | nebbiolo2 | Linux (Ubuntu 24.04.1 LTS) / x86_64 | OK | OK | ERROR | |||||||||
| palomino8 | Windows Server 2022 Datacenter / x64 | OK | OK | ERROR | OK | |||||||||
| merida1 | macOS 12.7.5 Monterey / x86_64 | OK | OK | ERROR | OK | |||||||||
| kjohnson1 | macOS 13.6.6 Ventura / arm64 | OK | OK | ERROR | OK | |||||||||
| taishan | Linux (openEuler 24.03 LTS) / aarch64 | OK | OK | ERROR | ||||||||||
| 
To the developers/maintainers of the ChromSCape package: - Allow up to 24 hours (and sometimes 48 hours) for your latest push to git@git.bioconductor.org:packages/ChromSCape.git to reflect on this report. See Troubleshooting Build Report for more information. - Use the following Renviron settings to reproduce errors and warnings. - If 'R CMD check' started to fail recently on the Linux builder(s) over a missing dependency, add the missing dependency to 'Suggests:' in your DESCRIPTION file. See Renviron.bioc for more information.  | 
| Package: ChromSCape | 
| Version: 1.16.0 | 
| Command: /Library/Frameworks/R.framework/Resources/bin/R CMD check --install=check:ChromSCape.install-out.txt --library=/Library/Frameworks/R.framework/Resources/library --no-vignettes --timings ChromSCape_1.16.0.tar.gz | 
| StartedAt: 2025-04-01 00:42:26 -0400 (Tue, 01 Apr 2025) | 
| EndedAt: 2025-04-01 01:02:55 -0400 (Tue, 01 Apr 2025) | 
| EllapsedTime: 1228.9 seconds | 
| RetCode: 1 | 
| Status: ERROR | 
| CheckDir: ChromSCape.Rcheck | 
| Warnings: NA | 
##############################################################################
##############################################################################
###
### Running command:
###
###   /Library/Frameworks/R.framework/Resources/bin/R CMD check --install=check:ChromSCape.install-out.txt --library=/Library/Frameworks/R.framework/Resources/library --no-vignettes --timings ChromSCape_1.16.0.tar.gz
###
##############################################################################
##############################################################################
* using log directory ‘/Users/biocbuild/bbs-3.20-bioc/meat/ChromSCape.Rcheck’
* using R version 4.4.3 (2025-02-28)
* using platform: x86_64-apple-darwin20
* R was compiled by
    Apple clang version 14.0.0 (clang-1400.0.29.202)
    GNU Fortran (GCC) 12.2.0
* running under: macOS Monterey 12.7.6
* using session charset: UTF-8
* using option ‘--no-vignettes’
* checking for file ‘ChromSCape/DESCRIPTION’ ... OK
* this is package ‘ChromSCape’ version ‘1.16.0’
* package encoding: UTF-8
* checking package namespace information ... OK
* checking package dependencies ... OK
* checking if this is a source package ... OK
* checking if there is a namespace ... OK
* checking for hidden files and directories ... NOTE
Found the following hidden files and directories:
  .BBSoptions
These were most likely included in error. See section ‘Package
structure’ in the ‘Writing R Extensions’ manual.
* checking for portable file names ... OK
* checking for sufficient/correct file permissions ... OK
* checking whether package ‘ChromSCape’ can be installed ... OK
* used C++ compiler: ‘Apple clang version 14.0.0 (clang-1400.0.29.202)’
* used SDK: ‘MacOSX11.3.sdk’
* checking installed package size ... OK
* checking package directory ... OK
* checking ‘build’ directory ... OK
* checking DESCRIPTION meta-information ... OK
* checking top-level files ... OK
* checking for left-over files ... OK
* checking index information ... OK
* checking package subdirectories ... OK
* checking code files for non-ASCII characters ... OK
* checking R files for syntax errors ... OK
* checking whether the package can be loaded ... OK
* checking whether the package can be loaded with stated dependencies ... OK
* checking whether the package can be unloaded cleanly ... OK
* checking whether the namespace can be loaded with stated dependencies ... OK
* checking whether the namespace can be unloaded cleanly ... OK
* checking whether startup messages can be suppressed ... OK
* checking dependencies in R code ... WARNING
'library' or 'require' call not declared from: ‘dplyr’
'library' or 'require' call to ‘dplyr’ in package code.
  Please use :: or requireNamespace() instead.
  See section 'Suggested packages' in the 'Writing R Extensions' manual.
* checking S3 generic/method consistency ... OK
* checking replacement functions ... OK
* checking foreign function calls ... OK
* checking R code for possible problems ... NOTE
bams_to_matrix_indexes: no visible binding for global variable
  ‘files_dir_list’
enrich_TF_ChEA3_genes: no visible binding for global variable
  ‘CheA3_TF_nTargets’
filter_correlated_cell_scExp: no visible binding for global variable
  ‘run_tsne’
generate_analysis: no visible global function definition for ‘head’
generate_analysis: no visible binding for global variable ‘k’
generate_analysis: no visible binding for global variable
  ‘clusterConsensus’
get_most_variable_cyto: no visible binding for global variable
  ‘cytoBand’
get_most_variable_cyto: no visible binding for global variable
  ‘Fri_cyto’
num_cell_after_QC_filt_scExp: no visible binding for global variable
  ‘sample_id’
num_cell_after_QC_filt_scExp: no visible binding for global variable
  ‘total_counts’
num_cell_scExp: no visible binding for global variable ‘sample_id’
num_cell_scExp: no visible binding for global variable ‘total_counts’
plot_correlation_PCA_scExp: no visible binding for global variable
  ‘Component’
plot_coverage_BigWig: no visible binding for global variable ‘molecule’
plot_coverage_BigWig: no visible binding for global variable
  ‘orientation’
plot_coverage_BigWig: no visible binding for global variable ‘Gene’
plot_gain_or_loss_barplots: no visible binding for global variable
  ‘Gain_or_Loss’
plot_gain_or_loss_barplots: no visible binding for global variable
  ‘ncells’
plot_gain_or_loss_barplots: no visible binding for global variable
  ‘cytoBand’
plot_most_contributing_features: no visible binding for global variable
  ‘genes’
plot_percent_active_feature_scExp: no visible binding for global
  variable ‘group’
plot_percent_active_feature_scExp: no visible binding for global
  variable ‘percent_active’
plot_pie_most_contributing_chr: no visible binding for global variable
  ‘absolute_value’
plot_reduced_dim_scExp: no visible binding for global variable ‘V1’
plot_reduced_dim_scExp: no visible binding for global variable ‘V2’
plot_reduced_dim_scExp: no visible binding for global variable
  ‘cluster’
plot_top_TF_scExp: no visible binding for global variable ‘TF’
rebin_helper: no visible binding for global variable ‘new_row’
rebin_helper: no visible binding for global variable ‘origin_value’
rebin_matrix: no visible binding for global variable ‘group’
subset_bam_call_peaks: no visible binding for global variable
  ‘merged_bam’
Undefined global functions or variables:
  CheA3_TF_nTargets Component Fri_cyto Gain_or_Loss Gene TF V1 V2
  absolute_value cluster clusterConsensus cytoBand files_dir_list genes
  group head k merged_bam molecule ncells new_row orientation
  origin_value percent_active run_tsne sample_id total_counts
Consider adding
  importFrom("utils", "head")
to your NAMESPACE file.
* checking Rd files ... NOTE
prepare_Rd: raw_counts_to_sparse_matrix.Rd:6-8: Dropping empty section \source
* checking Rd metadata ... OK
* checking Rd cross-references ... OK
* checking for missing documentation entries ... OK
* checking for code/documentation mismatches ... WARNING
Codoc mismatches from Rd file 'generate_analysis.Rd':
generate_analysis
  Code: function(input_data_folder, analysis_name = "Analysis_1",
                 output_directory = "./", input_data_type = c("scBED",
                 "DenseMatrix", "SparseMatrix", "scBAM")[1],
                 feature_count_on = c("bins", "genebody", "peaks")[1],
                 feature_count_parameter = 50000, rebin_sparse_matrix =
                 FALSE, ref_genome = c("hg38", "mm10")[1], run =
                 c("filter", "CNA", "cluster", "consensus", "coverage",
                 "DA", "GSA", "report")[c(1, 3, 5, 6, 7, 8)],
                 min_reads_per_cell = 1000, max_quantile_read_per_cell
                 = 99, n_top_features = 40000, norm_type = "CPM",
                 subsample_n = NULL, exclude_regions = NULL, n_clust =
                 NULL, corr_threshold = 99, percent_correlation = 1,
                 maxK = 10, qval.th = 0.1, logFC.th = 1,
                 enrichment_qval = 0.1, doBatchCorr = FALSE, batch_sels
                 = NULL, control_samples_CNA = NULL, genes_to_plot =
                 c("Krt8", "Krt5", "Tgfb1", "Foxq1", "Cdkn2b",
                 "Cdkn2a", "chr7:15000000-20000000"))
  Docs: function(input_data_folder, analysis_name = "Analysis_1",
                 output_directory = "./", input_data_type = c("scBED",
                 "DenseMatrix", "SparseMatrix", "scBAM")[1],
                 rebin_sparse_matrix = FALSE, feature_count_on =
                 c("bins", "genebody", "peaks")[1],
                 feature_count_parameter = 50000, ref_genome =
                 c("hg38", "mm10")[1], run = c("filter", "CNA",
                 "cluster", "consensus", "peak_call", "coverage", "DA",
                 "GSA", "report")[c(1, 3, 6, 7, 8, 9)],
                 min_reads_per_cell = 1000, max_quantile_read_per_cell
                 = 99, n_top_features = 40000, norm_type = "CPM",
                 subsample_n = NULL, exclude_regions = NULL, n_clust =
                 NULL, corr_threshold = 99, percent_correlation = 1,
                 maxK = 10, qval.th = 0.1, logFC.th = 1,
                 enrichment_qval = 0.1, doBatchCorr = FALSE, batch_sels
                 = NULL, control_samples_CNA = NULL, genes_to_plot =
                 c("Krt8", "Krt5", "Tgfb1", "Foxq1", "Cdkn2b",
                 "Cdkn2a", "chr7:15000000-20000000"))
  Mismatches in argument names:
    Position: 5 Code: feature_count_on Docs: rebin_sparse_matrix
    Position: 6 Code: feature_count_parameter Docs: feature_count_on
    Position: 7 Code: rebin_sparse_matrix Docs: feature_count_parameter
  Mismatches in argument default values:
    Name: 'run'
    Code: c("filter", "CNA", "cluster", "consensus", "coverage", "DA", 
          "GSA", "report")[c(1, 3, 5, 6, 7, 8)]
    Docs: c("filter", "CNA", "cluster", "consensus", "peak_call", "coverage", 
          "DA", "GSA", "report")[c(1, 3, 6, 7, 8, 9)]
* checking Rd \usage sections ... WARNING
Undocumented arguments in Rd file 'rebin_matrix.Rd'
  ‘rebin_function’
Functions with \usage entries need to have the appropriate \alias
entries, and all their arguments documented.
The \usage entries must correspond to syntactically valid R code.
See chapter ‘Writing R documentation files’ in the ‘Writing R
Extensions’ manual.
* checking Rd contents ... OK
* checking for unstated dependencies in examples ... OK
* checking contents of ‘data’ directory ... OK
* checking data for non-ASCII characters ... OK
* checking data for ASCII and uncompressed saves ... OK
* checking line endings in C/C++/Fortran sources/headers ... OK
* checking compiled code ... NOTE
Note: information on .o files is not available
* checking files in ‘vignettes’ ... OK
* checking examples ... ERROR
Running examples in ‘ChromSCape-Ex.R’ failed
The error most likely occurred in:
> base::assign(".ptime", proc.time(), pos = "CheckExEnv")
> ### Name: get_pathway_mat_scExp
> ### Title: Get pathway matrix
> ### Aliases: get_pathway_mat_scExp
> 
> ### ** Examples
> 
> data(scExp)
> mat = get_pathway_mat_scExp(scExp, pathways = "KEGG_T_CELL_RECEPTOR_SIGNALING_PATHWAY")
ChromSCape::gene_set_enrichment_analysis_scExp - Loading hg38 MSigDB gene sets.
The 'msigdbdf' package must be installed to access the full dataset.
Please run the following command to install the 'msigdbdf' package:
install.packages('msigdbdf', repos = 'https://igordot.r-universe.dev')
Error in `msigdbr::msigdbr("Homo sapiens")[, columns]`:
! Can't subset columns that don't exist.
✖ Column `gs_cat` doesn't exist.
Backtrace:
     ▆
  1. ├─ChromSCape::get_pathway_mat_scExp(scExp, pathways = "KEGG_T_CELL_RECEPTOR_SIGNALING_PATHWAY")
  2. │ └─ChromSCape:::load_MSIGdb(ref, GeneSetClasses)
  3. │   ├─msigdbr::msigdbr("Homo sapiens")[, columns]
  4. │   └─tibble:::`[.tbl_df`(msigdbr::msigdbr("Homo sapiens"), , columns)
  5. │     └─tibble:::vectbl_as_col_location(...)
  6. │       ├─tibble:::subclass_col_index_errors(...)
  7. │       │ └─base::withCallingHandlers(...)
  8. │       └─vctrs::vec_as_location(j, n, names, missing = "error", call = call)
  9. └─vctrs (local) `<fn>`()
 10.   └─vctrs:::stop_subscript_oob(...)
 11.     └─vctrs:::stop_subscript(...)
 12.       └─rlang::abort(...)
Execution halted
* checking for unstated dependencies in ‘tests’ ... OK
* checking tests ...
  Running ‘testthat.R’
 OK
* checking for unstated dependencies in vignettes ... OK
* checking package vignettes ... OK
* checking running R code from vignettes ... SKIPPED
* checking re-building of vignette outputs ... SKIPPED
* checking PDF version of manual ... OK
* DONE
Status: 1 ERROR, 3 WARNINGs, 4 NOTEs
See
  ‘/Users/biocbuild/bbs-3.20-bioc/meat/ChromSCape.Rcheck/00check.log’
for details.
ChromSCape.Rcheck/00install.out
############################################################################## ############################################################################## ### ### Running command: ### ### /Library/Frameworks/R.framework/Resources/bin/R CMD INSTALL ChromSCape ### ############################################################################## ############################################################################## * installing to library ‘/Library/Frameworks/R.framework/Versions/4.4-x86_64/Resources/library’ * installing *source* package ‘ChromSCape’ ... ** using staged installation ** libs using C++ compiler: ‘Apple clang version 14.0.0 (clang-1400.0.29.202)’ using SDK: ‘MacOSX11.3.sdk’ clang++ -arch x86_64 -std=gnu++17 -I"/Library/Frameworks/R.framework/Resources/include" -DNDEBUG -I'/Library/Frameworks/R.framework/Versions/4.4-x86_64/Resources/library/Rcpp/include' -I/opt/R/x86_64/include -fPIC -falign-functions=64 -Wall -g -O2 -c RcppExports.cpp -o RcppExports.o clang++ -arch x86_64 -std=gnu++17 -I"/Library/Frameworks/R.framework/Resources/include" -DNDEBUG -I'/Library/Frameworks/R.framework/Versions/4.4-x86_64/Resources/library/Rcpp/include' -I/opt/R/x86_64/include -fPIC -falign-functions=64 -Wall -g -O2 -c as_dist.cpp -o as_dist.o clang++ -arch x86_64 -std=gnu++17 -dynamiclib -Wl,-headerpad_max_install_names -undefined dynamic_lookup -L/Library/Frameworks/R.framework/Resources/lib -L/opt/R/x86_64/lib -o ChromSCape.so RcppExports.o as_dist.o -F/Library/Frameworks/R.framework/.. -framework R -Wl,-framework -Wl,CoreFoundation installing to /Library/Frameworks/R.framework/Versions/4.4-x86_64/Resources/library/00LOCK-ChromSCape/00new/ChromSCape/libs ** R ** data ** inst ** byte-compile and prepare package for lazy loading ** help *** installing help indices ** building package indices ** installing vignettes ** testing if installed package can be loaded from temporary location ** checking absolute paths in shared objects and dynamic libraries ** testing if installed package can be loaded from final location ** testing if installed package keeps a record of temporary installation path * DONE (ChromSCape)
ChromSCape.Rcheck/tests/testthat.Rout
R version 4.4.3 (2025-02-28) -- "Trophy Case"
Copyright (C) 2025 The R Foundation for Statistical Computing
Platform: x86_64-apple-darwin20
R is free software and comes with ABSOLUTELY NO WARRANTY.
You are welcome to redistribute it under certain conditions.
Type 'license()' or 'licence()' for distribution details.
R is a collaborative project with many contributors.
Type 'contributors()' for more information and
'citation()' on how to cite R or R packages in publications.
Type 'demo()' for some demos, 'help()' for on-line help, or
'help.start()' for an HTML browser interface to help.
Type 'q()' to quit R.
> library(testthat)
> library(ChromSCape)
> 
> test_check("ChromSCape")
[ FAIL 0 | WARN 2 | SKIP 0 | PASS 11 ]
[ FAIL 0 | WARN 2 | SKIP 0 | PASS 11 ]
> 
> proc.time()
   user  system elapsed 
 62.840   4.550  83.125 
ChromSCape.Rcheck/ChromSCape-Ex.timings
| name | user | system | elapsed | |
| CheA3_TF_nTargets | 0.014 | 0.004 | 0.019 | |
| CompareWilcox | 7.832 | 0.735 | 8.114 | |
| CompareedgeRGLM | 9.360 | 0.472 | 10.248 | |
| annotToCol2 | 3.244 | 0.311 | 3.716 | |
| calculate_CNA | 56.249 | 4.264 | 63.085 | |
| calculate_cyto_mat | 53.439 | 1.873 | 58.172 | |
| calculate_gain_or_loss | 53.575 | 1.699 | 59.280 | |
| calculate_logRatio_CNA | 52.070 | 1.974 | 58.165 | |
| choose_cluster_scExp | 6.541 | 0.474 | 7.638 | |
| colors_scExp | 0.613 | 0.012 | 0.686 | |
| consensus_clustering_scExp | 5.914 | 0.449 | 6.626 | |
| correlation_and_hierarchical_clust_scExp | 0.680 | 0.012 | 0.744 | |
| create_project_folder | 0.002 | 0.005 | 0.007 | |
| create_scDataset_raw | 9.808 | 0.729 | 11.698 | |
| create_scExp | 1.064 | 0.038 | 1.274 | |
| define_feature | 0.290 | 0.007 | 0.337 | |
| detect_samples | 1.238 | 0.063 | 1.533 | |
| differential_activation | 12.757 | 0.067 | 14.369 | |
| differential_analysis_scExp | 6.725 | 0.043 | 8.349 | |
| enrich_TF_ChEA3_genes | 0.989 | 0.408 | 2.467 | |
| enrich_TF_ChEA3_scExp | 1.973 | 0.110 | 5.508 | |
| exclude_features_scExp | 1.043 | 0.013 | 1.282 | |
| feature_annotation_scExp | 3.127 | 0.082 | 3.944 | |
| filter_correlated_cell_scExp | 11.300 | 0.119 | 14.084 | |
| filter_scExp | 1.268 | 0.010 | 1.553 | |
| find_clusters_louvain_scExp | 0.666 | 0.010 | 0.810 | |
| find_top_features | 0.647 | 0.009 | 0.762 | |
| gene_set_enrichment_analysis_scExp | 0.423 | 0.008 | 0.515 | |
| generate_analysis | 0.000 | 0.001 | 0.001 | |
| generate_coverage_tracks | 0.001 | 0.000 | 0.000 | |
| generate_report | 0.000 | 0.001 | 0.001 | |
| getExperimentNames | 0.496 | 0.010 | 0.634 | |
| getMainExperiment | 0.589 | 0.014 | 0.842 | |
| get_cyto_features | 48.869 | 0.237 | 58.720 | |
| get_genomic_coordinates | 0.880 | 0.007 | 1.094 | |
| get_most_variable_cyto | 51.739 | 0.280 | 63.578 | |