| Back to Multiple platform build/check report for BioC 3.20: simplified long |
|
This page was generated on 2024-11-20 12:06 -0500 (Wed, 20 Nov 2024).
| Hostname | OS | Arch (*) | R version | Installed pkgs |
|---|---|---|---|---|
| teran2 | Linux (Ubuntu 24.04.1 LTS) | x86_64 | 4.4.2 (2024-10-31) -- "Pile of Leaves" | 4481 |
| nebbiolo2 | Linux (Ubuntu 24.04.1 LTS) | x86_64 | 4.4.2 (2024-10-31) -- "Pile of Leaves" | 4479 |
| palomino8 | Windows Server 2022 Datacenter | x64 | 4.4.2 (2024-10-31 ucrt) -- "Pile of Leaves" | 4359 |
| lconway | macOS 12.7.1 Monterey | x86_64 | 4.4.1 (2024-06-14) -- "Race for Your Life" | 4539 |
| kunpeng2 | Linux (openEuler 22.03 LTS-SP1) | aarch64 | 4.4.1 (2024-06-14) -- "Race for Your Life" | 4493 |
| Click on any hostname to see more info about the system (e.g. compilers) (*) as reported by 'uname -p', except on Windows and Mac OS X | ||||
| Package 338/2289 | Hostname | OS / Arch | INSTALL | BUILD | CHECK | BUILD BIN | ||||||||
| ChIPQC 1.42.0 (landing page) Tom Carroll
| teran2 | Linux (Ubuntu 24.04.1 LTS) / x86_64 | OK | OK | OK | |||||||||
| nebbiolo2 | Linux (Ubuntu 24.04.1 LTS) / x86_64 | OK | OK | OK | ||||||||||
| palomino8 | Windows Server 2022 Datacenter / x64 | OK | OK | OK | OK | |||||||||
| lconway | macOS 12.7.1 Monterey / x86_64 | OK | OK | WARNINGS | OK | |||||||||
| kunpeng2 | Linux (openEuler 22.03 LTS-SP1) / aarch64 | OK | OK | WARNINGS | ||||||||||
|
To the developers/maintainers of the ChIPQC package: - Allow up to 24 hours (and sometimes 48 hours) for your latest push to git@git.bioconductor.org:packages/ChIPQC.git to reflect on this report. See Troubleshooting Build Report for more information. - Use the following Renviron settings to reproduce errors and warnings. - If 'R CMD check' started to fail recently on the Linux builder(s) over a missing dependency, add the missing dependency to 'Suggests:' in your DESCRIPTION file. See Renviron.bioc for more information. |
| Package: ChIPQC |
| Version: 1.42.0 |
| Command: /Library/Frameworks/R.framework/Resources/bin/R CMD check --install=check:ChIPQC.install-out.txt --library=/Library/Frameworks/R.framework/Resources/library --no-vignettes --timings ChIPQC_1.42.0.tar.gz |
| StartedAt: 2024-11-19 20:30:02 -0500 (Tue, 19 Nov 2024) |
| EndedAt: 2024-11-19 20:39:30 -0500 (Tue, 19 Nov 2024) |
| EllapsedTime: 567.7 seconds |
| RetCode: 0 |
| Status: WARNINGS |
| CheckDir: ChIPQC.Rcheck |
| Warnings: 1 |
##############################################################################
##############################################################################
###
### Running command:
###
### /Library/Frameworks/R.framework/Resources/bin/R CMD check --install=check:ChIPQC.install-out.txt --library=/Library/Frameworks/R.framework/Resources/library --no-vignettes --timings ChIPQC_1.42.0.tar.gz
###
##############################################################################
##############################################################################
* using log directory ‘/Users/biocbuild/bbs-3.20-bioc/meat/ChIPQC.Rcheck’
* using R version 4.4.1 (2024-06-14)
* using platform: x86_64-apple-darwin20
* R was compiled by
Apple clang version 14.0.0 (clang-1400.0.29.202)
GNU Fortran (GCC) 12.2.0
* running under: macOS Monterey 12.7.6
* using session charset: UTF-8
* using option ‘--no-vignettes’
* checking for file ‘ChIPQC/DESCRIPTION’ ... OK
* checking extension type ... Package
* this is package ‘ChIPQC’ version ‘1.42.0’
* checking package namespace information ... OK
* checking package dependencies ...Warning: unable to access index for repository https://CRAN.R-project.org/src/contrib:
cannot open URL 'https://CRAN.R-project.org/src/contrib/PACKAGES'
OK
* checking if this is a source package ... OK
* checking if there is a namespace ... OK
* checking for hidden files and directories ... OK
* checking for portable file names ... OK
* checking for sufficient/correct file permissions ... OK
* checking whether package ‘ChIPQC’ can be installed ... OK
* checking installed package size ... OK
* checking package directory ... OK
* checking ‘build’ directory ... OK
* checking DESCRIPTION meta-information ... OK
* checking top-level files ... OK
* checking for left-over files ... OK
* checking index information ... OK
* checking package subdirectories ... OK
* checking code files for non-ASCII characters ... OK
* checking R files for syntax errors ... OK
* checking whether the package can be loaded ... OK
* checking whether the package can be loaded with stated dependencies ... OK
* checking whether the package can be unloaded cleanly ... OK
* checking whether the namespace can be loaded with stated dependencies ... OK
* checking whether the namespace can be unloaded cleanly ... OK
* checking dependencies in R code ... NOTE
Package in Depends field not imported from: ‘BiocParallel’
These packages need to be imported from (in the NAMESPACE file)
for when this namespace is loaded but not attached.
Unexported object imported by a ':::' call: ‘S4Vectors:::tabulate2’
See the note in ?`:::` about the use of this operator.
* checking S3 generic/method consistency ... OK
* checking replacement functions ... OK
* checking foreign function calls ... NOTE
Foreign function call to a different package:
.Call("rle_sum_any", ..., PACKAGE = "chipseq")
See chapter ‘System and foreign language interfaces’ in the ‘Writing R
Extensions’ manual.
* checking R code for possible problems ... NOTE
ChIPQC: no visible global function definition for ‘is’
ChIPQC: no visible global function definition for ‘multicoreWorkers’
ChIPQC: no visible global function definition for ‘snowWorkers’
GetGRanges: no visible global function definition for ‘seqlevels<-’
findCovMaxPos: no visible global function definition for ‘seqlengths’
findCovMaxPos: no visible global function definition for ‘seqlengths<-’
getAnnotation: no visible binding for global variable
‘TxDb.Hsapiens.UCSC.hg38.knownGene’
getAnnotation: no visible global function definition for ‘seqlengths’
makeCCplot: no visible binding for global variable ‘Shift_Size’
makeCCplot: no visible binding for global variable ‘CC_Score’
makeCoveragePlot: no visible binding for global variable ‘Depth’
makeCoveragePlot: no visible binding for global variable ‘log10_bp’
makeCoveragePlot: no visible binding for global variable ‘Sample’
makeFriblPlot: no visible binding for global variable ‘Sample’
makeFriblPlot: no visible binding for global variable ‘FRIBL’
makeFriblPlot: no visible binding for global variable ‘Reads’
makeFripPlot: no visible binding for global variable ‘Sample’
makeFripPlot: no visible binding for global variable ‘FRIP’
makeFripPlot: no visible binding for global variable ‘Reads’
makePeakProfilePlot: no visible binding for global variable ‘Distance’
makePeakProfilePlot: no visible binding for global variable ‘Signal’
makeRapPlot: no visible binding for global variable ‘Sample’
makeRapPlot: no visible binding for global variable ‘CountsInPeaks’
makeRegiPlot: no visible binding for global variable ‘Sample’
makeRegiPlot: no visible binding for global variable ‘GenomicIntervals’
makeRegiPlot: no visible binding for global variable ‘log2_Enrichment’
makeSSDPlot: no visible binding for global variable ‘Sample’
makeSSDPlot: no visible binding for global variable ‘SSD’
makeSSDPlot: no visible global function definition for ‘geom_point’
sampleQC: no visible global function definition for ‘seqlevels<-’
plotCC,ChIPQCexperiment: no visible binding for global variable
‘Sample’
plotCC,list: no visible binding for global variable ‘Sample’
plotPeakProfile,ChIPQCexperiment: no visible binding for global
variable ‘Sample’
plotPeakProfile,list: no visible binding for global variable ‘Sample’
Undefined global functions or variables:
CC_Score CountsInPeaks Depth Distance FRIBL FRIP GenomicIntervals
Reads SSD Sample Shift_Size Signal TxDb.Hsapiens.UCSC.hg38.knownGene
geom_point is log10_bp log2_Enrichment multicoreWorkers seqlengths
seqlengths<- seqlevels<- snowWorkers
Consider adding
importFrom("methods", "is")
importFrom("stats", "SSD")
to your NAMESPACE file (and ensure that your DESCRIPTION Imports field
contains 'methods').
* checking Rd files ... NOTE
checkRd: (-1) ChIPQC.Rd:23: Lost braces in \itemize; meant \describe ?
checkRd: (-1) ChIPQC.Rd:24: Lost braces in \itemize; meant \describe ?
checkRd: (-1) ChIPQC.Rd:25: Lost braces in \itemize; meant \describe ?
checkRd: (-1) ChIPQC.Rd:26: Lost braces in \itemize; meant \describe ?
checkRd: (-1) ChIPQC.Rd:27: Lost braces in \itemize; meant \describe ?
checkRd: (-1) ChIPQC.Rd:28: Lost braces in \itemize; meant \describe ?
checkRd: (-1) ChIPQC.Rd:29: Lost braces in \itemize; meant \describe ?
checkRd: (-1) ChIPQC.Rd:30: Lost braces in \itemize; meant \describe ?
checkRd: (-1) ChIPQC.Rd:31: Lost braces in \itemize; meant \describe ?
checkRd: (-1) ChIPQC.Rd:32: Lost braces in \itemize; meant \describe ?
checkRd: (-1) ChIPQC.Rd:33: Lost braces in \itemize; meant \describe ?
checkRd: (-1) ChIPQC.Rd:35: Lost braces in \itemize; meant \describe ?
checkRd: (-1) ChIPQC.Rd:36: Lost braces in \itemize; meant \describe ?
checkRd: (-1) ChIPQC.Rd:37: Lost braces in \itemize; meant \describe ?
checkRd: (-1) ChIPQC.Rd:38: Lost braces in \itemize; meant \describe ?
checkRd: (-1) ChIPQC.Rd:39: Lost braces in \itemize; meant \describe ?
checkRd: (-1) ChIPQC.Rd:40: Lost braces in \itemize; meant \describe ?
checkRd: (-1) ChIPQC.Rd:41: Lost braces in \itemize; meant \describe ?
checkRd: (-1) ChIPQC.Rd:43-44: Lost braces in \itemize; meant \describe ?
checkRd: (-1) ChIPQC.Rd:45: Lost braces in \itemize; meant \describe ?
checkRd: (-1) ChIPQC.Rd:46: Lost braces in \itemize; meant \describe ?
checkRd: (-1) ChIPQC.Rd:55: Lost braces in \itemize; meant \describe ?
checkRd: (-1) ChIPQC.Rd:56: Lost braces in \itemize; meant \describe ?
checkRd: (-1) ChIPQC.Rd:57: Lost braces in \itemize; meant \describe ?
checkRd: (-1) ChIPQC.Rd:58: Lost braces in \itemize; meant \describe ?
checkRd: (-1) ChIPQC.Rd:59: Lost braces in \itemize; meant \describe ?
checkRd: (-1) ChIPQC.Rd:60: Lost braces in \itemize; meant \describe ?
checkRd: (-1) ChIPQC.Rd:61: Lost braces in \itemize; meant \describe ?
checkRd: (-1) ChIPQCsample-class.Rd:25: Lost braces in \itemize; meant \describe ?
checkRd: (-1) ChIPQCsample-class.Rd:26-27: Lost braces in \itemize; meant \describe ?
checkRd: (-1) ChIPQCsample-class.Rd:29-45: Lost braces in \itemize; meant \describe ?
checkRd: (-1) ChIPQCsample-class.Rd:47-49: Lost braces in \itemize; meant \describe ?
checkRd: (-1) ChIPQCsample-class.Rd:50-52: Lost braces in \itemize; meant \describe ?
checkRd: (-1) ChIPQCsample-class.Rd:53-55: Lost braces in \itemize; meant \describe ?
checkRd: (-1) ChIPQCsample-class.Rd:56-58: Lost braces in \itemize; meant \describe ?
checkRd: (-1) ChIPQCsample-class.Rd:59-61: Lost braces in \itemize; meant \describe ?
checkRd: (-1) ChIPQCsample-class.Rd:62-64: Lost braces in \itemize; meant \describe ?
checkRd: (-1) ChIPQCsample-class.Rd:65-67: Lost braces in \itemize; meant \describe ?
checkRd: (-1) ChIPQCsample-class.Rd:68-70: Lost braces in \itemize; meant \describe ?
* checking Rd metadata ... OK
* checking Rd cross-references ... OK
* checking for missing documentation entries ... OK
* checking for code/documentation mismatches ... OK
* checking Rd \usage sections ... OK
* checking Rd contents ... OK
* checking for unstated dependencies in examples ... OK
* checking contents of ‘data’ directory ... OK
* checking data for non-ASCII characters ... WARNING
Error loading dataset 'exampleExp':
Error in .requirePackage(package) :
unable to find required package 'ChIPQC'
Error loading dataset 'tamoxifen':
Error in .requirePackage(package) :
unable to find required package 'ChIPQC'
The dataset(s) may use package(s) not declared in Depends/Imports.
* checking data for ASCII and uncompressed saves ... OK
* checking sizes of PDF files under ‘inst/doc’ ... OK
* checking installed files from ‘inst/doc’ ... OK
* checking files in ‘vignettes’ ... OK
* checking examples ... OK
Examples with CPU (user + system) or elapsed time > 5s
user system elapsed
ChIPQCreport 15.06 0.313 15.409
* checking for unstated dependencies in vignettes ... OK
* checking package vignettes ... OK
* checking running R code from vignettes ... SKIPPED
* checking re-building of vignette outputs ... SKIPPED
* checking PDF version of manual ... OK
* DONE
Status: 1 WARNING, 4 NOTEs
See
‘/Users/biocbuild/bbs-3.20-bioc/meat/ChIPQC.Rcheck/00check.log’
for details.
ChIPQC.Rcheck/00install.out
############################################################################## ############################################################################## ### ### Running command: ### ### /Library/Frameworks/R.framework/Resources/bin/R CMD INSTALL ChIPQC ### ############################################################################## ############################################################################## * installing to library ‘/Library/Frameworks/R.framework/Versions/4.4-x86_64/Resources/library’ * installing *source* package ‘ChIPQC’ ... ** using staged installation ** R ** data ** inst ** byte-compile and prepare package for lazy loading ** help *** installing help indices ** building package indices ** installing vignettes ** testing if installed package can be loaded from temporary location ** testing if installed package can be loaded from final location ** testing if installed package keeps a record of temporary installation path * DONE (ChIPQC)
ChIPQC.Rcheck/ChIPQC-Ex.timings
| name | user | system | elapsed | |
| ChIPQC-data | 0.853 | 0.054 | 0.910 | |
| ChIPQC | 0.295 | 0.011 | 0.308 | |
| ChIPQCexperiment-class | 0.263 | 0.006 | 0.270 | |
| ChIPQCreport | 15.060 | 0.313 | 15.409 | |
| ChIPQCsample-class | 0.713 | 0.034 | 0.751 | |
| FragmentLengthCrossCoverage-methods | 0.051 | 0.008 | 0.058 | |
| Normalisedaveragepeaksignal-methods | 0.018 | 0.009 | 0.027 | |
| QCannotation-methods | 0.011 | 0.008 | 0.019 | |
| QCcontrol-methods | 0.135 | 0.010 | 0.145 | |
| QCdba-methods | 0.077 | 0.008 | 0.085 | |
| QCmetadata-methods | 0.081 | 0.010 | 0.091 | |
| QCmetrics-methods | 0.247 | 0.017 | 0.263 | |
| QCsample-methods | 0.037 | 0.008 | 0.045 | |
| ReadLengthCrossCoverage-methods | 0.011 | 0.008 | 0.018 | |
| RelativeCrossCoverage-methods | 0.035 | 0.007 | 0.043 | |
| averagepeaksignal-methods | 0.020 | 0.008 | 0.029 | |
| coveragehistogram-methods | 0.019 | 0.008 | 0.028 | |
| crosscoverage-methods | 0.016 | 0.008 | 0.025 | |
| duplicateRate-methods | 0.011 | 0.007 | 0.018 | |
| duplicates-methods | 0.011 | 0.008 | 0.020 | |
| flagtagcounts-methods | 0.011 | 0.008 | 0.019 | |
| fragmentlength-methods | 0.039 | 0.007 | 0.048 | |
| frip-methods | 0.011 | 0.007 | 0.019 | |
| mapped-methods | 0.011 | 0.007 | 0.019 | |
| peaks-methods | 0.103 | 0.008 | 0.110 | |
| plotCC-methods | 0.674 | 0.014 | 0.688 | |
| plotCorHeatmap-methods | 0.134 | 0.015 | 0.149 | |
| plotCoverageHist-methods | 0.333 | 0.012 | 0.347 | |
| plotFribl-methods | 0.332 | 0.009 | 0.343 | |
| plotFrip-methods | 0.344 | 0.009 | 0.354 | |
| plotPeakProfile-methods | 0.821 | 0.030 | 0.855 | |
| plotPrincomp-methods | 0.153 | 0.009 | 0.163 | |
| plotRap-methods | 0.544 | 0.023 | 0.570 | |
| plotRegi-methods | 0.709 | 0.020 | 0.731 | |
| plotSSD-methods | 0.844 | 0.022 | 0.869 | |
| readlength-methods | 0.012 | 0.007 | 0.019 | |
| reads-methods | 0.012 | 0.008 | 0.019 | |
| regi-methods | 0.029 | 0.008 | 0.037 | |
| ribl-methods | 0.010 | 0.008 | 0.018 | |
| rip-methods | 0.011 | 0.007 | 0.018 | |
| ssd-methods | 0.012 | 0.007 | 0.019 | |