| Back to Multiple platform build/check report for BioC 3.20: simplified long |
|
This page was generated on 2025-04-02 19:28 -0400 (Wed, 02 Apr 2025).
| Hostname | OS | Arch (*) | R version | Installed pkgs |
|---|---|---|---|---|
| nebbiolo2 | Linux (Ubuntu 24.04.1 LTS) | x86_64 | 4.4.3 (2025-02-28) -- "Trophy Case" | 4764 |
| palomino8 | Windows Server 2022 Datacenter | x64 | 4.4.3 (2025-02-28 ucrt) -- "Trophy Case" | 4495 |
| merida1 | macOS 12.7.5 Monterey | x86_64 | 4.4.3 (2025-02-28) -- "Trophy Case" | 4522 |
| kjohnson1 | macOS 13.6.6 Ventura | arm64 | 4.4.3 (2025-02-28) -- "Trophy Case" | 4449 |
| taishan | Linux (openEuler 24.03 LTS) | aarch64 | 4.4.3 (2025-02-28) -- "Trophy Case" | 4426 |
| Click on any hostname to see more info about the system (e.g. compilers) (*) as reported by 'uname -p', except on Windows and Mac OS X | ||||
| Package 280/2289 | Hostname | OS / Arch | INSTALL | BUILD | CHECK | BUILD BIN | ||||||||
| CatsCradle 1.0.1 (landing page) Michael Shapiro
| nebbiolo2 | Linux (Ubuntu 24.04.1 LTS) / x86_64 | OK | OK | WARNINGS | |||||||||
| palomino8 | Windows Server 2022 Datacenter / x64 | OK | OK | WARNINGS | OK | |||||||||
| merida1 | macOS 12.7.5 Monterey / x86_64 | OK | OK | WARNINGS | OK | |||||||||
| kjohnson1 | macOS 13.6.6 Ventura / arm64 | OK | OK | WARNINGS | OK | |||||||||
| taishan | Linux (openEuler 24.03 LTS) / aarch64 | OK | OK | WARNINGS | ||||||||||
|
To the developers/maintainers of the CatsCradle package: - Allow up to 24 hours (and sometimes 48 hours) for your latest push to git@git.bioconductor.org:packages/CatsCradle.git to reflect on this report. See Troubleshooting Build Report for more information. - Use the following Renviron settings to reproduce errors and warnings. - If 'R CMD check' started to fail recently on the Linux builder(s) over a missing dependency, add the missing dependency to 'Suggests:' in your DESCRIPTION file. See Renviron.bioc for more information. |
| Package: CatsCradle |
| Version: 1.0.1 |
| Command: /home/biocbuild/bbs-3.20-bioc/R/bin/R CMD check --install=check:CatsCradle.install-out.txt --library=/home/biocbuild/bbs-3.20-bioc/R/site-library --timings CatsCradle_1.0.1.tar.gz |
| StartedAt: 2025-03-31 20:30:13 -0400 (Mon, 31 Mar 2025) |
| EndedAt: 2025-03-31 20:45:12 -0400 (Mon, 31 Mar 2025) |
| EllapsedTime: 898.9 seconds |
| RetCode: 0 |
| Status: WARNINGS |
| CheckDir: CatsCradle.Rcheck |
| Warnings: 2 |
##############################################################################
##############################################################################
###
### Running command:
###
### /home/biocbuild/bbs-3.20-bioc/R/bin/R CMD check --install=check:CatsCradle.install-out.txt --library=/home/biocbuild/bbs-3.20-bioc/R/site-library --timings CatsCradle_1.0.1.tar.gz
###
##############################################################################
##############################################################################
* using log directory ‘/home/biocbuild/bbs-3.20-bioc/meat/CatsCradle.Rcheck’
* using R version 4.4.3 (2025-02-28)
* using platform: x86_64-pc-linux-gnu
* R was compiled by
gcc (Ubuntu 13.3.0-6ubuntu2~24.04) 13.3.0
GNU Fortran (Ubuntu 13.3.0-6ubuntu2~24.04) 13.3.0
* running under: Ubuntu 24.04.2 LTS
* using session charset: UTF-8
* checking for file ‘CatsCradle/DESCRIPTION’ ... OK
* this is package ‘CatsCradle’ version ‘1.0.1’
* package encoding: UTF-8
* checking package namespace information ... OK
* checking package dependencies ... OK
* checking if this is a source package ... OK
* checking if there is a namespace ... OK
* checking for hidden files and directories ... OK
* checking for portable file names ... OK
* checking for sufficient/correct file permissions ... OK
* checking whether package ‘CatsCradle’ can be installed ... OK
* checking installed package size ... OK
* checking package directory ... OK
* checking ‘build’ directory ... OK
* checking DESCRIPTION meta-information ... OK
* checking top-level files ... OK
* checking for left-over files ... OK
* checking index information ... OK
* checking package subdirectories ... OK
* checking code files for non-ASCII characters ... OK
* checking R files for syntax errors ... OK
* checking whether the package can be loaded ... OK
* checking whether the package can be loaded with stated dependencies ... OK
* checking whether the package can be unloaded cleanly ... OK
* checking whether the namespace can be loaded with stated dependencies ... OK
* checking whether the namespace can be unloaded cleanly ... OK
* checking loading without being on the library search path ... OK
* checking dependencies in R code ... OK
* checking S3 generic/method consistency ... OK
* checking replacement functions ... OK
* checking foreign function calls ... OK
* checking R code for possible problems ... NOTE
edgeLengthPlot: no visible binding for global variable ‘cellTypePair’
edgeLengthPlot: no visible binding for global variable ‘cutoff’
make.getExample : getExample: no visible binding for global variable
‘seuratGenes’
make.getExample : getExample: no visible binding for global variable
‘seuratCells’
make.getExample : getExample: no visible binding for global variable
‘xeniumCells’
make.getExample : getExample: no visible binding for global variable
‘moransI’
make.getExample : getExample: no visible binding for global variable
‘moransILigandReceptor’
make.getExample : getExample: no visible binding for global variable
‘humanLRN’
make.getExample : getExample: no visible binding for global variable
‘mouseLRN’
meanGeneClusterOnCellUMAP: no visible binding for global variable
‘UMAP_1’
meanGeneClusterOnCellUMAP: no visible binding for global variable
‘UMAP_2’
Undefined global functions or variables:
UMAP_1 UMAP_2 cellTypePair cutoff humanLRN moransI
moransILigandReceptor mouseLRN seuratCells seuratGenes xeniumCells
* checking Rd files ... OK
* checking Rd metadata ... OK
* checking Rd cross-references ... OK
* checking for missing documentation entries ... OK
* checking for code/documentation mismatches ... WARNING
Codoc mismatches from Rd file 'aggregateGeneExpression.Rd':
aggregateGeneExpression
Code: function(f, neighbourhoods, self = FALSE, verbose = TRUE,
returnType = "Seurat")
Docs: function(f, neighbourhoods, verbose = TRUE, returnType =
"Seurat")
Argument names in code not in docs:
self
Mismatches in argument names:
Position: 3 Code: self Docs: verbose
Position: 4 Code: verbose Docs: returnType
Codoc mismatches from Rd file 'nbhdsAsEdgesToNbhdsAsList.Rd':
nbhdsAsEdgesToNbhdsAsList
Code: function(cells, neighbourhoods, self = FALSE)
Docs: function(cells, neighbourhoods)
Argument names in code not in docs:
self
* checking Rd \usage sections ... WARNING
Undocumented arguments in Rd file 'getFeatureZScores.Rd'
‘features’
Documented arguments not in \usage in Rd file 'getFeatureZScores.Rd':
‘featurs’
Functions with \usage entries need to have the appropriate \alias
entries, and all their arguments documented.
The \usage entries must correspond to syntactically valid R code.
See chapter ‘Writing R documentation files’ in the ‘Writing R
Extensions’ manual.
* checking Rd contents ... OK
* checking for unstated dependencies in examples ... OK
* checking contents of ‘data’ directory ... OK
* checking data for non-ASCII characters ... OK
* checking data for ASCII and uncompressed saves ... OK
* checking files in ‘vignettes’ ... OK
* checking examples ... OK
Examples with CPU (user + system) or elapsed time > 5s
user system elapsed
computeNBHDVsCTObject 17.336 0.118 17.463
randomiseNodeIndices 14.705 0.081 14.789
getObjectSubsetClusteringPValue 13.515 0.047 13.564
aggregateGeneExpression 11.352 0.276 11.565
transposeObject 10.765 0.004 10.772
computeGraphEmbedding 9.019 0.108 9.128
predictAnnotation 8.786 0.009 8.796
predictAnnotationAllGenes 7.080 0.001 7.082
predictGeneAnnotationImpl 6.436 0.001 6.439
desymmetriseNN 6.317 0.038 6.356
meanGeneClusterOnCellUMAP 5.780 0.001 5.783
tagRowAndColNames 5.713 0.002 5.716
symmetryCheckNN 5.615 0.002 5.617
symmetriseNN 5.448 0.001 5.451
medianComplementPValue 5.393 0.000 5.393
combinatorialSpheres 5.220 0.110 5.332
runGeometricClusteringTrials 5.257 0.072 5.331
meanZPerCluster 5.324 0.001 5.327
getObjectSubsetClusteringStatistics 5.306 0.006 5.313
geneSetsVsGeneClustersPValueMatrix 5.212 0.057 5.270
getNearbyGenes 5.145 0.002 5.148
getAverageExpressionDF 5.119 0.001 5.121
getGeneClusterAveragesPerCell 4.961 0.050 5.012
* checking for unstated dependencies in vignettes ... OK
* checking package vignettes ... OK
* checking re-building of vignette outputs ... OK
* checking PDF version of manual ... OK
* DONE
Status: 2 WARNINGs, 1 NOTE
See
‘/home/biocbuild/bbs-3.20-bioc/meat/CatsCradle.Rcheck/00check.log’
for details.
CatsCradle.Rcheck/00install.out
############################################################################## ############################################################################## ### ### Running command: ### ### /home/biocbuild/bbs-3.20-bioc/R/bin/R CMD INSTALL CatsCradle ### ############################################################################## ############################################################################## * installing to library ‘/home/biocbuild/bbs-3.20-bioc/R/site-library’ * installing *source* package ‘CatsCradle’ ... ** using staged installation ** R ** data ** inst ** byte-compile and prepare package for lazy loading ** help *** installing help indices ** building package indices ** installing vignettes ** testing if installed package can be loaded from temporary location ** testing if installed package can be loaded from final location ** testing if installed package keeps a record of temporary installation path * DONE (CatsCradle)
CatsCradle.Rcheck/CatsCradle-Ex.timings
| name | user | system | elapsed | |
| aggregateGeneExpression | 11.352 | 0.276 | 11.565 | |
| annotateGeneAsVector | 2.466 | 0.127 | 2.597 | |
| annotateGenesByGeneSet | 1.414 | 0.055 | 1.470 | |
| cellTypesPerCellTypeGraphFromCellMatrix | 0.435 | 0.002 | 0.437 | |
| collapseExtendedNBHDs | 2.407 | 0.013 | 2.347 | |
| combinatorialSpheres | 5.220 | 0.110 | 5.332 | |
| computeCellTypesPerCellTypeMatrix | 0.395 | 0.001 | 0.396 | |
| computeEdgeGraph | 0.449 | 0.002 | 0.421 | |
| computeEdgeObject | 1.043 | 0.028 | 1.072 | |
| computeGraphEmbedding | 9.019 | 0.108 | 9.128 | |
| computeNBHDByCTMatrix | 0.354 | 0.001 | 0.355 | |
| computeNBHDVsCTObject | 17.336 | 0.118 | 17.463 | |
| computeNeighbourEnrichment | 0.878 | 0.026 | 0.903 | |
| computeNeighboursDelaunay | 0.348 | 0.001 | 0.350 | |
| computeNeighboursEuclidean | 1.884 | 0.017 | 1.416 | |
| cullEdges | 3.471 | 0.275 | 3.747 | |
| desymmetriseNN | 6.317 | 0.038 | 6.356 | |
| directedHausdorfDistance | 0.001 | 0.000 | 0.001 | |
| edgeCutoffsByClustering | 3.103 | 0.001 | 3.104 | |
| edgeCutoffsByPercentile | 2.969 | 0.000 | 2.969 | |
| edgeCutoffsByWatershed | 3.000 | 0.001 | 3.002 | |
| edgeCutoffsByZScore | 4.004 | 0.004 | 4.008 | |
| edgeLengthPlot | 2.944 | 0.002 | 2.946 | |
| edgeLengthsAndCellTypePairs | 2.890 | 0.002 | 2.892 | |
| exampleObjects | 0 | 0 | 0 | |
| geneSetsVsGeneClustersPValueMatrix | 5.212 | 0.057 | 5.270 | |
| getAverageExpressionDF | 5.119 | 0.001 | 5.121 | |
| getAverageExpressionMatrix | 4.858 | 0.054 | 4.912 | |
| getClusterOrder | 4.703 | 0.001 | 4.705 | |
| getExtendedNBHDs | 1.385 | 0.034 | 1.242 | |
| getFeatureZScores | 0.211 | 0.001 | 0.212 | |
| getGeneClusterAveragesPerCell | 4.961 | 0.050 | 5.012 | |
| getGeneNeighbors | 4.971 | 0.003 | 4.976 | |
| getLigandReceptorNetwork | 0.017 | 0.000 | 0.016 | |
| getLigandReceptorPairsInPanel | 0.277 | 0.002 | 0.279 | |
| getNearbyGenes | 5.145 | 0.002 | 5.148 | |
| getNearestNeighbourLists | 4.875 | 0.001 | 4.877 | |
| getObjectSubsetClusteringPValue | 13.515 | 0.047 | 13.564 | |
| getObjectSubsetClusteringStatistics | 5.306 | 0.006 | 5.313 | |
| make.getExample | 0.372 | 0.002 | 0.374 | |
| makeLRInteractionHeatmap | 0.482 | 0.003 | 0.490 | |
| makeSummedLRInteractionHeatmap | 0.357 | 0.001 | 0.358 | |
| meanGeneClusterOnCellUMAP | 5.780 | 0.001 | 5.783 | |
| meanZPerCluster | 5.324 | 0.001 | 5.327 | |
| meanZPerClusterOnUMAP | 4.959 | 0.002 | 4.963 | |
| medianComplementDistance | 0.001 | 0.000 | 0.000 | |
| medianComplementPValue | 5.393 | 0.000 | 5.393 | |
| nbhdsAsEdgesToNbhdsAsList | 1.163 | 0.000 | 1.163 | |
| neighbourhoodDiameter | 1.211 | 0.001 | 1.212 | |
| performLigandReceptorAnalysis | 2.699 | 0.101 | 2.800 | |
| predictAnnotation | 8.786 | 0.009 | 8.796 | |
| predictAnnotationAllGenes | 7.080 | 0.001 | 7.082 | |
| predictGeneAnnotationImpl | 6.436 | 0.001 | 6.439 | |
| randomiseNodeIndices | 14.705 | 0.081 | 14.789 | |
| runGeometricClusteringTrials | 5.257 | 0.072 | 5.331 | |
| runMoransI | 1.472 | 0.001 | 1.474 | |
| sankeyFromMatrix | 0.004 | 0.000 | 0.004 | |
| symmetriseNN | 5.448 | 0.001 | 5.451 | |
| symmetryCheckNN | 5.615 | 0.002 | 5.617 | |
| tagRowAndColNames | 5.713 | 0.002 | 5.716 | |
| transposeObject | 10.765 | 0.004 | 10.772 | |