| Back to Multiple platform build/check report for BioC 3.20: simplified long |
|
This page was generated on 2024-11-20 12:07 -0500 (Wed, 20 Nov 2024).
| Hostname | OS | Arch (*) | R version | Installed pkgs |
|---|---|---|---|---|
| teran2 | Linux (Ubuntu 24.04.1 LTS) | x86_64 | 4.4.2 (2024-10-31) -- "Pile of Leaves" | 4481 |
| nebbiolo2 | Linux (Ubuntu 24.04.1 LTS) | x86_64 | 4.4.2 (2024-10-31) -- "Pile of Leaves" | 4479 |
| palomino8 | Windows Server 2022 Datacenter | x64 | 4.4.2 (2024-10-31 ucrt) -- "Pile of Leaves" | 4359 |
| lconway | macOS 12.7.1 Monterey | x86_64 | 4.4.1 (2024-06-14) -- "Race for Your Life" | 4539 |
| kunpeng2 | Linux (openEuler 22.03 LTS-SP1) | aarch64 | 4.4.1 (2024-06-14) -- "Race for Your Life" | 4493 |
| Click on any hostname to see more info about the system (e.g. compilers) (*) as reported by 'uname -p', except on Windows and Mac OS X | ||||
| Package 182/2289 | Hostname | OS / Arch | INSTALL | BUILD | CHECK | BUILD BIN | ||||||||
| BiocGenerics 0.52.0 (landing page) Hervé Pagès
| teran2 | Linux (Ubuntu 24.04.1 LTS) / x86_64 | OK | OK | WARNINGS | |||||||||
| nebbiolo2 | Linux (Ubuntu 24.04.1 LTS) / x86_64 | OK | OK | WARNINGS | ||||||||||
| palomino8 | Windows Server 2022 Datacenter / x64 | OK | OK | WARNINGS | OK | |||||||||
| lconway | macOS 12.7.1 Monterey / x86_64 | OK | OK | WARNINGS | OK | |||||||||
| kunpeng2 | Linux (openEuler 22.03 LTS-SP1) / aarch64 | OK | OK | WARNINGS | ||||||||||
|
To the developers/maintainers of the BiocGenerics package: - Allow up to 24 hours (and sometimes 48 hours) for your latest push to git@git.bioconductor.org:packages/BiocGenerics.git to reflect on this report. See Troubleshooting Build Report for more information. - Use the following Renviron settings to reproduce errors and warnings. - If 'R CMD check' started to fail recently on the Linux builder(s) over a missing dependency, add the missing dependency to 'Suggests:' in your DESCRIPTION file. See Renviron.bioc for more information. - See Martin Grigorov's blog post for how to debug Linux ARM64 related issues on a x86_64 host. |
| Package: BiocGenerics |
| Version: 0.52.0 |
| Command: /home/biocbuild/R/R/bin/R CMD check --install=check:BiocGenerics.install-out.txt --library=/home/biocbuild/R/R/site-library --no-vignettes --timings BiocGenerics_0.52.0.tar.gz |
| StartedAt: 2024-11-20 05:33:19 -0000 (Wed, 20 Nov 2024) |
| EndedAt: 2024-11-20 05:34:29 -0000 (Wed, 20 Nov 2024) |
| EllapsedTime: 70.2 seconds |
| RetCode: 0 |
| Status: WARNINGS |
| CheckDir: BiocGenerics.Rcheck |
| Warnings: 1 |
##############################################################################
##############################################################################
###
### Running command:
###
### /home/biocbuild/R/R/bin/R CMD check --install=check:BiocGenerics.install-out.txt --library=/home/biocbuild/R/R/site-library --no-vignettes --timings BiocGenerics_0.52.0.tar.gz
###
##############################################################################
##############################################################################
* using log directory ‘/home/biocbuild/bbs-3.20-bioc/meat/BiocGenerics.Rcheck’
* using R version 4.4.1 (2024-06-14)
* using platform: aarch64-unknown-linux-gnu
* R was compiled by
gcc (GCC) 12.2.1 20220819 (openEuler 12.2.1-14)
GNU Fortran (GCC) 10.3.1
* running under: openEuler 22.03 (LTS-SP1)
* using session charset: UTF-8
* using option ‘--no-vignettes’
* checking for file ‘BiocGenerics/DESCRIPTION’ ... OK
* this is package ‘BiocGenerics’ version ‘0.52.0’
* package encoding: UTF-8
* checking package namespace information ... OK
* checking package dependencies ... OK
* checking if this is a source package ... OK
* checking if there is a namespace ... OK
* checking for hidden files and directories ... OK
* checking for portable file names ... OK
* checking for sufficient/correct file permissions ... OK
* checking whether package ‘BiocGenerics’ can be installed ... OK
* checking installed package size ... OK
* checking package directory ... OK
* checking DESCRIPTION meta-information ... NOTE
Packages listed in more than one of Depends, Imports, Suggests, Enhances:
‘methods’ ‘utils’ ‘graphics’ ‘stats’
A package should be listed in only one of these fields.
* checking top-level files ... OK
* checking for left-over files ... OK
* checking index information ... OK
* checking package subdirectories ... OK
* checking code files for non-ASCII characters ... OK
* checking R files for syntax errors ... OK
* checking whether the package can be loaded ... OK
* checking whether the package can be loaded with stated dependencies ... OK
* checking whether the package can be unloaded cleanly ... OK
* checking whether the namespace can be loaded with stated dependencies ... OK
* checking whether the namespace can be unloaded cleanly ... OK
* checking loading without being on the library search path ... OK
* checking dependencies in R code ... NOTE
'library' or 'require' call to ‘RUnit’ in package code.
Please use :: or requireNamespace() instead.
See section 'Suggested packages' in the 'Writing R Extensions' manual.
* checking S3 generic/method consistency ... OK
* checking replacement functions ... OK
* checking foreign function calls ... OK
* checking R code for possible problems ... OK
* checking Rd files ... OK
* checking Rd metadata ... OK
* checking Rd cross-references ... WARNING
Missing link or links in Rd file 'as.data.frame.Rd':
‘[IRanges]{as.data.frame,IntegerRanges-method}’
Missing link or links in Rd file 'order.Rd':
‘[IRanges]{order,IntegerRanges-method}’
See section 'Cross-references' in the 'Writing R Extensions' manual.
* checking for missing documentation entries ... OK
* checking for code/documentation mismatches ... OK
* checking Rd \usage sections ... OK
* checking Rd contents ... OK
* checking for unstated dependencies in examples ... OK
* checking examples ... OK
Examples with CPU (user + system) or elapsed time > 5s
user system elapsed
fileName 7.242 0.294 7.552
containsOutOfMemoryData 5.048 0.131 5.189
* checking for unstated dependencies in ‘tests’ ... OK
* checking tests ...
Running ‘run_unitTests.R’
OK
* checking PDF version of manual ... OK
* DONE
Status: 1 WARNING, 2 NOTEs
See
‘/home/biocbuild/bbs-3.20-bioc/meat/BiocGenerics.Rcheck/00check.log’
for details.
BiocGenerics.Rcheck/00install.out
############################################################################## ############################################################################## ### ### Running command: ### ### /home/biocbuild/R/R/bin/R CMD INSTALL BiocGenerics ### ############################################################################## ############################################################################## * installing to library ‘/home/biocbuild/R/R-4.4.1/site-library’ * installing *source* package ‘BiocGenerics’ ... ** using staged installation ** R ** inst ** byte-compile and prepare package for lazy loading Creating a new generic function for ‘aperm’ in package ‘BiocGenerics’ Creating a new generic function for ‘append’ in package ‘BiocGenerics’ Creating a new generic function for ‘as.data.frame’ in package ‘BiocGenerics’ Creating a new generic function for ‘cbind’ in package ‘BiocGenerics’ Creating a new generic function for ‘rbind’ in package ‘BiocGenerics’ Creating a new generic function for ‘do.call’ in package ‘BiocGenerics’ Creating a new generic function for ‘duplicated’ in package ‘BiocGenerics’ Creating a new generic function for ‘anyDuplicated’ in package ‘BiocGenerics’ Creating a new generic function for ‘eval’ in package ‘BiocGenerics’ Creating a new generic function for ‘pmax’ in package ‘BiocGenerics’ Creating a new generic function for ‘pmin’ in package ‘BiocGenerics’ Creating a new generic function for ‘pmax.int’ in package ‘BiocGenerics’ Creating a new generic function for ‘pmin.int’ in package ‘BiocGenerics’ Creating a new generic function for ‘Reduce’ in package ‘BiocGenerics’ Creating a new generic function for ‘Filter’ in package ‘BiocGenerics’ Creating a new generic function for ‘Find’ in package ‘BiocGenerics’ Creating a new generic function for ‘Map’ in package ‘BiocGenerics’ Creating a new generic function for ‘Position’ in package ‘BiocGenerics’ Creating a new generic function for ‘get’ in package ‘BiocGenerics’ Creating a new generic function for ‘mget’ in package ‘BiocGenerics’ Creating a new generic function for ‘grep’ in package ‘BiocGenerics’ Creating a new generic function for ‘grepl’ in package ‘BiocGenerics’ Creating a new generic function for ‘is.unsorted’ in package ‘BiocGenerics’ Creating a new generic function for ‘lapply’ in package ‘BiocGenerics’ Creating a new generic function for ‘sapply’ in package ‘BiocGenerics’ Creating a new generic function for ‘mapply’ in package ‘BiocGenerics’ Creating a new generic function for ‘match’ in package ‘BiocGenerics’ Creating a new generic function for ‘order’ in package ‘BiocGenerics’ Creating a new generic function for ‘paste’ in package ‘BiocGenerics’ Creating a new generic function for ‘rank’ in package ‘BiocGenerics’ Creating a new generic function for ‘rownames’ in package ‘BiocGenerics’ Creating a new generic function for ‘colnames’ in package ‘BiocGenerics’ Creating a new generic function for ‘saveRDS’ in package ‘BiocGenerics’ Creating a new generic function for ‘union’ in package ‘BiocGenerics’ Creating a new generic function for ‘intersect’ in package ‘BiocGenerics’ Creating a new generic function for ‘setdiff’ in package ‘BiocGenerics’ Creating a new generic function for ‘table’ in package ‘BiocGenerics’ Creating a new generic function for ‘tapply’ in package ‘BiocGenerics’ Creating a new generic function for ‘unique’ in package ‘BiocGenerics’ Creating a new generic function for ‘unsplit’ in package ‘BiocGenerics’ Creating a new generic function for ‘var’ in package ‘BiocGenerics’ Creating a new generic function for ‘sd’ in package ‘BiocGenerics’ Creating a new generic function for ‘which.min’ in package ‘BiocGenerics’ Creating a new generic function for ‘which.max’ in package ‘BiocGenerics’ Creating a new generic function for ‘IQR’ in package ‘BiocGenerics’ Creating a new generic function for ‘mad’ in package ‘BiocGenerics’ Creating a new generic function for ‘xtabs’ in package ‘BiocGenerics’ Creating a new generic function for ‘basename’ in package ‘BiocGenerics’ Creating a new generic function for ‘dirname’ in package ‘BiocGenerics’ ** help *** installing help indices ** building package indices ** testing if installed package can be loaded from temporary location ** testing if installed package can be loaded from final location ** testing if installed package keeps a record of temporary installation path * DONE (BiocGenerics)
BiocGenerics.Rcheck/tests/run_unitTests.Rout
R version 4.4.1 (2024-06-14) -- "Race for Your Life"
Copyright (C) 2024 The R Foundation for Statistical Computing
Platform: aarch64-unknown-linux-gnu
R is free software and comes with ABSOLUTELY NO WARRANTY.
You are welcome to redistribute it under certain conditions.
Type 'license()' or 'licence()' for distribution details.
R is a collaborative project with many contributors.
Type 'contributors()' for more information and
'citation()' on how to cite R or R packages in publications.
Type 'demo()' for some demos, 'help()' for on-line help, or
'help.start()' for an HTML browser interface to help.
Type 'q()' to quit R.
> require("BiocGenerics") || stop("unable to load BiocGenerics package")
Loading required package: BiocGenerics
Attaching package: 'BiocGenerics'
The following objects are masked from 'package:stats':
IQR, mad, sd, var, xtabs
The following objects are masked from 'package:base':
Filter, Find, Map, Position, Reduce, anyDuplicated, aperm, append,
as.data.frame, basename, cbind, colnames, dirname, do.call,
duplicated, eval, evalq, get, grep, grepl, intersect, is.unsorted,
lapply, mapply, match, mget, order, paste, pmax, pmax.int, pmin,
pmin.int, rank, rbind, rownames, sapply, saveRDS, setdiff, table,
tapply, union, unique, unsplit, which.max, which.min
[1] TRUE
> BiocGenerics:::.test()
Loading required package: S4Vectors
Loading required package: stats4
Attaching package: 'S4Vectors'
The following object is masked from 'package:utils':
findMatches
The following objects are masked from 'package:base':
I, expand.grid, unname
RUNIT TEST PROTOCOL -- Wed Nov 20 05:34:23 2024
***********************************************
Number of test functions: 25
Number of errors: 0
Number of failures: 0
1 Test Suite :
BiocGenerics RUnit Tests - 25 test functions, 0 errors, 0 failures
Number of test functions: 25
Number of errors: 0
Number of failures: 0
>
> proc.time()
user system elapsed
2.763 0.100 2.768
BiocGenerics.Rcheck/BiocGenerics-Ex.timings
| name | user | system | elapsed | |
| BiocGenerics-package | 0.001 | 0.000 | 0.000 | |
| Extremes | 0.009 | 0.000 | 0.009 | |
| IQR | 0.001 | 0.000 | 0.001 | |
| Ontology | 4.365 | 0.184 | 4.559 | |
| annotation | 0.010 | 0.004 | 0.014 | |
| aperm | 0.002 | 0.000 | 0.002 | |
| append | 0.002 | 0.000 | 0.002 | |
| as.data.frame | 0.003 | 0.000 | 0.002 | |
| as.list | 0.027 | 0.000 | 0.028 | |
| as.vector | 0.003 | 0.000 | 0.003 | |
| boxplot | 0.158 | 0.004 | 0.163 | |
| cbind | 0.028 | 0.000 | 0.029 | |
| combine | 0.062 | 0.000 | 0.062 | |
| containsOutOfMemoryData | 5.048 | 0.131 | 5.189 | |
| dbconn | 0.080 | 0.000 | 0.081 | |
| density | 0.002 | 0.000 | 0.002 | |
| dims | 0.046 | 0.000 | 0.046 | |
| do.call | 0.003 | 0.000 | 0.002 | |
| duplicated | 0.005 | 0.000 | 0.005 | |
| eval | 0.001 | 0.003 | 0.003 | |
| evalq | 0 | 0 | 0 | |
| fileName | 7.242 | 0.294 | 7.552 | |
| format | 0.004 | 0.000 | 0.004 | |
| funprog | 0.009 | 0.000 | 0.009 | |
| get | 0.004 | 0.000 | 0.004 | |
| grep | 0.003 | 0.000 | 0.002 | |
| image | 0.036 | 0.000 | 0.036 | |
| is.unsorted | 0.003 | 0.000 | 0.002 | |
| lapply | 0.005 | 0.000 | 0.005 | |
| mad | 0.002 | 0.000 | 0.002 | |
| mapply | 0.002 | 0.000 | 0.001 | |
| match | 0.007 | 0.000 | 0.007 | |
| mean | 0.003 | 0.000 | 0.004 | |
| normalize | 0.034 | 0.000 | 0.035 | |
| nrow | 0.009 | 0.000 | 0.008 | |
| order | 0.003 | 0.000 | 0.003 | |
| organism_species | 0.212 | 0.012 | 0.224 | |
| paste | 0.004 | 0.000 | 0.003 | |
| path | 0.033 | 0.004 | 0.037 | |
| plotMA | 4.696 | 0.148 | 4.856 | |
| plotPCA | 2.526 | 0.004 | 2.536 | |
| rank | 0.005 | 0.000 | 0.005 | |
| relist | 0.003 | 0.000 | 0.003 | |
| rep | 0.003 | 0.000 | 0.002 | |
| residuals | 0.001 | 0.000 | 0.001 | |
| row_colnames | 0.009 | 0.004 | 0.013 | |
| saveRDS | 0.002 | 0.000 | 0.002 | |
| score | 0.092 | 0.004 | 0.097 | |
| sets | 0.009 | 0.000 | 0.010 | |
| sort | 0.002 | 0.000 | 0.003 | |
| start | 0.077 | 0.000 | 0.077 | |
| strand | 0.103 | 0.004 | 0.108 | |
| subset | 0.04 | 0.00 | 0.04 | |
| t | 0.004 | 0.000 | 0.004 | |
| table | 0.003 | 0.000 | 0.002 | |
| tapply | 0.003 | 0.000 | 0.003 | |
| testPackage | 0.435 | 0.008 | 0.449 | |
| toTable | 0.090 | 0.013 | 0.104 | |
| type | 0.424 | 0.029 | 0.454 | |
| unique | 0.004 | 0.000 | 0.004 | |
| unlist | 0.003 | 0.000 | 0.004 | |
| unsplit | 0.002 | 0.000 | 0.002 | |
| updateObject | 0.209 | 0.000 | 0.208 | |
| var | 0.002 | 0.000 | 0.002 | |
| weights | 0.002 | 0.000 | 0.001 | |
| which | 0.196 | 0.000 | 0.196 | |
| which.min | 0.060 | 0.004 | 0.063 | |
| xtabs | 0.039 | 0.000 | 0.039 | |