| Back to Multiple platform build/check report for BioC 3.20: simplified long |
|
This page was generated on 2024-11-20 12:05 -0500 (Wed, 20 Nov 2024).
| Hostname | OS | Arch (*) | R version | Installed pkgs |
|---|---|---|---|---|
| teran2 | Linux (Ubuntu 24.04.1 LTS) | x86_64 | 4.4.2 (2024-10-31) -- "Pile of Leaves" | 4481 |
| nebbiolo2 | Linux (Ubuntu 24.04.1 LTS) | x86_64 | 4.4.2 (2024-10-31) -- "Pile of Leaves" | 4479 |
| palomino8 | Windows Server 2022 Datacenter | x64 | 4.4.2 (2024-10-31 ucrt) -- "Pile of Leaves" | 4359 |
| lconway | macOS 12.7.1 Monterey | x86_64 | 4.4.1 (2024-06-14) -- "Race for Your Life" | 4539 |
| kunpeng2 | Linux (openEuler 22.03 LTS-SP1) | aarch64 | 4.4.1 (2024-06-14) -- "Race for Your Life" | 4493 |
| Click on any hostname to see more info about the system (e.g. compilers) (*) as reported by 'uname -p', except on Windows and Mac OS X | ||||
| Package 57/2289 | Hostname | OS / Arch | INSTALL | BUILD | CHECK | BUILD BIN | ||||||||
| AlphaMissenseR 1.2.0 (landing page) Martin Morgan
| teran2 | Linux (Ubuntu 24.04.1 LTS) / x86_64 | OK | OK | OK | |||||||||
| nebbiolo2 | Linux (Ubuntu 24.04.1 LTS) / x86_64 | ERROR | OK | ERROR | ||||||||||
| palomino8 | Windows Server 2022 Datacenter / x64 | OK | OK | OK | OK | |||||||||
| lconway | macOS 12.7.1 Monterey / x86_64 | OK | ERROR | skipped | skipped | |||||||||
| kunpeng2 | Linux (openEuler 22.03 LTS-SP1) / aarch64 | OK | OK | OK | ||||||||||
|
To the developers/maintainers of the AlphaMissenseR package: - Allow up to 24 hours (and sometimes 48 hours) for your latest push to git@git.bioconductor.org:packages/AlphaMissenseR.git to reflect on this report. See Troubleshooting Build Report for more information. - Use the following Renviron settings to reproduce errors and warnings. - If 'R CMD check' started to fail recently on the Linux builder(s) over a missing dependency, add the missing dependency to 'Suggests:' in your DESCRIPTION file. See Renviron.bioc for more information. |
| Package: AlphaMissenseR |
| Version: 1.2.0 |
| Command: /Library/Frameworks/R.framework/Resources/bin/R CMD build --keep-empty-dirs --no-resave-data AlphaMissenseR |
| StartedAt: 2024-11-19 15:54:35 -0500 (Tue, 19 Nov 2024) |
| EndedAt: 2024-11-19 15:56:51 -0500 (Tue, 19 Nov 2024) |
| EllapsedTime: 135.5 seconds |
| RetCode: 1 |
| Status: ERROR |
| PackageFile: None |
| PackageFileSize: NA |
############################################################################## ############################################################################## ### ### Running command: ### ### /Library/Frameworks/R.framework/Resources/bin/R CMD build --keep-empty-dirs --no-resave-data AlphaMissenseR ### ############################################################################## ############################################################################## * checking for file ‘AlphaMissenseR/DESCRIPTION’ ... OK * preparing ‘AlphaMissenseR’: * checking DESCRIPTION meta-information ... OK * installing the package to build vignettes * creating vignettes ... ERROR --- re-building ‘alphafold.Rmd’ using rmarkdown --- finished re-building ‘alphafold.Rmd’ --- re-building ‘benchmarking.Rmd’ using rmarkdown 2024-11-19 15:55:57.075 R[20808:453752305] XType: com.apple.fonts is not accessible. 2024-11-19 15:55:57.075 R[20808:453752305] XType: XTFontStaticRegistry is enabled. --- finished re-building ‘benchmarking.Rmd’ --- re-building ‘clinvar.Rmd’ using rmarkdown Quitting from lines 61-62 [plot_P37023] (clinvar.Rmd) Error: processing vignette 'clinvar.Rmd' failed with diagnostics: vector memory limit of 96.0 Gb reached, see mem.maxVSize() --- failed re-building ‘clinvar.Rmd’ --- re-building ‘introduction.Rmd’ using rmarkdown --- finished re-building ‘introduction.Rmd’ --- re-building ‘issues.Rmd’ using rmarkdown --- finished re-building ‘issues.Rmd’ SUMMARY: processing the following file failed: ‘clinvar.Rmd’ Error: Vignette re-building failed. Execution halted