Back to the "Multiple platform build/check report" A [B] C  D  E  F  G  H  I  J  K  L  M  N  O  P  Q  R  S  T  U  V  W  X  Y  Z 

BioC 3.2: BUILD report for biomaRt on perceval

This page was generated on 2015-11-10 14:45:17 -0800 (Tue, 10 Nov 2015).

Package 104/1104HostnameOS / ArchINSTALLBUILDCHECKBUILD BIN
biomaRt 2.26.0
Steffen Durinck
Snapshot Date: 2015-11-09 16:24:09 -0800 (Mon, 09 Nov 2015)
URL: https://hedgehog.fhcrc.org/bioconductor/branches/RELEASE_3_2/madman/Rpacks/biomaRt
Last Changed Rev: 109589 / Revision: 110496
Last Changed Date: 2015-10-13 12:36:05 -0700 (Tue, 13 Oct 2015)
zin1 Linux (Ubuntu 14.04.2 LTS) / x86_64  OK  ERROR  skipped 
perceval Mac OS X Snow Leopard (10.6.8) / x86_64  OK [ ERROR ] skipped  skipped 
oaxaca Mac OS X Mavericks (10.9.5) / x86_64  OK  ERROR  skipped  skipped 

Summary

Package: biomaRt
Version: 2.26.0
Command: /Library/Frameworks/R.framework/Versions/Current/Resources/bin/R CMD build --keep-empty-dirs --no-resave-data biomaRt
StartedAt: 2015-11-09 17:35:20 -0800 (Mon, 09 Nov 2015)
EndedAt: 2015-11-09 17:35:47 -0800 (Mon, 09 Nov 2015)
EllapsedTime: 27.2 seconds
RetCode: 1
Status:  ERROR 
PackageFile: None
PackageFileSize: NA

Command output

##############################################################################
##############################################################################
###
### Running command:
###
###   /Library/Frameworks/R.framework/Versions/Current/Resources/bin/R CMD build --keep-empty-dirs --no-resave-data biomaRt
###
##############################################################################
##############################################################################


* checking for file ‘biomaRt/DESCRIPTION’ ... OK
* preparing ‘biomaRt’:
* checking DESCRIPTION meta-information ... OK
* installing the package to build vignettes
* creating vignettes ... ERROR

Error: processing vignette 'biomaRt.Rnw' failed with diagnostics:
 chunk 2 (label = biomaRt) 
Error : 1: Space required after the Public Identifier
2: SystemLiteral " or ' expected
3: SYSTEM or PUBLIC, the URI is missing
4: Opening and ending tag mismatch: hr line 7 and body
5: Opening and ending tag mismatch: body line 4 and html
6: Premature end of data in tag html line 2

Execution halted