| Back to the "Multiple platform build/check report" | A B [C] D E F G H I J K L M N O P Q R S T U V W X Y Z |
This page was generated on 2016-04-23 10:14:36 -0700 (Sat, 23 Apr 2016).
| Package 217/1103 | Hostname | OS / Arch | INSTALL | BUILD | CHECK | BUILD BIN | |||||
| ComplexHeatmap 1.6.0 Zuguang Gu
| zin1 | Linux (Ubuntu 14.04.2 LTS) / x86_64 | OK | OK | [ WARNINGS ] | ||||||
| moscato1 | Windows Server 2008 R2 Standard (64-bit) / x64 | OK | OK | WARNINGS | OK | ||||||
| oaxaca | Mac OS X Mavericks (10.9.5) / x86_64 | OK | OK | WARNINGS | OK |
| Package: ComplexHeatmap |
| Version: 1.6.0 |
| Command: /home/biocbuild/bbs-3.2-bioc/R/bin/R CMD check --no-vignettes --timings ComplexHeatmap_1.6.0.tar.gz |
| StartedAt: 2016-04-22 23:30:44 -0700 (Fri, 22 Apr 2016) |
| EndedAt: 2016-04-22 23:31:47 -0700 (Fri, 22 Apr 2016) |
| EllapsedTime: 62.6 seconds |
| RetCode: 0 |
| Status: WARNINGS |
| CheckDir: ComplexHeatmap.Rcheck |
| Warnings: 1 |
##############################################################################
##############################################################################
###
### Running command:
###
### /home/biocbuild/bbs-3.2-bioc/R/bin/R CMD check --no-vignettes --timings ComplexHeatmap_1.6.0.tar.gz
###
##############################################################################
##############################################################################
* using log directory ‘/home/biocbuild/bbs-3.2-bioc/meat/ComplexHeatmap.Rcheck’
* using R version 3.2.4 Revised (2016-03-16 r70336)
* using platform: x86_64-pc-linux-gnu (64-bit)
* using session charset: UTF-8
* using option ‘--no-vignettes’
* checking for file ‘ComplexHeatmap/DESCRIPTION’ ... OK
* checking extension type ... Package
* this is package ‘ComplexHeatmap’ version ‘1.6.0’
* checking package namespace information ... OK
* checking package dependencies ... OK
* checking if this is a source package ... OK
* checking if there is a namespace ... OK
* checking for hidden files and directories ... OK
* checking for portable file names ... OK
* checking for sufficient/correct file permissions ... OK
* checking whether package ‘ComplexHeatmap’ can be installed ... [2s/2s] OK
* checking installed package size ... OK
* checking package directory ... OK
* checking ‘build’ directory ... OK
* checking DESCRIPTION meta-information ... OK
* checking top-level files ... OK
* checking for left-over files ... OK
* checking index information ... OK
* checking package subdirectories ... OK
* checking R files for non-ASCII characters ... OK
* checking R files for syntax errors ... OK
* checking whether the package can be loaded ... OK
* checking whether the package can be loaded with stated dependencies ... OK
* checking whether the package can be unloaded cleanly ... OK
* checking whether the namespace can be loaded with stated dependencies ... OK
* checking whether the namespace can be unloaded cleanly ... OK
* checking dependencies in R code ... OK
* checking S3 generic/method consistency ... OK
* checking replacement functions ... OK
* checking foreign function calls ... OK
* checking R code for possible problems ... OK
* checking Rd files ... OK
* checking Rd metadata ... OK
* checking Rd cross-references ... OK
* checking for missing documentation entries ... OK
* checking for code/documentation mismatches ... WARNING
Codoc mismatches from documentation object 'ht_global_opt':
ht_global_opt
Code: function(..., RESET = FALSE, READ.ONLY = NULL, LOCAL = FALSE)
Docs: function(..., RESET = FALSE, READ.ONLY = NULL)
Argument names in code not in docs:
LOCAL
* checking Rd \usage sections ... OK
* checking Rd contents ... OK
* checking for unstated dependencies in examples ... OK
* checking installed files from ‘inst/doc’ ... OK
* checking files in ‘vignettes’ ... OK
* checking examples ... [28s/28s] OK
Examples with CPU or elapsed time > 5s
user system elapsed
Heatmap 8.911 0.04 8.968
* checking for unstated dependencies in ‘tests’ ... OK
* checking tests ...
Running ‘test-all.R’ [1s/1s]
[1s/1s] OK
* checking for unstated dependencies in vignettes ... OK
* checking package vignettes in ‘inst/doc’ ... OK
* checking running R code from vignettes ... SKIPPED
* checking re-building of vignette outputs ... SKIPPED
* checking PDF version of manual ... OK
* DONE
Status: 1 WARNING
See
‘/home/biocbuild/bbs-3.2-bioc/meat/ComplexHeatmap.Rcheck/00check.log’
for details.
ComplexHeatmap.Rcheck/00install.out:
* installing *source* package ‘ComplexHeatmap’ ... ** R ** inst ** preparing package for lazy loading ** help *** installing help indices ** building package indices ** installing vignettes ** testing if installed package can be loaded * DONE (ComplexHeatmap)
ComplexHeatmap.Rcheck/ComplexHeatmap-Ex.timings:
| name | user | system | elapsed | |
| AdditiveUnit-class | 0 | 0 | 0 | |
| AdditiveUnit | 0 | 0 | 0 | |
| ColorMapping-class | 0.000 | 0.000 | 0.001 | |
| ColorMapping | 0.019 | 0.004 | 0.023 | |
| ComplexHeatmap-package | 0.001 | 0.000 | 0.001 | |
| Heatmap-class | 0 | 0 | 0 | |
| Heatmap | 8.911 | 0.040 | 8.968 | |
| HeatmapAnnotation-class | 0 | 0 | 0 | |
| HeatmapAnnotation | 0.054 | 0.000 | 0.056 | |
| HeatmapList-class | 2.819 | 0.001 | 2.818 | |
| HeatmapList | 0.001 | 0.000 | 0.000 | |
| SingleAnnotation-class | 0.001 | 0.000 | 0.001 | |
| SingleAnnotation | 0.059 | 0.000 | 0.060 | |
| add.AdditiveUnit | 3.047 | 0.007 | 3.078 | |
| add_heatmap-Heatmap-method | 0.777 | 0.000 | 0.776 | |
| add_heatmap-HeatmapAnnotation-method | 0.33 | 0.00 | 0.33 | |
| add_heatmap-HeatmapList-method | 1.174 | 0.000 | 1.173 | |
| add_heatmap-dispatch | 0 | 0 | 0 | |
| anno_barplot | 0.009 | 0.000 | 0.009 | |
| anno_boxplot | 0.025 | 0.000 | 0.025 | |
| anno_density | 0.207 | 0.000 | 0.207 | |
| anno_histogram | 0.043 | 0.000 | 0.043 | |
| anno_points | 0.005 | 0.000 | 0.005 | |
| anno_text | 0.294 | 0.000 | 0.294 | |
| annotation_legend_size-HeatmapList-method | 0.001 | 0.000 | 0.000 | |
| color_mapping_legend-ColorMapping-method | 0.188 | 0.000 | 0.188 | |
| columnAnnotation | 0.012 | 0.000 | 0.013 | |
| column_anno_barplot | 0.001 | 0.000 | 0.000 | |
| column_anno_boxplot | 0 | 0 | 0 | |
| column_anno_density | 0.000 | 0.000 | 0.001 | |
| column_anno_histogram | 0 | 0 | 0 | |
| column_anno_points | 0.001 | 0.000 | 0.000 | |
| column_anno_text | 0 | 0 | 0 | |
| column_dend-Heatmap-method | 0.000 | 0.000 | 0.001 | |
| column_dend-HeatmapList-method | 0.000 | 0.000 | 0.001 | |
| column_dend-dispatch | 0.001 | 0.000 | 0.000 | |
| column_order-Heatmap-method | 0 | 0 | 0 | |
| column_order-HeatmapList-method | 0.000 | 0.000 | 0.001 | |
| column_order-dispatch | 0.000 | 0.000 | 0.001 | |
| component_height-Heatmap-method | 0.001 | 0.000 | 0.000 | |
| component_height-HeatmapList-method | 0.001 | 0.000 | 0.000 | |
| component_height-dispatch | 0 | 0 | 0 | |
| component_width-Heatmap-method | 0.000 | 0.000 | 0.001 | |
| component_width-HeatmapList-method | 0.000 | 0.000 | 0.001 | |
| component_width-dispatch | 0.001 | 0.000 | 0.000 | |
| decorate_annotation | 0.541 | 0.000 | 0.540 | |
| decorate_column_dend | 0 | 0 | 0 | |
| decorate_column_names | 0 | 0 | 0 | |
| decorate_column_title | 0 | 0 | 0 | |
| decorate_dend | 0.283 | 0.000 | 0.285 | |
| decorate_dimnames | 0.303 | 0.000 | 0.302 | |
| decorate_heatmap_body | 0.255 | 0.000 | 0.255 | |
| decorate_row_dend | 0.000 | 0.000 | 0.001 | |
| decorate_row_names | 0.000 | 0.000 | 0.001 | |
| decorate_row_title | 0.001 | 0.000 | 0.000 | |
| decorate_title | 0.284 | 0.000 | 0.283 | |
| densityHeatmap | 2.651 | 0.008 | 2.658 | |
| dist2 | 0.003 | 0.000 | 0.002 | |
| draw-Heatmap-method | 0.242 | 0.000 | 0.242 | |
| draw-HeatmapAnnotation-method | 0.116 | 0.000 | 0.115 | |
| draw-HeatmapList-method | 0.983 | 0.000 | 0.984 | |
| draw-SingleAnnotation-method | 0.157 | 0.000 | 0.157 | |
| draw-dispatch | 0 | 0 | 0 | |
| draw_annotation-Heatmap-method | 0.000 | 0.000 | 0.001 | |
| draw_annotation_legend-HeatmapList-method | 0.001 | 0.000 | 0.000 | |
| draw_dend-Heatmap-method | 0.001 | 0.000 | 0.000 | |
| draw_dimnames-Heatmap-method | 0 | 0 | 0 | |
| draw_heatmap_body-Heatmap-method | 0.000 | 0.000 | 0.001 | |
| draw_heatmap_legend-HeatmapList-method | 0.000 | 0.000 | 0.001 | |
| draw_heatmap_list-HeatmapList-method | 0.001 | 0.000 | 0.000 | |
| draw_title-Heatmap-method | 0.001 | 0.000 | 0.000 | |
| draw_title-HeatmapList-method | 0 | 0 | 0 | |
| draw_title-dispatch | 0.000 | 0.000 | 0.001 | |
| enhanced_basicplot | 0.793 | 0.000 | 0.794 | |
| get_color_mapping_list-HeatmapAnnotation-method | 0 | 0 | 0 | |
| get_color_mapping_param_list-HeatmapAnnotation-method | 0 | 0 | 0 | |
| grid.dendrogram | 0.016 | 0.000 | 0.016 | |
| heatmap_legend_size-HeatmapList-method | 0.001 | 0.000 | 0.001 | |
| ht_global_opt | 0.001 | 0.000 | 0.001 | |
| is_abs_unit | 0.001 | 0.000 | 0.001 | |
| make_column_cluster-Heatmap-method | 0 | 0 | 0 | |
| make_layout-Heatmap-method | 0 | 0 | 0 | |
| make_layout-HeatmapList-method | 0 | 0 | 0 | |
| make_layout-dispatch | 0.001 | 0.000 | 0.001 | |
| make_row_cluster-Heatmap-method | 0.001 | 0.000 | 0.001 | |
| map_to_colors-ColorMapping-method | 0.021 | 0.000 | 0.022 | |
| max_text_height | 0.010 | 0.000 | 0.011 | |
| max_text_width | 0.009 | 0.000 | 0.008 | |
| oncoPrint | 0.000 | 0.000 | 0.001 | |
| plotDataFrame | 2.223 | 0.000 | 2.224 | |
| prepare-Heatmap-method | 0.000 | 0.000 | 0.001 | |
| rowAnnotation | 0.010 | 0.000 | 0.009 | |
| row_anno_barplot | 0.000 | 0.000 | 0.001 | |
| row_anno_boxplot | 0.001 | 0.000 | 0.001 | |
| row_anno_density | 0.001 | 0.000 | 0.000 | |
| row_anno_histogram | 0 | 0 | 0 | |
| row_anno_points | 0.000 | 0.000 | 0.001 | |
| row_anno_text | 0.001 | 0.000 | 0.001 | |
| row_dend-Heatmap-method | 0.001 | 0.000 | 0.000 | |
| row_dend-HeatmapList-method | 0 | 0 | 0 | |
| row_dend-dispatch | 0.000 | 0.000 | 0.001 | |
| row_order-Heatmap-method | 0.000 | 0.000 | 0.001 | |
| row_order-HeatmapList-method | 0 | 0 | 0 | |
| row_order-dispatch | 0.001 | 0.000 | 0.000 | |
| select | 0 | 0 | 0 | |
| set_component_height-Heatmap-method | 0.000 | 0.000 | 0.001 | |
| show-ColorMapping-method | 0.001 | 0.000 | 0.001 | |
| show-Heatmap-method | 0.499 | 0.000 | 0.499 | |
| show-HeatmapAnnotation-method | 0 | 0 | 0 | |
| show-HeatmapList-method | 0.001 | 0.000 | 0.000 | |
| show-SingleAnnotation-method | 0.001 | 0.000 | 0.001 | |
| show-dispatch | 0.000 | 0.000 | 0.001 | |
| unify_mat_list | 0 | 0 | 0 | |