Back to the "Multiple platform build/check report" A  B  C  D  E  F  G  H  I  J  K [L] M  N  O  P  Q  R  S  T  U  V  W  X  Y  Z 

BioC 3.2: CHECK report for lumi on perceval

This page was generated on 2015-10-27 17:33:23 -0400 (Tue, 27 Oct 2015).

Package 577/1104HostnameOS / ArchINSTALLBUILDCHECKBUILD BIN
lumi 2.22.0
Pan Du
Snapshot Date: 2015-10-26 19:24:07 -0400 (Mon, 26 Oct 2015)
URL: https://hedgehog.fhcrc.org/bioconductor/branches/RELEASE_3_2/madman/Rpacks/lumi
Last Changed Rev: 109589 / Revision: 109947
Last Changed Date: 2015-10-13 15:36:05 -0400 (Tue, 13 Oct 2015)
linux1.bioconductor.org Linux (Ubuntu 14.04.2 LTS) / x86_64  OK  OK  WARNINGS UNNEEDED, same version exists in internal repository
windows1.bioconductor.org Windows Server 2012 R2 Enterprise SP1 (64-bit) / x64  OK  OK  WARNINGS  OK UNNEEDED, same version exists in internal repository
perceval Mac OS X Snow Leopard (10.6.8) / x86_64  OK  OK [ WARNINGS ] OK UNNEEDED, same version exists in internal repository
oaxaca Mac OS X Mavericks (10.9.5) / x86_64  OK  OK  WARNINGS  OK UNNEEDED, same version exists in internal repository

Summary

Package: lumi
Version: 2.22.0
Command: /Library/Frameworks/R.framework/Versions/Current/Resources/bin/R CMD check --no-vignettes --timings lumi_2.22.0.tar.gz
StartedAt: 2015-10-27 09:26:27 -0400 (Tue, 27 Oct 2015)
EndedAt: 2015-10-27 09:35:22 -0400 (Tue, 27 Oct 2015)
EllapsedTime: 535.0 seconds
RetCode: 0
Status:  WARNINGS 
CheckDir: lumi.Rcheck
Warnings: 4

Command output

##############################################################################
##############################################################################
###
### Running command:
###
###   /Library/Frameworks/R.framework/Versions/Current/Resources/bin/R CMD check --no-vignettes --timings lumi_2.22.0.tar.gz
###
##############################################################################
##############################################################################


* using log directory ‘/Users/biocbuild/bbs-3.2-bioc/meat/lumi.Rcheck’
* using R version 3.2.2 Patched (2015-10-08 r69496)
* using platform: x86_64-apple-darwin10.8.0 (64-bit)
* using session charset: UTF-8
* using option ‘--no-vignettes’
* checking for file ‘lumi/DESCRIPTION’ ... OK
* checking extension type ... Package
* this is package ‘lumi’ version ‘2.22.0’
* checking package namespace information ... OK
* checking package dependencies ... OK
* checking if this is a source package ... OK
* checking if there is a namespace ... OK
* checking for hidden files and directories ... OK
* checking for portable file names ... OK
* checking for sufficient/correct file permissions ... OK
* checking whether package ‘lumi’ can be installed ... [32s/32s] WARNING
Found the following significant warnings:
  Warning: bad markup (extra space?) at lumiMethyR.Rd:18:16
  Warning: bad markup (extra space?) at lumiMethyR.Rd:19:28
  Warning: bad markup (extra space?) at lumiMethyR.Rd:20:13
See ‘/Users/biocbuild/bbs-3.2-bioc/meat/lumi.Rcheck/00install.out’ for details.
* checking installed package size ... NOTE
  installed size is  9.2Mb
  sub-directories of 1Mb or more:
    data   3.6Mb
    doc    4.9Mb
* checking package directory ... OK
* checking ‘build’ directory ... OK
* checking DESCRIPTION meta-information ... NOTE
Package listed in more than one of Depends, Imports, Suggests, Enhances:
  ‘Biobase’
A package should be listed in only one of these fields.
* checking top-level files ... OK
* checking for left-over files ... OK
* checking index information ... OK
* checking package subdirectories ... OK
* checking R files for non-ASCII characters ... OK
* checking R files for syntax errors ... OK
* checking whether the package can be loaded ... OK
* checking whether the package can be loaded with stated dependencies ... OK
* checking whether the package can be unloaded cleanly ... OK
* checking whether the namespace can be loaded with stated dependencies ... OK
* checking whether the namespace can be unloaded cleanly ... OK
* checking dependencies in R code ... WARNING
'::' or ':::' import not declared from: ‘bigmemoryExtras’
'library' or 'require' call to ‘vsn’ in package code.
  Please use :: or requireNamespace() instead.
  See section 'Suggested packages' in the 'Writing R Extensions' manual.
* checking S3 generic/method consistency ... OK
* checking replacement functions ... OK
* checking foreign function calls ... OK
* checking R code for possible problems ... NOTE
addAnnotationInfo: no visible global function definition for ‘fData’
addAnnotationInfo: no visible global function definition for ‘keys’
addAnnotationInfo: no visible global function definition for ‘fData<-’
addNuID2lumi: no visible global function definition for ‘notes<-’
adjColorBias.quantile: no visible global function definition for
  ‘assayDataElementNames’
adjColorBias.quantile: no visible global function definition for
  ‘storageMode<-’
adjColorBias.quantile: no visible global function definition for
  ‘assayDataElement’
adjColorBias.quantile: no visible global function definition for
  ‘assayDataElement<-’
adjColorBias.ssn: no visible global function definition for
  ‘assayDataElementNames’
adjColorBias.ssn: no visible global function definition for
  ‘storageMode<-’
adjColorBias.ssn: no visible global function definition for
  ‘assayDataElement’
adjColorBias.ssn: no visible global function definition for
  ‘assayDataElement<-’
bgAdjustMethylation: no visible global function definition for
  ‘assayDataElementNames’
boxplotColorBias: no visible global function definition for
  ‘assayDataElementNames’
boxplotColorBias: no visible global function definition for
  ‘assayDataElement’
colorBiasSummary: no visible global function definition for
  ‘assayDataElementNames’
colorBiasSummary: no visible global function definition for
  ‘assayDataElement’
detectionCall: no visible global function definition for
  ‘assayDataValidMembers’
detectionCall: no visible global function definition for
  ‘assayDataElement’
estimateBeta: no visible global function definition for
  ‘assayDataElementNames’
estimateBeta: no visible global function definition for
  ‘assayDataElement’
estimateBeta: no visible global function definition for
  ‘assayDataElement<-’
estimateIntensity: no visible global function definition for
  ‘assayDataElementNames’
estimateIntensity: no visible global function definition for
  ‘assayDataElement’
estimateIntensity: no visible global function definition for
  ‘assayDataElement<-’
estimateM: no visible global function definition for
  ‘assayDataElementNames’
estimateM: no visible global function definition for ‘assayDataElement’
estimateM: no visible global function definition for
  ‘assayDataElement<-’
estimateMethylationBG: no visible global function definition for
  ‘assayDataElement’
estimateMethylationBG: no visible global function definition for
  ‘assayDataElementNames’
getChrInfo: no visible global function definition for ‘fData’
importMethyIDAT: no visible global function definition for
  ‘assayDataElementNames’
importMethyIDAT: no visible global function definition for
  ‘assayDataElement’
lumiMethyB: no visible global function definition for
  ‘assayDataElement’
lumiMethyC: no visible global function definition for
  ‘assayDataElement’
lumiMethyN: no visible global function definition for
  ‘assayDataElement’
lumiQ: no visible global function definition for ‘rowMin’
lumiR: no visible global function definition for ‘notes<-’
normalizeMethylation.quantile: no visible global function definition
  for ‘assayDataElementNames’
normalizeMethylation.quantile: no visible global function definition
  for ‘storageMode<-’
normalizeMethylation.quantile: no visible global function definition
  for ‘assayDataElement’
normalizeMethylation.quantile: no visible global function definition
  for ‘assayDataElement<-’
normalizeMethylation.ssn: no visible global function definition for
  ‘assayDataElementNames’
normalizeMethylation.ssn: no visible global function definition for
  ‘storageMode<-’
normalizeMethylation.ssn: no visible global function definition for
  ‘assayDataElement’
normalizeMethylation.ssn: no visible global function definition for
  ‘assayDataElement<-’
plotCDF: no visible global function definition for ‘rowMin’
plotColorBias1D: no visible global function definition for
  ‘assayDataElementNames’
plotColorBias1D: no visible global function definition for
  ‘assayDataElement’
plotColorBias2D: no visible global function definition for
  ‘assayDataElementNames’
plotColorBias2D: no visible global function definition for
  ‘assayDataElement’
plotControlData: no visible global function definition for
  ‘assayDataElement’
asBigMatrix,ExpressionSet : .local: no visible global function
  definition for ‘assayDataElementNames’
asBigMatrix,ExpressionSet : .local: no visible global function
  definition for ‘assayDataElement’
asBigMatrix,ExpressionSet : .local: no visible global function
  definition for ‘assayDataElement<-’
asBigMatrix,ExpressionSet : .local: no visible global function
  definition for ‘AnnotatedDataFrame’
asBigMatrix,ExpressionSet : .local: no visible global function
  definition for ‘fData’
beadNum,ExpressionSet: no visible global function definition for
  ‘assayDataElementNames’
beadNum,ExpressionSet: no visible global function definition for
  ‘assayDataElement’
beadNum<-,ExpressionSet: no visible global function definition for
  ‘storageMode<-’
beadNum<-,ExpressionSet: no visible global function definition for
  ‘assayDataElementReplace’
boxplot,ExpressionSet : .local: no visible global function definition
  for ‘description’
boxplot,ExpressionSet : .local: no visible global function definition
  for ‘rowMin’
boxplot,MethyLumiM : .local: no visible global function definition for
  ‘description’
combine,LumiBatch-LumiBatch: no visible global function definition for
  ‘protocolData<-’
combine,LumiBatch-LumiBatch: no visible global function definition for
  ‘protocolData’
density,ExpressionSet : .local: no visible global function definition
  for ‘rowMin’
detection,ExpressionSet: no visible global function definition for
  ‘assayDataElementNames’
detection,ExpressionSet: no visible global function definition for
  ‘assayDataElement’
detection<-,ExpressionSet: no visible global function definition for
  ‘storageMode<-’
detection<-,ExpressionSet: no visible global function definition for
  ‘assayDataElementReplace’
MAplot,ExpressionSet : .local: no visible global function definition
  for ‘rowMin’
pairs,ExpressionSet : .local: no visible global function definition for
  ‘rowMin’
se.exprs,ExpressionSet: no visible global function definition for
  ‘assayDataElementNames’
se.exprs,ExpressionSet: no visible global function definition for
  ‘assayDataElement’
se.exprs<-,ExpressionSet: no visible global function definition for
  ‘storageMode<-’
se.exprs<-,ExpressionSet: no visible global function definition for
  ‘assayDataElementReplace’
* checking Rd files ... WARNING
prepare_Rd: getChrInfo.Rd:23-25: Dropping empty section \details
prepare_Rd: getChrInfo.Rd:29-31: Dropping empty section \references
prepare_Rd: getChrInfo.Rd:38-40: Dropping empty section \seealso
prepare_Rd: getChrInfo.Rd:41-44: Dropping empty section \examples
prepare_Rd: importMethyIDAT.Rd:39-42: Dropping empty section \examples
prepare_Rd: bad markup (extra space?) at lumiMethyR.Rd:18:16
prepare_Rd: bad markup (extra space?) at lumiMethyR.Rd:19:28
prepare_Rd: bad markup (extra space?) at lumiMethyR.Rd:20:13
* checking Rd metadata ... OK
* checking Rd cross-references ... NOTE
Package unavailable to check Rd xrefs: ‘bigmemoryExtras’
* checking for missing documentation entries ... OK
* checking for code/documentation mismatches ... OK
* checking Rd \usage sections ... OK
* checking Rd contents ... WARNING
Argument items with no description in Rd object 'lumiMethyR':
  ‘qcfile’ ‘sampleDescriptions’ ‘sep’

* checking for unstated dependencies in examples ... OK
* checking contents of ‘data’ directory ... OK
* checking data for non-ASCII characters ... OK
* checking data for ASCII and uncompressed saves ... OK
* checking sizes of PDF files under ‘inst/doc’ ... OK
* checking installed files from ‘inst/doc’ ... OK
* checking files in ‘vignettes’ ... OK
* checking examples ... [208s/209s] OK
Examples with CPU or elapsed time > 5s
                  user system elapsed
lumiMethyStatus 92.426 12.739 105.169
MAplot-methods   6.737  0.043   6.786
getChipInfo      6.251  0.407   7.167
plotGammaFit     5.509  0.921   6.430
methylationCall  5.222  0.020   5.245
nuID2IlluminaID  4.987  0.159   5.147
probeID2nuID     4.920  0.181   5.102
targetID2nuID    4.899  0.140   5.039
nuID2targetID    4.900  0.137   5.037
nuID2probeID     4.860  0.151   5.011
* checking for unstated dependencies in vignettes ... OK
* checking package vignettes in ‘inst/doc’ ... OK
* checking running R code from vignettes ... SKIPPED
* checking re-building of vignette outputs ... SKIPPED
* checking PDF version of manual ... OK
* DONE

Status: 4 WARNINGs, 4 NOTEs
See
  ‘/Users/biocbuild/bbs-3.2-bioc/meat/lumi.Rcheck/00check.log’
for details.


lumi.Rcheck/00install.out:

* installing *source* package ‘lumi’ ...
** R
** data
** inst
** preparing package for lazy loading
Warning in rgl.init(initValue, onlyNULL) :
  RGL: GLX extension missing on server
Warning in fun(libname, pkgname) : Error in 'rgl_init'
** help
Warning: bad markup (extra space?) at lumiMethyR.Rd:18:16
Warning: bad markup (extra space?) at lumiMethyR.Rd:19:28
Warning: bad markup (extra space?) at lumiMethyR.Rd:20:13
*** installing help indices
** building package indices
** installing vignettes
** testing if installed package can be loaded
Warning in rgl.init(initValue, onlyNULL) :
  RGL: GLX extension missing on server
Warning in fun(libname, pkgname) : Error in 'rgl_init'
* DONE (lumi)

lumi.Rcheck/lumi-Ex.timings:

nameusersystemelapsed
LumiBatch-class2.3820.0722.455
MAplot-methods6.7370.0436.786
addAnnotationInfo0.0710.0040.077
addControlData2lumi0.0000.0010.001
addNuID2lumi0.0000.0000.001
adjColorBias.quantile1.9370.0211.992
adjColorBias.ssn1.2320.0091.243
bgAdjust0.0990.0050.104
bgAdjustMethylation0.2680.0070.276
boxplot-MethyLumiM-methods1.3380.0211.360
boxplot-methods0.1350.0060.142
boxplotColorBias0.8180.0210.839
density-methods0.1110.0080.119
detectOutlier0.1220.0090.132
detectionCall0.1910.0110.204
estimateBeta0.1420.0090.152
estimateIntensity0.1970.0110.209
estimateLumiCV0.1260.0060.133
estimateM0.7160.0170.733
estimateMethylationBG0.2570.0030.259
example.lumi0.1000.0070.106
example.lumiMethy0.6260.0040.630
example.methyTitration0.2180.0100.228
gammaFitEM4.9370.0124.969
getChipInfo6.2510.4077.167
getControlData0.0030.0010.003
getControlProbe0.0020.0000.002
getControlType0.0020.0010.002
getNuIDMappingInfo2.3620.1022.476
hist-methods0.1390.0080.149
id2seq0.0010.0000.002
inverseVST0.6150.0190.635
is.nuID0.0010.0000.002
lumiB0.1310.0040.136
lumiExpresso0.3350.0240.360
lumiMethyB0.0710.0040.076
lumiMethyC2.7060.0452.756
lumiMethyN0.1010.0040.106
lumiMethyStatus 92.426 12.739105.169
lumiN0.6280.0180.646
lumiQ0.3110.0230.338
lumiR0.0010.0010.001
lumiR.batch0.0010.0000.001
lumiT0.4510.0280.487
methylationCall5.2220.0205.245
normalizeMethylation.quantile0.2420.0120.254
normalizeMethylation.ssn0.2730.0060.277
nuID2EntrezID2.2350.0522.287
nuID2IlluminaID4.9870.1595.147
nuID2RefSeqID1.7220.0411.763
nuID2probeID4.8600.1515.011
nuID2targetID4.9000.1375.037
pairs-methods1.1330.0631.200
plot-methods2.7630.0672.870
plotCDF0.1690.0140.184
plotColorBias1D1.1820.0381.222
plotColorBias2D0.3870.0060.395
plotControlData0.0030.0000.004
plotDensity0.1450.0120.157
plotGammaFit5.5090.9216.430
plotHousekeepingGene0.0020.0000.002
plotSampleRelation0.9700.0361.007
plotStringencyGene0.0020.0000.002
plotVST0.4090.0250.438
probeID2nuID4.9200.1815.102
produceGEOPlatformFile0.0010.0000.001
produceGEOSubmissionFile0.0010.0000.000
produceMethylationGEOSubmissionFile0.0010.0000.001
seq2id0.0010.0000.001
targetID2nuID4.8990.1405.039
vst1.0070.0271.033