| ggbio 1.18.0 Tengfei Yin
 
 | Snapshot Date: 2015-10-26 19:24:07 -0400 (Mon, 26 Oct 2015) |  | URL: https://hedgehog.fhcrc.org/bioconductor/branches/RELEASE_3_2/madman/Rpacks/ggbio |  | Last Changed Rev: 109589 / Revision: 109947 |  | Last Changed Date: 2015-10-13 15:36:05 -0400 (Tue, 13 Oct 2015) | 
 | linux1.bioconductor.org | Linux (Ubuntu 14.04.2 LTS) / x86_64 | OK | OK | WARNINGS |  |  | 
| windows1.bioconductor.org | Windows Server 2012 R2 Enterprise SP1 (64-bit) / x64 | OK | OK | WARNINGS | OK |  | 
| perceval | Mac OS X Snow Leopard (10.6.8) / x86_64 | OK | OK | [ WARNINGS ] | OK |  | 
| oaxaca | Mac OS X Mavericks (10.9.5) / x86_64 | OK | OK | WARNINGS | OK |  | 
##############################################################################
##############################################################################
###
### Running command:
###
###   /Library/Frameworks/R.framework/Versions/Current/Resources/bin/R CMD check --no-vignettes --timings ggbio_1.18.0.tar.gz
###
##############################################################################
##############################################################################
* using log directory ‘/Users/biocbuild/bbs-3.2-bioc/meat/ggbio.Rcheck’
* using R version 3.2.2 Patched (2015-10-08 r69496)
* using platform: x86_64-apple-darwin10.8.0 (64-bit)
* using session charset: UTF-8
* using option ‘--no-vignettes’
* checking for file ‘ggbio/DESCRIPTION’ ... OK
* this is package ‘ggbio’ version ‘1.18.0’
* checking package namespace information ... OK
* checking package dependencies ... OK
* checking if this is a source package ... OK
* checking if there is a namespace ... OK
* checking for hidden files and directories ... OK
* checking for portable file names ... OK
* checking for sufficient/correct file permissions ... OK
* checking whether package ‘ggbio’ can be installed ... [29s/30s] WARNING
Found the following significant warnings:
  Warning: 'eval' is deprecated.
See ‘/Users/biocbuild/bbs-3.2-bioc/meat/ggbio.Rcheck/00install.out’ for details.
* checking installed package size ... OK
* checking package directory ... OK
* checking ‘build’ directory ... OK
* checking DESCRIPTION meta-information ... NOTE
Malformed Title field: should not end in a period.
* checking top-level files ... OK
* checking for left-over files ... OK
* checking index information ... OK
* checking package subdirectories ... OK
* checking R files for non-ASCII characters ... OK
* checking R files for syntax errors ... OK
* checking whether the package can be loaded ... OK
* checking whether the package can be loaded with stated dependencies ... OK
* checking whether the package can be unloaded cleanly ... OK
* checking whether the namespace can be loaded with stated dependencies ... OK
* checking whether the namespace can be unloaded cleanly ... OK
* checking dependencies in R code ... NOTE
Unexported objects imported by ':::' calls:
  ‘ggplot2:::add_ggplot’ ‘ggplot2:::cunion’ ‘ggplot2:::rescale01’
  ‘ggplot2:::set_last_plot’ ‘ggplot2:::zeroGrob’
  See the note in ?`:::` about the use of this operator.
* checking S3 generic/method consistency ... OK
* checking replacement functions ... OK
* checking foreign function calls ... OK
* checking R code for possible problems ... NOTE
stat_mismatch,BamFile : .local: warning in pileupAsGRanges(data, region
  = which): partial argument match of 'region' to 'regions'
.combineNames: no visible binding for global variable
  ‘.layout_circle.geoms’
.combineNames: no visible binding for global variable
  ‘.layout_circle.stats’
align.plots: no visible binding for global variable ‘lgrobs’
alignPlots: no visible binding for global variable ‘lgrobs’
getNR: no visible global function definition for ‘se’
getNR: no visible global function definition for ‘indexProbesProcessed’
getNR: no visible global function definition for ‘coefs’
ggsave : default_name: no visible global function definition for
  ‘digest.ggplot’
Ideogram: no visible binding for global variable ‘ideoCyto’
Ideogram: no visible binding for global variable ‘cytobands’
plotInter: no visible binding for global variable ‘fe’
plotInter: no visible binding for global variable ‘value’
plotInter2: no visible binding for global variable ‘fe’
plotInter2: no visible binding for global variable ‘value’
plotKaryogram: no visible binding for global variable ‘cytobands’
plotStackedOverview: no visible binding for global variable ‘cytobands’
scale_x_sequnit: no visible binding for global variable ‘.x’
ScalePlot: no visible binding for global variable ‘y’
ScalePlot2: no visible binding for global variable ‘breaks’
ScalePlot2: no visible binding for global variable ‘yend’
ScalePlot2: no visible binding for global variable ‘y.text’
autoplot,ExpressionSet : .local: no visible binding for global variable
  ‘variable’
autoplot,RangedSummarizedExperiment : .local: no visible binding for
  global variable ‘sset’
autoplot,RangedSummarizedExperiment : .local: no visible binding for
  global variable ‘variable’
autoplot,TabixFile : .local: no visible global function definition for
  ‘file_ext’
autoplot,TabixFile : .local: no visible global function definition for
  ‘file_path_sans_ext’
autoplot,TabixFile : .local: no visible global function definition for
  ‘readVcf’
autoplot,VCF : .local: no visible binding for global variable
  ‘stepping’
autoplot,VCF : .local: no visible binding for global variable ‘value’
autoplot,Views : .local: no visible binding for global variable ‘x’
autoplot,Views : .local: no visible binding for global variable ‘value’
autoplot,VRanges : .local: no visible binding for global variable
  ‘midpoint’
geom_alignment,BamFile : .local: no visible binding for global variable
  ‘fl’
geom_alignment,BamFile : .local: no visible binding for global variable
  ‘stepping’
geom_alignment,OrganismDb : .local: no visible global function
  definition for ‘select’
height,gg: no visible binding for global variable ‘mt’
height,GGbio: no visible binding for global variable ‘mt’
height,Tracked: no visible binding for global variable ‘mt’
layout_karyogram,GRanges : .local: no visible binding for global
  variable ‘gieStain’
layout_karyogram,GRanges : .local: no visible binding for global
  variable ‘x’
layout_karyogram,GRanges : .local: no visible binding for global
  variable ‘y’
layout_karyogram,GRanges : .local: no visible binding for global
  variable ‘xend’
layout_karyogram,GRanges : .local: no visible binding for global
  variable ‘yend’
layout_karyogram,GRanges : .local: no visible binding for global
  variable ‘y2’
layout_karyogram,GRanges : .local: no visible binding for global
  variable ‘yend2’
layout_karyogram,GRanges : .local : <anonymous>: no visible binding for
  global variable ‘name’
layout_karyogram,GRanges : .local : <anonymous>: no visible binding for
  global variable ‘gieStain’
plotFragLength,character-GRanges : .local: no visible global function
  definition for ‘qutoplot’
plotFragLength,character-GRanges : .local: no visible binding for
  global variable ‘.fragLength’
stat_mismatch,GRanges : .local: no visible binding for global variable
  ‘sts’
stat_mismatch,GRanges : .local: no visible binding for global variable
  ‘eds’
stat_mismatch,GRanges : .local: no visible binding for global variable
  ‘read’
* checking Rd files ... OK
* checking Rd metadata ... OK
* checking Rd cross-references ... OK
* checking for missing documentation entries ... OK
* checking for code/documentation mismatches ... OK
* checking Rd \usage sections ... OK
* checking Rd contents ... OK
* checking for unstated dependencies in examples ... OK
* checking line endings in Makefiles ... OK
* checking for GNU extensions in Makefiles ... OK
* checking sizes of PDF files under ‘inst/doc’ ... OK
* checking installed files from ‘inst/doc’ ... OK
* checking files in ‘vignettes’ ... OK
* checking examples ... [342s/345s] OK
Examples with CPU or elapsed time > 5s
                          user system elapsed
autoplot-method         80.097  2.141  82.468
geom_alignment-method   49.179  1.237  50.421
layout_karyogram-method 34.559  0.073  34.677
tracks                  31.039  0.070  31.124
plotRangesLinkedToData  13.800  0.300  14.103
stat_aggregate-method   13.270  0.045  13.318
geom_arrow-method       13.086  0.037  13.127
stat_reduce-method      11.309  0.326  11.641
ggplot-method           10.031  0.096  10.209
layout_circle-method     8.917  0.014   8.933
plotGrandLinear          5.968  0.040   6.020
stat_bin-method          5.952  0.042   6.080
geom_chevron-method      5.225  0.014   5.243
scale_fill_giemsa        4.599  0.015   6.287
* checking for unstated dependencies in ‘tests’ ... OK
* checking tests ...
  Running ‘test-all.R’ [14s/14s]
 [14s/14s] OK
* checking for unstated dependencies in vignettes ... OK
* checking package vignettes in ‘inst/doc’ ... OK
* checking running R code from vignettes ... SKIPPED
* checking re-building of vignette outputs ... SKIPPED
* checking PDF version of manual ... OK
* DONE
Status: 1 WARNING, 3 NOTEs
See
  ‘/Users/biocbuild/bbs-3.2-bioc/meat/ggbio.Rcheck/00check.log’
for details.
 
* installing *source* package ‘ggbio’ ...
** R
** inst
** preparing package for lazy loading
Creating a new generic function for ‘rescale’ in package ‘ggbio’
Creating a new generic function for ‘xlim’ in package ‘ggbio’
Creating a generic function for ‘print’ from package ‘base’ in package ‘ggbio’
Warning: 'eval' is deprecated.
Use 'plotIdeogram' instead.
See help("Deprecated")
Creating a new generic function for ‘geom_rect’ in package ‘ggbio’
Creating a new generic function for ‘geom_segment’ in package ‘ggbio’
Creating a new generic function for ‘geom_bar’ in package ‘ggbio’
Creating a new generic function for ‘stat_identity’ in package ‘ggbio’
Creating a new generic function for ‘stat_bin’ in package ‘ggbio’
** help
*** installing help indices
** building package indices
** installing vignettes
** testing if installed package can be loaded
* DONE (ggbio)