BioC 3.2: CHECK report for ChemmineR on zin1
This page was generated on 2015-08-24 10:47:34 -0700 (Mon, 24 Aug 2015).
ChemmineR 2.21.7 Thomas Girke
Snapshot Date: 2015-08-23 16:24:14 -0700 (Sun, 23 Aug 2015) | URL: https://hedgehog.fhcrc.org/bioconductor/trunk/madman/Rpacks/ChemmineR | Last Changed Rev: 104619 / Revision: 107696 | Last Changed Date: 2015-06-05 15:42:35 -0700 (Fri, 05 Jun 2015) |
| zin1 | Linux (Ubuntu 14.04.2 LTS) / x86_64 | OK | OK | [ WARNINGS ] | | ![UNNEEDED, same version exists in internal repository UNNEEDED, same version exists in internal repository](../120px-Blue_Light_Icon.svg.png) |
perceval | Mac OS X Snow Leopard (10.6.8) / x86_64 | OK | OK | WARNINGS | OK | ![UNNEEDED, same version exists in internal repository UNNEEDED, same version exists in internal repository](../120px-Blue_Light_Icon.svg.png) |
oaxaca | Mac OS X Mavericks (10.9.5) / x86_64 | OK | OK | WARNINGS | OK | ![UNNEEDED, same version exists in internal repository UNNEEDED, same version exists in internal repository](../120px-Blue_Light_Icon.svg.png) |
Summary
Package: ChemmineR |
Version: 2.21.7 |
Command: /home/biocbuild/bbs-3.2-bioc/R/bin/R CMD check --no-vignettes --timings ChemmineR_2.21.7.tar.gz |
StartedAt: 2015-08-23 22:23:53 -0700 (Sun, 23 Aug 2015) |
EndedAt: 2015-08-23 22:25:48 -0700 (Sun, 23 Aug 2015) |
EllapsedTime: 115.5 seconds |
RetCode: 0 |
Status: WARNINGS |
CheckDir: ChemmineR.Rcheck |
Warnings: 1 |
Command output
##############################################################################
##############################################################################
###
### Running command:
###
### /home/biocbuild/bbs-3.2-bioc/R/bin/R CMD check --no-vignettes --timings ChemmineR_2.21.7.tar.gz
###
##############################################################################
##############################################################################
* using log directory ‘/home/biocbuild/bbs-3.2-bioc/meat/ChemmineR.Rcheck’
* using R version 3.2.2 (2015-08-14)
* using platform: x86_64-pc-linux-gnu (64-bit)
* using session charset: UTF-8
* using option ‘--no-vignettes’
* checking for file ‘ChemmineR/DESCRIPTION’ ... OK
* checking extension type ... Package
* this is package ‘ChemmineR’ version ‘2.21.7’
* checking package namespace information ... OK
* checking package dependencies ... OK
* checking if this is a source package ... OK
* checking if there is a namespace ... OK
* checking for hidden files and directories ... OK
* checking for portable file names ... OK
* checking for sufficient/correct file permissions ... OK
* checking whether package ‘ChemmineR’ can be installed ... [17s/18s] OK
* checking installed package size ... OK
* checking package directory ... OK
* checking ‘build’ directory ... OK
* checking DESCRIPTION meta-information ... NOTE
Package listed in more than one of Depends, Imports, Suggests, Enhances:
‘ChemmineOB’
A package should be listed in only one of these fields.
* checking top-level files ... OK
* checking for left-over files ... OK
* checking index information ... OK
* checking package subdirectories ... OK
* checking R files for non-ASCII characters ... OK
* checking R files for syntax errors ... OK
* checking whether the package can be loaded ... OK
* checking whether the package can be loaded with stated dependencies ... OK
* checking whether the package can be unloaded cleanly ... OK
* checking whether the namespace can be loaded with stated dependencies ... OK
* checking whether the namespace can be unloaded cleanly ... OK
* checking dependencies in R code ... NOTE
'library' or 'require' calls in package code:
‘ChemmineDrugs’ ‘ChemmineOB’ ‘RPostgreSQL’ ‘RSQLite’ ‘fmcsR’ ‘grid’
‘png’ ‘snow’
Please use :: or requireNamespace() instead.
See section 'Suggested packages' in the 'Writing R Extensions' manual.
Namespace in Imports field not imported from: ‘BiocGenerics’
All declared Imports should be used.
* checking S3 generic/method consistency ... OK
* checking replacement functions ... OK
* checking foreign function calls ... OK
* checking R code for possible problems ... NOTE
Found the following possibly unsafe calls:
File ‘ChemmineR/R/sim.R’:
unlockBinding(".progress_bar_int_cnt", environment(.progress_bar))
.data.frame.to.str: no visible binding for global variable ‘string’
.parseV3000: no visible binding for global variable ‘AW’
applyOptions: no visible global function definition for ‘convertFormat’
canonicalNumbering: no visible global function definition for
‘canonicalNumbering_OB’
canonicalNumberingOB: no visible global function definition for
‘canonicalNumbering_OB’
concatenate_plots: no visible binding for global variable ‘arrangeGrob’
draw_sdf: no visible global function definition for ‘fmcs’
exactMassOB: no visible global function definition for ‘exactMass_OB’
fingerprintOB: no visible global function definition for
‘fingerprint_OB’
getDbConn: no visible global function definition for ‘error’
handle_raster: no visible global function definition for ‘readPNG’
handle_raster: no visible global function definition for ‘rasterGrob’
handle_segs: no visible binding for global variable ‘C1’
handle_segs: no visible binding for global variable ‘C2’
handle_segs: no visible binding for global variable ‘C1.1’
handle_segs: no visible binding for global variable ‘C2.1’
handle_text: no visible binding for global variable ‘C1’
handle_text: no visible binding for global variable ‘C2’
insertDef: no visible global function definition for
‘dbGetPreparedQuery’
insertDescriptor: no visible global function definition for
‘dbGetPreparedQuery’
insertDescriptorType: no visible global function definition for
‘dbGetPreparedQuery’
insertFeature: no visible global function definition for
‘dbGetPreparedQuery’
insertNamedDef: no visible global function definition for
‘dbGetPreparedQuery’
parBatchByIndex: no visible global function definition for
‘clusterExport’
parBatchByIndex: no visible global function definition for
‘clusterApplyLB’
postgresqlWriteTable: no visible global function definition for
‘postgresqlTableRef’
postgresqlWriteTable: no visible global function definition for
‘postgresqlQuoteId’
postgresqlWriteTable: no visible global function definition for
‘postgresqlpqExec’
postgresqlWriteTable: no visible global function definition for
‘postgresqlCopyInDataframe’
postgresqlWriteTable: no visible global function definition for
‘postgresqlgetResult’
propOB: no visible global function definition for ‘prop_OB’
sdf2OBMol: no visible global function definition for ‘forEachMol’
sdf2smiles: no visible global function definition for ‘convertFormat’
sdf2smilesOB: no visible global function definition for ‘convertFormat’
setPriorities: no visible global function definition for
‘clusterExport’
smartsSearchOB: no visible global function definition for
‘smartsSearch_OB’
smile2sdfFile: no visible global function definition for
‘convertFormatFile’
smiles2sdf: no visible global function definition for ‘convertFormat’
smiles2sdfOB: no visible global function definition for ‘convertFormat’
updatePriorities: no visible global function definition for
‘dbGetPreparedQuery’
* checking Rd files ... OK
* checking Rd metadata ... OK
* checking Rd cross-references ... OK
* checking for missing documentation entries ... OK
* checking for code/documentation mismatches ... OK
* checking Rd \usage sections ... OK
* checking Rd contents ... OK
* checking for unstated dependencies in examples ... OK
* checking contents of ‘data’ directory ... OK
* checking data for non-ASCII characters ... OK
* checking data for ASCII and uncompressed saves ... OK
* checking line endings in C/C++/Fortran sources/headers ... OK
* checking line endings in Makefiles ... OK
* checking compilation flags in Makevars ... OK
* checking for GNU extensions in Makefiles ... WARNING
Found the following file(s) containing GNU extensions:
src/Makevars
Portable Makefiles do not use GNU extensions such as +=, :=, $(shell),
$(wildcard), ifeq ... endif. See section ‘Writing portable packages’ in
the ‘Writing R Extensions’ manual.
* checking for portable use of $(BLAS_LIBS) and $(LAPACK_LIBS) ... OK
* checking compiled code ... NOTE
File ‘ChemmineR/libs/ChemmineR.so’:
Found ‘_ZSt4cerr’, possibly from ‘std::cerr’ (C++)
Objects: ‘desc.o’, ‘formats.o’, ‘script.o’
Found ‘_ZSt4cout’, possibly from ‘std::cout’ (C++)
Object: ‘cluster.o’
Compiled code should not call entry points which might terminate R nor
write to stdout/stderr instead of to the console, nor the system RNG.
See ‘Writing portable packages’ in the ‘Writing R Extensions’ manual.
* checking installed files from ‘inst/doc’ ... OK
* checking files in ‘vignettes’ ... NOTE
The following directory looks like a leftover from 'knitr':
‘figure’
Please remove from your package.
* checking examples ... [35s/36s] OK
* checking for unstated dependencies in ‘tests’ ... OK
* checking tests ...
Running ‘runTests.R’ [16s/17s]
[16s/17s] OK
* checking for unstated dependencies in vignettes ... OK
* checking package vignettes in ‘inst/doc’ ... OK
* checking running R code from vignettes ... SKIPPED
* checking re-building of vignette outputs ... SKIPPED
* checking PDF version of manual ... OK
* DONE
Status: 1 WARNING, 5 NOTEs
See
‘/home/biocbuild/bbs-3.2-bioc/meat/ChemmineR.Rcheck/00check.log’
for details.
ChemmineR.Rcheck/00install.out:
* installing *source* package ‘ChemmineR’ ...
** libs
g++ -I/home/biocbuild/bbs-3.2-bioc/R/include -DNDEBUG -I/usr/local/include -I"/home/biocbuild/bbs-3.2-bioc/R/library/Rcpp/include" -I"/home/biocbuild/bbs-3.2-bioc/R/library/BH/include" -DNO_MAIN -DNO_DEBUG -fpic -g -O2 -Wall -c DisjointSets.cpp -o DisjointSets.o
g++ -I/home/biocbuild/bbs-3.2-bioc/R/include -DNDEBUG -I/usr/local/include -I"/home/biocbuild/bbs-3.2-bioc/R/library/Rcpp/include" -I"/home/biocbuild/bbs-3.2-bioc/R/library/BH/include" -DNO_MAIN -DNO_DEBUG -fpic -g -O2 -Wall -c cluster.cc -o cluster.o
cluster.cc: In function ‘int nbr_intersect(std::vector<int>&, std::vector<int>&)’:
cluster.cc:118:24: warning: comparison between signed and unsigned integer expressions [-Wsign-compare]
while (i < nbrs1.size() and j < nbrs2.size()) {
^
cluster.cc:118:45: warning: comparison between signed and unsigned integer expressions [-Wsign-compare]
while (i < nbrs1.size() and j < nbrs2.size()) {
^
cluster.cc: In function ‘int contains(int, std::vector<int>&)’:
cluster.cc:131:29: warning: comparison between signed and unsigned integer expressions [-Wsign-compare]
for(int i=0; i < list.size(); i++)
^
cluster.cc: In function ‘DisjointSets cluster(int, int, int, int)’:
cluster.cc:267:40: warning: comparison between signed and unsigned integer expressions [-Wsign-compare]
for (int j = 0; j < nbr_list[i].size(); j ++) {
^
cluster.cc: In function ‘void loadNNMatrix(int, int, int, SEXP)’:
cluster.cc:284:22: warning: comparison between signed and unsigned integer expressions [-Wsign-compare]
for(unsigned i=0; i<N; i++) //rows
^
cluster.cc:298:20: warning: comparison between signed and unsigned integer expressions [-Wsign-compare]
if(nbrs.size() < minNbrs) // will end up a singleton
^
cluster.cc: In function ‘void loadNNList(int, int, SEXP)’:
cluster.cc:314:22: warning: comparison between signed and unsigned integer expressions [-Wsign-compare]
for(unsigned i=0; i<N; i++) //rows
^
cluster.cc:332:20: warning: comparison between signed and unsigned integer expressions [-Wsign-compare]
if(nbrs.size() < minNbrs) // will end up a singleton
^
cluster.cc: In function ‘SEXPREC* jarvis_patrick(SEXP, SEXP, SEXP, SEXP, SEXP)’:
cluster.cc:390:22: warning: comparison between signed and unsigned integer expressions [-Wsign-compare]
for(unsigned i=0; i<N; i++){
^
cluster.cc: At global scope:
cluster.cc:49:13: warning: ‘void prepare_neighbors(const char*, int, int)’ defined but not used [-Wunused-function]
void static prepare_neighbors(const char* nbr_file, int skip, int p)
^
g++ -I/home/biocbuild/bbs-3.2-bioc/R/include -DNDEBUG -I/usr/local/include -I"/home/biocbuild/bbs-3.2-bioc/R/library/Rcpp/include" -I"/home/biocbuild/bbs-3.2-bioc/R/library/BH/include" -DNO_MAIN -DNO_DEBUG -fpic -g -O2 -Wall -c cstrsplit.cc -o cstrsplit.o
g++ -I/home/biocbuild/bbs-3.2-bioc/R/include -DNDEBUG -I/usr/local/include -I"/home/biocbuild/bbs-3.2-bioc/R/library/Rcpp/include" -I"/home/biocbuild/bbs-3.2-bioc/R/library/BH/include" -DNO_MAIN -DNO_DEBUG -fpic -g -O2 -Wall -c desc.cc -o desc.o
desc.cc: In function ‘SEXPREC* genAPDescriptor(SEXP)’:
desc.cc:249:30: warning: comparison between signed and unsigned integer expressions [-Wsign-compare]
for(int i=0; i < descs.size(); i++)
^
g++ -I/home/biocbuild/bbs-3.2-bioc/R/include -DNDEBUG -I/usr/local/include -I"/home/biocbuild/bbs-3.2-bioc/R/library/Rcpp/include" -I"/home/biocbuild/bbs-3.2-bioc/R/library/BH/include" -DNO_MAIN -DNO_DEBUG -fpic -g -O2 -Wall -c fingerprints.cc -o fingerprints.o
fingerprints.cc: In function ‘SEXPREC* uniquifyAtomPairs(SEXP)’:
fingerprints.cc:138:28: warning: comparison between signed and unsigned integer expressions [-Wsign-compare]
for(int i=0; i < aps.size(); i++)
^
fingerprints.cc:145:28: warning: comparison between signed and unsigned integer expressions [-Wsign-compare]
for(int i=0; i < aps.size(); i++){
^
fingerprints.cc:158:28: warning: comparison between signed and unsigned integer expressions [-Wsign-compare]
for(int i=0; i < aps.size(); i++){
^
g++ -I/home/biocbuild/bbs-3.2-bioc/R/include -DNDEBUG -I/usr/local/include -I"/home/biocbuild/bbs-3.2-bioc/R/library/Rcpp/include" -I"/home/biocbuild/bbs-3.2-bioc/R/library/BH/include" -DNO_MAIN -DNO_DEBUG -fpic -g -O2 -Wall -c formats.cc -o formats.o
g++ -I/home/biocbuild/bbs-3.2-bioc/R/include -DNDEBUG -I/usr/local/include -I"/home/biocbuild/bbs-3.2-bioc/R/library/Rcpp/include" -I"/home/biocbuild/bbs-3.2-bioc/R/library/BH/include" -DNO_MAIN -DNO_DEBUG -fpic -g -O2 -Wall -c molecule.cc -o molecule.o
g++ -I/home/biocbuild/bbs-3.2-bioc/R/include -DNDEBUG -I/usr/local/include -I"/home/biocbuild/bbs-3.2-bioc/R/library/Rcpp/include" -I"/home/biocbuild/bbs-3.2-bioc/R/library/BH/include" -DNO_MAIN -DNO_DEBUG -fpic -g -O2 -Wall -c r_wrap.cc -o r_wrap.o
r_wrap.cc: In function ‘SEXPREC* SWIG_MakePtr(void*, const char*, R_SWIG_Owner)’:
r_wrap.cc:949:15: warning: variable ‘p’ set but not used [-Wunused-but-set-variable]
const char *p = typeName;
^
g++ -I/home/biocbuild/bbs-3.2-bioc/R/include -DNDEBUG -I/usr/local/include -I"/home/biocbuild/bbs-3.2-bioc/R/library/Rcpp/include" -I"/home/biocbuild/bbs-3.2-bioc/R/library/BH/include" -DNO_MAIN -DNO_DEBUG -fpic -g -O2 -Wall -c script.cc -o script.o
In file included from script.cc:2:0:
desc.h:39:13: warning: ‘elements’ defined but not used [-Wunused-variable]
static char elements[112][3] = {
^
g++ -I/home/biocbuild/bbs-3.2-bioc/R/include -DNDEBUG -I/usr/local/include -I"/home/biocbuild/bbs-3.2-bioc/R/library/Rcpp/include" -I"/home/biocbuild/bbs-3.2-bioc/R/library/BH/include" -DNO_MAIN -DNO_DEBUG -fpic -g -O2 -Wall -c similarity.cc -o similarity.o
In file included from similarity.cc:1:0:
desc.h:39:13: warning: ‘elements’ defined but not used [-Wunused-variable]
static char elements[112][3] = {
^
g++ -shared -L/home/biocbuild/bbs-3.2-bioc/R/lib -L/usr/local/lib -o ChemmineR.so DisjointSets.o cluster.o cstrsplit.o desc.o fingerprints.o formats.o molecule.o r_wrap.o script.o similarity.o -L/home/biocbuild/bbs-3.2-bioc/R/lib -lR
installing to /home/biocbuild/bbs-3.2-bioc/meat/ChemmineR.Rcheck/ChemmineR/libs
** R
** data
** inst
** preparing package for lazy loading
Creating a generic function for ‘as.vector’ from package ‘base’ in package ‘ChemmineR’
Creating a generic function for ‘as.matrix’ from package ‘base’ in package ‘ChemmineR’
Creating a generic function for ‘plot’ from package ‘graphics’ in package ‘ChemmineR’
Creating a generic function for ‘print’ from package ‘base’ in package ‘ChemmineR’
** help
*** installing help indices
** building package indices
** installing vignettes
** testing if installed package can be loaded
* DONE (ChemmineR)
ChemmineR.Rcheck/ChemmineR-Ex.timings:
name | user | system | elapsed
|
AP-class | 0.372 | 0.032 | 0.404 |
|
APset-class | 0.379 | 0.032 | 0.410 |
|
ExtSDF-class | 0.001 | 0.000 | 0.001 |
|
FP-class | 0.157 | 0.000 | 0.157 |
|
FPset-class | 0.356 | 0.012 | 0.368 |
|
SDF-class | 0.065 | 0.004 | 0.069 |
|
SDF2apcmp | 0.024 | 0.000 | 0.025 |
|
SDFset-class | 0.396 | 0.020 | 0.416 |
|
SDFset2SDF | 0.131 | 0.000 | 0.131 |
|
SDFset2list | 0.054 | 0.016 | 0.072 |
|
SDFstr-class | 0.277 | 0.000 | 0.277 |
|
SMI-class | 0.003 | 0.000 | 0.003 |
|
SMIset-class | 0.011 | 0.000 | 0.011 |
|
addDescriptorType | 0 | 0 | 0 |
|
addNewFeatures | 2.639 | 0.027 | 2.667 |
|
ap | 0.091 | 0.012 | 0.103 |
|
apfp | 0.003 | 0.000 | 0.003 |
|
apset | 0.005 | 0.000 | 0.005 |
|
apset2descdb | 0.325 | 0.039 | 0.366 |
|
atomblock | 0.086 | 0.013 | 0.098 |
|
atomcount | 0.189 | 0.000 | 0.189 |
|
atomprop | 0.003 | 0.000 | 0.003 |
|
atomsubset | 0.027 | 0.000 | 0.027 |
|
batchByIndex | 0.001 | 0.000 | 0.001 |
|
bondblock | 0.094 | 0.004 | 0.099 |
|
bonds | 0.031 | 0.000 | 0.030 |
|
browseJob | 0.001 | 0.000 | 0.001 |
|
bufferLines | 0 | 0 | 0 |
|
bufferResultSet | 0.001 | 0.000 | 0.001 |
|
byCluster | 0.851 | 0.008 | 0.860 |
|
canonicalNumbering | 0.234 | 0.016 | 0.570 |
|
canonicalize | 0.044 | 0.000 | 0.052 |
|
cid | 0.023 | 0.000 | 0.023 |
|
cluster.sizestat | 0.673 | 0.004 | 0.677 |
|
cluster.visualize | 0.798 | 0.000 | 0.797 |
|
cmp.cluster | 2.330 | 0.024 | 2.353 |
|
cmp.duplicated | 0.068 | 0.000 | 0.067 |
|
cmp.parse | 0.023 | 0.000 | 0.023 |
|
cmp.parse1 | 0 | 0 | 0 |
|
cmp.search | 0.691 | 0.004 | 0.697 |
|
cmp.similarity | 0.019 | 0.000 | 0.019 |
|
conMA | 0.059 | 0.004 | 0.063 |
|
connections | 0.195 | 0.000 | 0.248 |
|
datablock | 0.257 | 0.007 | 0.264 |
|
datablock2ma | 0.037 | 0.000 | 0.038 |
|
db.explain | 0.048 | 0.008 | 0.055 |
|
db.subset | 0.004 | 0.000 | 0.004 |
|
dbTransaction | 0.038 | 0.000 | 0.039 |
|
desc2fp | 0.126 | 0.000 | 0.126 |
|
draw_sdf | 0.391 | 0.004 | 0.404 |
|
exactMassOB | 0.635 | 0.004 | 0.642 |
|
findCompounds | 2.275 | 0.000 | 2.278 |
|
findCompoundsByName | 0.318 | 0.000 | 0.317 |
|
fingerprintOB | 0 | 0 | 0 |
|
fold | 0.001 | 0.000 | 0.001 |
|
foldCount | 0.001 | 0.000 | 0.001 |
|
fp2bit | 0.37 | 0.00 | 0.37 |
|
fpSim | 0.397 | 0.000 | 0.397 |
|
fptype | 0.001 | 0.000 | 0.001 |
|
fromNNMatrix | 0.917 | 0.000 | 0.915 |
|
genAPDescriptors | 0.016 | 0.000 | 0.017 |
|
genParameters | 0.518 | 0.000 | 0.517 |
|
generate3DCoords | 0 | 0 | 0 |
|
getAllCompoundIds | 0.331 | 0.000 | 0.332 |
|
getCompoundFeatures | 2.184 | 0.000 | 2.182 |
|
getCompoundNames | 0.322 | 0.004 | 0.325 |
|
getCompounds | 0.340 | 0.000 | 0.343 |
|
getIds | 0.001 | 0.000 | 0.000 |
|
grepSDFset | 0.049 | 0.000 | 0.050 |
|
groups | 0.125 | 0.000 | 0.125 |
|
header | 0.091 | 0.004 | 0.094 |
|
initDb | 0.030 | 0.000 | 0.033 |
|
jarvisPatrick | 1.999 | 0.004 | 2.001 |
|
jobToken-class | 0.001 | 0.000 | 0.001 |
|
launchCMTool | 0.001 | 0.000 | 0.001 |
|
listCMTools | 0.001 | 0.000 | 0.001 |
|
listFeatures | 0.387 | 0.008 | 0.395 |
|
loadSdf | 2.458 | 0.000 | 2.457 |
|
makeUnique | 0.017 | 0.000 | 0.017 |
|
maximallyDissimilar | 0.26 | 0.00 | 0.26 |
|
nearestNeighbors | 1.216 | 0.000 | 1.215 |
|
numBits | 0.001 | 0.000 | 0.001 |
|
obmol | 0.034 | 0.000 | 0.034 |
|
parBatchByIndex | 0.000 | 0.000 | 0.001 |
|
plotStruc | 0.241 | 0.004 | 0.244 |
|
propOB | 0.001 | 0.000 | 0.001 |
|
pubchemFPencoding | 0.002 | 0.000 | 0.002 |
|
read.AP | 0.017 | 0.000 | 0.017 |
|
read.SDFindex | 0.016 | 0.000 | 0.016 |
|
read.SDFset | 0.651 | 0.000 | 0.651 |
|
read.SDFstr | 0.971 | 0.000 | 0.970 |
|
read.SMIset | 0.002 | 0.000 | 0.002 |
|
regenerateCoords | 0.001 | 0.000 | 0.000 |
|
result | 0.001 | 0.000 | 0.001 |
|
rings | 0.492 | 0.008 | 0.500 |
|
sdf.subset | 0.001 | 0.000 | 0.000 |
|
sdf.visualize | 0.018 | 0.000 | 0.018 |
|
sdf2ap | 0.368 | 0.056 | 0.424 |
|
sdf2list | 0.026 | 0.008 | 0.034 |
|
sdf2smiles | 0.001 | 0.000 | 0.001 |
|
sdf2str | 0.028 | 0.000 | 0.028 |
|
sdfStream | 0.010 | 0.004 | 0.017 |
|
sdfid | 0.021 | 0.000 | 0.021 |
|
sdfsample | 0.049 | 0.000 | 0.049 |
|
sdfstr2list | 0.681 | 0.195 | 0.886 |
|
searchSim | 0.001 | 0.000 | 0.000 |
|
searchString | 0.001 | 0.000 | 0.001 |
|
selectInBatches | 0.001 | 0.000 | 0.001 |
|
setPriorities | 0 | 0 | 0 |
|
smartsSearchOB | 0.000 | 0.004 | 0.001 |
|
smiles2sdf | 0 | 0 | 0 |
|
smisample | 0.003 | 0.000 | 0.003 |
|
status | 0.000 | 0.000 | 0.001 |
|
toolDetails | 0.001 | 0.000 | 0.001 |
|
trimNeighbors | 1.700 | 0.001 | 1.699 |
|
validSDF | 0.019 | 0.000 | 0.019 |
|
view | 0.055 | 0.000 | 0.054 |
|
write.SDF | 0.174 | 0.003 | 0.179 |
|
write.SDFsplit | 0.016 | 0.000 | 0.016 |
|
write.SMI | 0.002 | 0.001 | 0.002 |
|