| Back to Build/check report for BioC 3.19 experimental data | 
 | 
This page was generated on 2024-10-17 14:51 -0400 (Thu, 17 Oct 2024).
| Hostname | OS | Arch (*) | R version | Installed pkgs | 
|---|---|---|---|---|
| nebbiolo1 | Linux (Ubuntu 22.04.3 LTS) | x86_64 | 4.4.1 (2024-06-14) -- "Race for Your Life" | 4763 | 
| Click on any hostname to see more info about the system (e.g. compilers) (*) as reported by 'uname -p', except on Windows and Mac OS X | ||||
| Package 280/430 | Hostname | OS / Arch | INSTALL | BUILD | CHECK | ||||||||
| optimalFlowData 1.16.0  (landing page) Hristo Inouzhe 
 | nebbiolo1 | Linux (Ubuntu 22.04.3 LTS) / x86_64 | OK | OK | WARNINGS |  | |||||||
| To the developers/maintainers of the optimalFlowData package: - Use the following Renviron settings to reproduce errors and warnings. - If 'R CMD check' started to fail recently on the Linux builder(s) over a missing dependency, add the missing dependency to 'Suggests:' in your DESCRIPTION file. See Renviron.bioc for more information. | 
| Package: optimalFlowData | 
| Version: 1.16.0 | 
| Command: /home/biocbuild/bbs-3.19-bioc/R/bin/R CMD check --install=check:optimalFlowData.install-out.txt --library=/home/biocbuild/bbs-3.19-bioc/R/site-library --timings optimalFlowData_1.16.0.tar.gz | 
| StartedAt: 2024-10-17 11:52:05 -0400 (Thu, 17 Oct 2024) | 
| EndedAt: 2024-10-17 11:53:07 -0400 (Thu, 17 Oct 2024) | 
| EllapsedTime: 62.0 seconds | 
| RetCode: 0 | 
| Status: WARNINGS | 
| CheckDir: optimalFlowData.Rcheck | 
| Warnings: 1 | 
##############################################################################
##############################################################################
###
### Running command:
###
###   /home/biocbuild/bbs-3.19-bioc/R/bin/R CMD check --install=check:optimalFlowData.install-out.txt --library=/home/biocbuild/bbs-3.19-bioc/R/site-library --timings optimalFlowData_1.16.0.tar.gz
###
##############################################################################
##############################################################################
* using log directory ‘/home/biocbuild/bbs-3.19-data-experiment/meat/optimalFlowData.Rcheck’
* using R version 4.4.1 (2024-06-14)
* using platform: x86_64-pc-linux-gnu
* R was compiled by
    gcc (Ubuntu 11.4.0-1ubuntu1~22.04) 11.4.0
    GNU Fortran (Ubuntu 11.4.0-1ubuntu1~22.04) 11.4.0
* running under: Ubuntu 22.04.5 LTS
* using session charset: UTF-8
* checking for file ‘optimalFlowData/DESCRIPTION’ ... OK
* checking extension type ... Package
* this is package ‘optimalFlowData’ version ‘1.16.0’
* package encoding: UTF-8
* checking package namespace information ... OK
* checking package dependencies ... OK
* checking if this is a source package ... OK
* checking if there is a namespace ... OK
* checking for hidden files and directories ... OK
* checking for portable file names ... OK
* checking for sufficient/correct file permissions ... OK
* checking whether package ‘optimalFlowData’ can be installed ... OK
* checking installed package size ... NOTE
  installed size is 97.4Mb
  sub-directories of 1Mb or more:
    data  97.2Mb
* checking package directory ... OK
* checking ‘build’ directory ... OK
* checking DESCRIPTION meta-information ... OK
* checking top-level files ... OK
* checking for left-over files ... OK
* checking index information ... OK
* checking package subdirectories ... OK
* checking code files for non-ASCII characters ... OK
* checking R files for syntax errors ... OK
* checking whether the package can be loaded ... OK
* checking whether the package can be loaded with stated dependencies ... OK
* checking whether the package can be unloaded cleanly ... OK
* checking whether the namespace can be loaded with stated dependencies ... OK
* checking whether the namespace can be unloaded cleanly ... OK
* checking loading without being on the library search path ... OK
* checking dependencies in R code ... OK
* checking S3 generic/method consistency ... OK
* checking replacement functions ... OK
* checking foreign function calls ... OK
* checking R code for possible problems ... OK
* checking Rd files ... OK
* checking Rd metadata ... OK
* checking Rd cross-references ... OK
* checking for missing documentation entries ... OK
* checking for code/documentation mismatches ... OK
* checking Rd \usage sections ... OK
* checking Rd contents ... OK
* checking for unstated dependencies in examples ... OK
* checking contents of ‘data’ directory ... OK
* checking data for non-ASCII characters ... OK
* checking LazyData ... WARNING
  LazyData DB of 97.2 MB without LazyDataCompression set
  See §1.1.6 of 'Writing R Extensions'
* checking data for ASCII and uncompressed saves ... OK
* checking files in ‘vignettes’ ... OK
* checking examples ... OK
* checking for unstated dependencies in vignettes ... OK
* checking package vignettes ... OK
* checking re-building of vignette outputs ... OK
* checking PDF version of manual ... OK
* DONE
Status: 1 WARNING, 1 NOTE
See
  ‘/home/biocbuild/bbs-3.19-data-experiment/meat/optimalFlowData.Rcheck/00check.log’
for details.
optimalFlowData.Rcheck/00install.out
############################################################################## ############################################################################## ### ### Running command: ### ### /home/biocbuild/bbs-3.19-bioc/R/bin/R CMD INSTALL optimalFlowData ### ############################################################################## ############################################################################## * installing to library ‘/home/biocbuild/bbs-3.19-bioc/R/site-library’ * installing *source* package ‘optimalFlowData’ ... ** using staged installation ** R ** data *** moving datasets to lazyload DB ** byte-compile and prepare package for lazy loading ** help *** installing help indices ** building package indices ** installing vignettes ** testing if installed package can be loaded from temporary location ** testing if installed package can be loaded from final location ** testing if installed package keeps a record of temporary installation path * DONE (optimalFlowData)
optimalFlowData.Rcheck/optimalFlowData-Ex.timings
| name | user | system | elapsed | |
| Cytometry1 | 0.035 | 0.008 | 0.042 | |
| Cytometry10 | 0.026 | 0.003 | 0.030 | |
| Cytometry11 | 0.024 | 0.008 | 0.031 | |
| Cytometry12 | 0.024 | 0.007 | 0.031 | |
| Cytometry13 | 0.028 | 0.003 | 0.031 | |
| Cytometry14 | 0.031 | 0.011 | 0.042 | |
| Cytometry15 | 0.017 | 0.001 | 0.018 | |
| Cytometry16 | 0.017 | 0.000 | 0.018 | |
| Cytometry17 | 0.066 | 0.008 | 0.073 | |
| Cytometry18 | 0.042 | 0.019 | 0.062 | |
| Cytometry19 | 0.029 | 0.001 | 0.029 | |
| Cytometry2 | 0.059 | 0.007 | 0.066 | |
| Cytometry20 | 0.048 | 0.001 | 0.047 | |
| Cytometry21 | 0.057 | 0.004 | 0.061 | |
| Cytometry22 | 0.027 | 0.000 | 0.027 | |
| Cytometry23 | 0.030 | 0.003 | 0.034 | |
| Cytometry24 | 0.021 | 0.012 | 0.032 | |
| Cytometry25 | 0.020 | 0.012 | 0.031 | |
| Cytometry26 | 0.024 | 0.004 | 0.028 | |
| Cytometry27 | 0.074 | 0.007 | 0.081 | |
| Cytometry28 | 0.106 | 0.016 | 0.123 | |
| Cytometry29 | 0.054 | 0.025 | 0.078 | |
| Cytometry3 | 0.011 | 0.004 | 0.015 | |
| Cytometry30 | 0.056 | 0.000 | 0.057 | |
| Cytometry31 | 0.055 | 0.003 | 0.059 | |
| Cytometry32 | 0.061 | 0.000 | 0.060 | |
| Cytometry33 | 0.060 | 0.004 | 0.063 | |
| Cytometry34 | 0.076 | 0.000 | 0.075 | |
| Cytometry35 | 0.045 | 0.007 | 0.053 | |
| Cytometry36 | 0.014 | 0.000 | 0.014 | |
| Cytometry37 | 0.011 | 0.003 | 0.014 | |
| Cytometry38 | 0.010 | 0.004 | 0.014 | |
| Cytometry39 | 0.015 | 0.000 | 0.016 | |
| Cytometry4 | 0.014 | 0.001 | 0.015 | |
| Cytometry40 | 0.033 | 0.003 | 0.037 | |
| Cytometry5 | 0.014 | 0.001 | 0.015 | |
| Cytometry6 | 0.014 | 0.000 | 0.015 | |
| Cytometry7 | 0.013 | 0.003 | 0.017 | |
| Cytometry8 | 0.014 | 0.000 | 0.014 | |
| Cytometry9 | 0.021 | 0.004 | 0.026 | |
| buildDatabase | 0.576 | 0.020 | 0.596 | |
| cytometry.diagnosis | 0.002 | 0.000 | 0.003 | |
| noise.types | 0.001 | 0.000 | 0.002 | |