| Back to Build/check report for BioC 3.19 experimental data | 
 | 
This page was generated on 2024-10-17 14:51 -0400 (Thu, 17 Oct 2024).
| Hostname | OS | Arch (*) | R version | Installed pkgs | 
|---|---|---|---|---|
| nebbiolo1 | Linux (Ubuntu 22.04.3 LTS) | x86_64 | 4.4.1 (2024-06-14) -- "Race for Your Life" | 4763 | 
| Click on any hostname to see more info about the system (e.g. compilers) (*) as reported by 'uname -p', except on Windows and Mac OS X | ||||
| Package 234/430 | Hostname | OS / Arch | INSTALL | BUILD | CHECK | ||||||||
| MetaScope 1.4.0  (landing page) Aubrey Odom 
 | nebbiolo1 | Linux (Ubuntu 22.04.3 LTS) / x86_64 | OK | OK | ERROR | ||||||||
| To the developers/maintainers of the MetaScope package: - Use the following Renviron settings to reproduce errors and warnings. - If 'R CMD check' started to fail recently on the Linux builder(s) over a missing dependency, add the missing dependency to 'Suggests:' in your DESCRIPTION file. See Renviron.bioc for more information. | 
| Package: MetaScope | 
| Version: 1.4.0 | 
| Command: /home/biocbuild/bbs-3.19-bioc/R/bin/R CMD check --install=check:MetaScope.install-out.txt --library=/home/biocbuild/bbs-3.19-bioc/R/site-library --timings MetaScope_1.4.0.tar.gz | 
| StartedAt: 2024-10-17 11:41:12 -0400 (Thu, 17 Oct 2024) | 
| EndedAt: 2024-10-17 11:54:37 -0400 (Thu, 17 Oct 2024) | 
| EllapsedTime: 805.3 seconds | 
| RetCode: 1 | 
| Status: ERROR | 
| CheckDir: MetaScope.Rcheck | 
| Warnings: NA | 
##############################################################################
##############################################################################
###
### Running command:
###
###   /home/biocbuild/bbs-3.19-bioc/R/bin/R CMD check --install=check:MetaScope.install-out.txt --library=/home/biocbuild/bbs-3.19-bioc/R/site-library --timings MetaScope_1.4.0.tar.gz
###
##############################################################################
##############################################################################
* using log directory ‘/home/biocbuild/bbs-3.19-data-experiment/meat/MetaScope.Rcheck’
* using R version 4.4.1 (2024-06-14)
* using platform: x86_64-pc-linux-gnu
* R was compiled by
    gcc (Ubuntu 11.4.0-1ubuntu1~22.04) 11.4.0
    GNU Fortran (Ubuntu 11.4.0-1ubuntu1~22.04) 11.4.0
* running under: Ubuntu 22.04.5 LTS
* using session charset: UTF-8
* checking for file ‘MetaScope/DESCRIPTION’ ... OK
* checking extension type ... Package
* this is package ‘MetaScope’ version ‘1.4.0’
* package encoding: UTF-8
* checking package namespace information ... OK
* checking package dependencies ... OK
* checking if this is a source package ... OK
* checking if there is a namespace ... OK
* checking for hidden files and directories ... OK
* checking for portable file names ... OK
* checking for sufficient/correct file permissions ... OK
* checking whether package ‘MetaScope’ can be installed ... OK
* checking installed package size ... OK
* checking package directory ... OK
* checking ‘build’ directory ... OK
* checking DESCRIPTION meta-information ... OK
* checking top-level files ... OK
* checking for left-over files ... OK
* checking index information ... OK
* checking package subdirectories ... OK
* checking code files for non-ASCII characters ... OK
* checking R files for syntax errors ... OK
* checking whether the package can be loaded ... OK
* checking whether the package can be loaded with stated dependencies ... OK
* checking whether the package can be unloaded cleanly ... OK
* checking whether the namespace can be loaded with stated dependencies ... OK
* checking whether the namespace can be unloaded cleanly ... OK
* checking loading without being on the library search path ... OK
* checking dependencies in R code ... OK
* checking S3 generic/method consistency ... OK
* checking replacement functions ... OK
* checking foreign function calls ... OK
* checking R code for possible problems ... OK
* checking Rd files ... OK
* checking Rd metadata ... OK
* checking Rd cross-references ... OK
* checking for missing documentation entries ... OK
* checking for code/documentation mismatches ... OK
* checking Rd \usage sections ... OK
* checking Rd contents ... OK
* checking for unstated dependencies in examples ... OK
* checking contents of ‘data’ directory ... OK
* checking data for non-ASCII characters ... OK
* checking data for ASCII and uncompressed saves ... OK
* checking R/sysdata.rda ... OK
* checking files in ‘vignettes’ ... OK
* checking examples ... ERROR
Running examples in ‘MetaScope-Ex.R’ failed
The error most likely occurred in:
> base::assign(".ptime", proc.time(), pos = "CheckExEnv")
> ### Name: download_refseq
> ### Title: Download RefSeq genome libraries
> ### Aliases: download_refseq
> 
> ### ** Examples
> 
> #### Download RefSeq genomes
> 
> ## Download all RefSeq reference Shotokuvirae kingdom genomes
> download_refseq('Shotokuvirae', reference = TRUE, representative = FALSE,
+                 out_dir = NULL, compress = TRUE, patho_out = FALSE,
+                 caching = TRUE)
No ENTREZ API key provided
 Get one via taxize::use_entrez()
See https://ncbiinsights.ncbi.nlm.nih.gov/2017/11/02/new-api-keys-for-the-e-utilities/
No ENTREZ API key provided
 Get one via taxize::use_entrez()
See https://ncbiinsights.ncbi.nlm.nih.gov/2017/11/02/new-api-keys-for-the-e-utilities/
Error in download_genomes(species_table, taxon, patho_out, compress, out_dir,  : 
  No available genome for Shotokuvirae - try setting both `representative` and `reference` to FALSE to obtain genome from the nucleotide database.
Calls: download_refseq -> download_genomes
Execution halted
* checking for unstated dependencies in ‘tests’ ... OK
* checking tests ...
  Running ‘spelling.R’
 OK
* checking for unstated dependencies in vignettes ... OK
* checking package vignettes ... OK
* checking re-building of vignette outputs ... OK
* checking PDF version of manual ... OK
* DONE
Status: 1 ERROR
See
  ‘/home/biocbuild/bbs-3.19-data-experiment/meat/MetaScope.Rcheck/00check.log’
for details.
MetaScope.Rcheck/00install.out
############################################################################## ############################################################################## ### ### Running command: ### ### /home/biocbuild/bbs-3.19-bioc/R/bin/R CMD INSTALL MetaScope ### ############################################################################## ############################################################################## * installing to library ‘/home/biocbuild/bbs-3.19-bioc/R/site-library’ * installing *source* package ‘MetaScope’ ... ** using staged installation ** R ** data ** inst ** byte-compile and prepare package for lazy loading ** help *** installing help indices ** building package indices ** installing vignettes ** testing if installed package can be loaded from temporary location ** testing if installed package can be loaded from final location ** testing if installed package keeps a record of temporary installation path * DONE (MetaScope)
MetaScope.Rcheck/tests/spelling.Rout
R version 4.4.1 (2024-06-14) -- "Race for Your Life"
Copyright (C) 2024 The R Foundation for Statistical Computing
Platform: x86_64-pc-linux-gnu
R is free software and comes with ABSOLUTELY NO WARRANTY.
You are welcome to redistribute it under certain conditions.
Type 'license()' or 'licence()' for distribution details.
R is a collaborative project with many contributors.
Type 'contributors()' for more information and
'citation()' on how to cite R or R packages in publications.
Type 'demo()' for some demos, 'help()' for on-line help, or
'help.start()' for an HTML browser interface to help.
Type 'q()' to quit R.
> if (requireNamespace("spelling", quietly = TRUE))
+   spelling::spell_check_test(vignettes = TRUE, error = FALSE,
+                              skip_on_cran = TRUE)
NULL
> 
> proc.time()
   user  system elapsed 
  0.154   0.026   0.170 
MetaScope.Rcheck/MetaScope-Ex.timings
| name | user | system | elapsed | |
| align_details | 0.015 | 0.000 | 0.014 | |
| align_target | 0.000 | 0.000 | 0.001 | |
| align_target_bowtie | 6.554 | 0.489 | 10.835 | |
| bt2_16S_params | 0.001 | 0.000 | 0.001 | |
| bt2_missing_params | 0.001 | 0.000 | 0.001 | |
| bt2_regular_params | 0.001 | 0.000 | 0.001 | |
| convert_animalcules | 4.472 | 0.209 | 6.213 | |
| convert_animalcules_silva | 8.399 | 0.395 | 9.253 | |
| count_matches | 0.002 | 0.000 | 0.002 | |
| demultiplex | 0.115 | 0.005 | 0.120 | |