| Back to Build/check report for BioC 3.19 experimental data | 
 | 
This page was generated on 2024-10-17 14:51 -0400 (Thu, 17 Oct 2024).
| Hostname | OS | Arch (*) | R version | Installed pkgs | 
|---|---|---|---|---|
| nebbiolo1 | Linux (Ubuntu 22.04.3 LTS) | x86_64 | 4.4.1 (2024-06-14) -- "Race for Your Life" | 4763 | 
| Click on any hostname to see more info about the system (e.g. compilers) (*) as reported by 'uname -p', except on Windows and Mac OS X | ||||
| Package 19/430 | Hostname | OS / Arch | INSTALL | BUILD | CHECK | ||||||||
| AssessORFData 1.22.0  (landing page) Deepank Korandla 
 | nebbiolo1 | Linux (Ubuntu 22.04.3 LTS) / x86_64 | OK | OK | ERROR | ||||||||
| To the developers/maintainers of the AssessORFData package: - Use the following Renviron settings to reproduce errors and warnings. - If 'R CMD check' started to fail recently on the Linux builder(s) over a missing dependency, add the missing dependency to 'Suggests:' in your DESCRIPTION file. See Renviron.bioc for more information. | 
| Package: AssessORFData | 
| Version: 1.22.0 | 
| Command: /home/biocbuild/bbs-3.19-bioc/R/bin/R CMD check --install=check:AssessORFData.install-out.txt --library=/home/biocbuild/bbs-3.19-bioc/R/site-library --timings AssessORFData_1.22.0.tar.gz | 
| StartedAt: 2024-10-17 11:02:14 -0400 (Thu, 17 Oct 2024) | 
| EndedAt: 2024-10-17 11:06:23 -0400 (Thu, 17 Oct 2024) | 
| EllapsedTime: 248.3 seconds | 
| RetCode: 1 | 
| Status: ERROR | 
| CheckDir: AssessORFData.Rcheck | 
| Warnings: NA | 
##############################################################################
##############################################################################
###
### Running command:
###
###   /home/biocbuild/bbs-3.19-bioc/R/bin/R CMD check --install=check:AssessORFData.install-out.txt --library=/home/biocbuild/bbs-3.19-bioc/R/site-library --timings AssessORFData_1.22.0.tar.gz
###
##############################################################################
##############################################################################
* using log directory ‘/home/biocbuild/bbs-3.19-data-experiment/meat/AssessORFData.Rcheck’
* using R version 4.4.1 (2024-06-14)
* using platform: x86_64-pc-linux-gnu
* R was compiled by
    gcc (Ubuntu 11.4.0-1ubuntu1~22.04) 11.4.0
    GNU Fortran (Ubuntu 11.4.0-1ubuntu1~22.04) 11.4.0
* running under: Ubuntu 22.04.5 LTS
* using session charset: UTF-8
* checking for file ‘AssessORFData/DESCRIPTION’ ... OK
* checking extension type ... Package
* this is package ‘AssessORFData’ version ‘1.22.0’
* package encoding: UTF-8
* checking package namespace information ... OK
* checking package dependencies ... OK
* checking if this is a source package ... OK
* checking if there is a namespace ... OK
* checking for hidden files and directories ... OK
* checking for portable file names ... OK
* checking for sufficient/correct file permissions ... OK
* checking whether package ‘AssessORFData’ can be installed ... OK
* checking installed package size ... NOTE
  installed size is 146.1Mb
  sub-directories of 1Mb or more:
    data     125.2Mb
    extdata   20.6Mb
* checking package directory ... OK
* checking ‘build’ directory ... OK
* checking DESCRIPTION meta-information ... OK
* checking top-level files ... OK
* checking for left-over files ... OK
* checking index information ... OK
* checking package subdirectories ... OK
* checking code files for non-ASCII characters ... OK
* checking R files for syntax errors ... OK
* checking whether the package can be loaded ... OK
* checking whether the package can be loaded with stated dependencies ... OK
* checking whether the package can be unloaded cleanly ... OK
* checking whether the namespace can be loaded with stated dependencies ... OK
* checking whether the namespace can be unloaded cleanly ... OK
* checking loading without being on the library search path ... OK
* checking dependencies in R code ... OK
* checking S3 generic/method consistency ... OK
* checking replacement functions ... OK
* checking foreign function calls ... OK
* checking R code for possible problems ... OK
* checking Rd files ... OK
* checking Rd metadata ... OK
* checking Rd cross-references ... OK
* checking for missing documentation entries ... OK
* checking for code/documentation mismatches ... OK
* checking Rd \usage sections ... OK
* checking Rd contents ... OK
* checking for unstated dependencies in examples ... OK
* checking contents of ‘data’ directory ... OK
* checking data for non-ASCII characters ... OK
* checking data for ASCII and uncompressed saves ... OK
* checking files in ‘vignettes’ ... OK
* checking examples ... ERROR
Running examples in ‘AssessORFData-Ex.R’ failed
The error most likely occurred in:
> base::assign(".ptime", proc.time(), pos = "CheckExEnv")
> ### Name: SaveGenomeToPath
> ### Title: Save a Strain's Genome to a Directory
> ### Aliases: SaveGenomeToPath
> 
> ### ** Examples
> 
> 
> tmpFile <- paste0(tempfile(), ".fasta")
> SaveGenomeToPath("MGAS5005", tmpFile)
Error in DB2Seqs(filePath, genomesFile, identifier = as.character(strainIdx),  : 
  Package 'RSQLite' must be installed.
Calls: SaveGenomeToPath -> DB2Seqs
Execution halted
* checking for unstated dependencies in vignettes ... OK
* checking package vignettes ... OK
* checking re-building of vignette outputs ... ERROR
Error(s) in re-building vignettes:
  ...
--- re-building ‘AssessORFDataGuide.Rmd’ using rmarkdown
Quitting from lines 54-64 [unnamed-chunk-4] (AssessORFDataGuide.Rmd)
Error: processing vignette 'AssessORFDataGuide.Rmd' failed with diagnostics:
Package 'RSQLite' must be installed.
--- failed re-building ‘AssessORFDataGuide.Rmd’
SUMMARY: processing the following file failed:
  ‘AssessORFDataGuide.Rmd’
Error: Vignette re-building failed.
Execution halted
* checking PDF version of manual ... OK
* DONE
Status: 2 ERRORs, 1 NOTE
See
  ‘/home/biocbuild/bbs-3.19-data-experiment/meat/AssessORFData.Rcheck/00check.log’
for details.
AssessORFData.Rcheck/00install.out
############################################################################## ############################################################################## ### ### Running command: ### ### /home/biocbuild/bbs-3.19-bioc/R/bin/R CMD INSTALL AssessORFData ### ############################################################################## ############################################################################## * installing to library ‘/home/biocbuild/bbs-3.19-bioc/R/site-library’ * installing *source* package ‘AssessORFData’ ... ** using staged installation ** R ** data ** inst ** byte-compile and prepare package for lazy loading ** help *** installing help indices ** building package indices ** installing vignettes ** testing if installed package can be loaded from temporary location ** testing if installed package can be loaded from final location ** testing if installed package keeps a record of temporary installation path * DONE (AssessORFData)
AssessORFData.Rcheck/AssessORFData-Ex.timings
| name | user | system | elapsed | |
| GetDataMapObj | 1.294 | 0.079 | 1.374 | |
| GetGeneSources | 0.001 | 0.001 | 0.000 | |
| GetResultsObj | 0.019 | 0.000 | 0.018 | |
| GetStrainIDs | 0.002 | 0.000 | 0.001 | |