| Back to Multiple platform build/check report for BioC 3.19: simplified long |
|
This page was generated on 2024-10-18 20:38 -0400 (Fri, 18 Oct 2024).
| Hostname | OS | Arch (*) | R version | Installed pkgs |
|---|---|---|---|---|
| nebbiolo1 | Linux (Ubuntu 22.04.3 LTS) | x86_64 | 4.4.1 (2024-06-14) -- "Race for Your Life" | 4763 |
| palomino7 | Windows Server 2022 Datacenter | x64 | 4.4.1 (2024-06-14 ucrt) -- "Race for Your Life" | 4500 |
| merida1 | macOS 12.7.5 Monterey | x86_64 | 4.4.1 (2024-06-14) -- "Race for Your Life" | 4530 |
| kjohnson1 | macOS 13.6.6 Ventura | arm64 | 4.4.1 (2024-06-14) -- "Race for Your Life" | 4480 |
| Click on any hostname to see more info about the system (e.g. compilers) (*) as reported by 'uname -p', except on Windows and Mac OS X | ||||
| Package 1903/2300 | Hostname | OS / Arch | INSTALL | BUILD | CHECK | BUILD BIN | ||||||||
| scMitoMut 1.0.0 (landing page) Wenjie Sun
| nebbiolo1 | Linux (Ubuntu 22.04.3 LTS) / x86_64 | OK | OK | WARNINGS | |||||||||
| palomino7 | Windows Server 2022 Datacenter / x64 | OK | OK | WARNINGS | OK | |||||||||
| merida1 | macOS 12.7.5 Monterey / x86_64 | OK | OK | WARNINGS | OK | |||||||||
| kjohnson1 | macOS 13.6.6 Ventura / arm64 | OK | OK | WARNINGS | NA | |||||||||
|
To the developers/maintainers of the scMitoMut package: - Allow up to 24 hours (and sometimes 48 hours) for your latest push to git@git.bioconductor.org:packages/scMitoMut.git to reflect on this report. See Troubleshooting Build Report for more information. - Use the following Renviron settings to reproduce errors and warnings. - If 'R CMD check' started to fail recently on the Linux builder(s) over a missing dependency, add the missing dependency to 'Suggests:' in your DESCRIPTION file. See Renviron.bioc for more information. |
| Package: scMitoMut |
| Version: 1.0.0 |
| Command: /home/biocbuild/bbs-3.19-bioc/R/bin/R CMD check --install=check:scMitoMut.install-out.txt --library=/home/biocbuild/bbs-3.19-bioc/R/site-library --timings scMitoMut_1.0.0.tar.gz |
| StartedAt: 2024-10-17 04:51:52 -0400 (Thu, 17 Oct 2024) |
| EndedAt: 2024-10-17 04:53:05 -0400 (Thu, 17 Oct 2024) |
| EllapsedTime: 73.1 seconds |
| RetCode: 0 |
| Status: WARNINGS |
| CheckDir: scMitoMut.Rcheck |
| Warnings: 3 |
##############################################################################
##############################################################################
###
### Running command:
###
### /home/biocbuild/bbs-3.19-bioc/R/bin/R CMD check --install=check:scMitoMut.install-out.txt --library=/home/biocbuild/bbs-3.19-bioc/R/site-library --timings scMitoMut_1.0.0.tar.gz
###
##############################################################################
##############################################################################
* using log directory ‘/home/biocbuild/bbs-3.19-bioc/meat/scMitoMut.Rcheck’
* using R version 4.4.1 (2024-06-14)
* using platform: x86_64-pc-linux-gnu
* R was compiled by
gcc (Ubuntu 11.4.0-1ubuntu1~22.04) 11.4.0
GNU Fortran (Ubuntu 11.4.0-1ubuntu1~22.04) 11.4.0
* running under: Ubuntu 22.04.5 LTS
* using session charset: UTF-8
* checking for file ‘scMitoMut/DESCRIPTION’ ... OK
* this is package ‘scMitoMut’ version ‘1.0.0’
* package encoding: UTF-8
* checking package namespace information ... OK
* checking package dependencies ... OK
* checking if this is a source package ... OK
* checking if there is a namespace ... OK
* checking for hidden files and directories ... OK
* checking for portable file names ... OK
* checking for sufficient/correct file permissions ... OK
* checking whether package ‘scMitoMut’ can be installed ... WARNING
Found the following significant warnings:
Warning: scMitoMut.Rd:3: docType ‘_PACKAGE’ is unrecognized
See ‘/home/biocbuild/bbs-3.19-bioc/meat/scMitoMut.Rcheck/00install.out’ for details.
* used C++ compiler: ‘g++ (Ubuntu 11.4.0-1ubuntu1~22.04) 11.4.0’
* checking installed package size ... OK
* checking package directory ... OK
* checking ‘build’ directory ... OK
* checking DESCRIPTION meta-information ... OK
* checking top-level files ... OK
* checking for left-over files ... OK
* checking index information ... OK
* checking package subdirectories ... OK
* checking code files for non-ASCII characters ... OK
* checking R files for syntax errors ... OK
* checking whether the package can be loaded ... OK
* checking whether the package can be loaded with stated dependencies ... OK
* checking whether the package can be unloaded cleanly ... OK
* checking whether the namespace can be loaded with stated dependencies ... OK
* checking whether the namespace can be unloaded cleanly ... OK
* checking loading without being on the library search path ... OK
* checking dependencies in R code ... OK
* checking S3 generic/method consistency ... OK
* checking replacement functions ... OK
* checking foreign function calls ... OK
* checking R code for possible problems ... NOTE
export_dt: no visible binding for global variable ‘af’
export_dt: no visible binding for global variable ‘fwd_depth’
export_dt: no visible binding for global variable ‘rev_depth’
export_dt: no visible binding for global variable ‘coverage’
export_dt: no visible binding for global variable ‘alt_count’
export_dt: no visible binding for global variable ‘alt_depth’
export_dt: no visible binding for global variable ‘mut_status’
export_dt: no visible binding for global variable ‘cell_barcode’
export_dt: no visible binding for global variable ‘n’
export_dt: no visible binding for global variable ‘loc’
filter_loc: no visible binding for global variable ‘mut_cell_n’
plot_locus: no visible binding for global variable ‘alt_depth’
plot_locus: no visible binding for global variable ‘depth’
plot_locus: no visible binding for global variable ‘af’
plot_locus: no visible binding for global variable ‘highlight’
process_locus_bb: no visible binding for global variable ‘alt_depth’
process_locus_bb: no visible binding for global variable ‘fwd_depth’
process_locus_bb: no visible binding for global variable ‘rev_depth’
process_locus_bm: no visible binding for global variable ‘alt_depth’
process_locus_bm: no visible binding for global variable ‘fwd_depth’
process_locus_bm: no visible binding for global variable ‘rev_depth’
process_locus_summary: no visible binding for global variable
‘alt_depth’
process_locus_summary: no visible binding for global variable
‘fwd_depth’
process_locus_summary: no visible binding for global variable
‘rev_depth’
read_locus: no visible binding for global variable ‘cell_barcode’
read_locus: no visible binding for global variable ‘fwd_depth’
read_locus: no visible binding for global variable ‘rev_depth’
read_locus: no visible binding for global variable ‘coverage’
read_locus: no visible binding for global variable ‘alt’
read_locus: no visible binding for global variable ‘af’
read_mgatk: no visible binding for global variable ‘fwd_depth’
read_mgatk: no visible binding for global variable ‘rev_depth’
Undefined global functions or variables:
af alt alt_count alt_depth cell_barcode coverage depth fwd_depth
highlight loc mut_cell_n mut_status n rev_depth
* checking Rd files ... WARNING
prepare_Rd: scMitoMut.Rd:3: docType ‘_PACKAGE’ is unrecognized
* checking Rd metadata ... OK
* checking Rd cross-references ... OK
* checking for missing documentation entries ... OK
* checking for code/documentation mismatches ... OK
* checking Rd \usage sections ... WARNING
Undocumented arguments in Rd file 'rm_mtmutObj.Rd'
‘envir’
Functions with \usage entries need to have the appropriate \alias
entries, and all their arguments documented.
The \usage entries must correspond to syntactically valid R code.
See chapter ‘Writing R documentation files’ in the ‘Writing R
Extensions’ manual.
* checking Rd contents ... OK
* checking for unstated dependencies in examples ... OK
* checking line endings in C/C++/Fortran sources/headers ... OK
* checking line endings in Makefiles ... OK
* checking compilation flags in Makevars ... OK
* checking for GNU extensions in Makefiles ... OK
* checking for portable use of $(BLAS_LIBS) and $(LAPACK_LIBS) ... OK
* checking use of PKG_*FLAGS in Makefiles ... OK
* checking compiled code ... NOTE
Note: information on .o files is not available
* checking files in ‘vignettes’ ... OK
* checking examples ... OK
Examples with CPU (user + system) or elapsed time > 5s
user system elapsed
export_dt 5.354 1.789 5.496
plot_heatmap 5.560 0.541 4.587
* checking for unstated dependencies in ‘tests’ ... OK
* checking tests ...
Running ‘testthat.R’
OK
* checking for unstated dependencies in vignettes ... OK
* checking package vignettes ... OK
* checking re-building of vignette outputs ... OK
* checking PDF version of manual ... OK
* DONE
Status: 3 WARNINGs, 2 NOTEs
See
‘/home/biocbuild/bbs-3.19-bioc/meat/scMitoMut.Rcheck/00check.log’
for details.
scMitoMut.Rcheck/00install.out
############################################################################## ############################################################################## ### ### Running command: ### ### /home/biocbuild/bbs-3.19-bioc/R/bin/R CMD INSTALL scMitoMut ### ############################################################################## ############################################################################## * installing to library ‘/home/biocbuild/bbs-3.19-bioc/R/site-library’ * installing *source* package ‘scMitoMut’ ... ** using staged installation ** libs using C++ compiler: ‘g++ (Ubuntu 11.4.0-1ubuntu1~22.04) 11.4.0’ g++ -std=gnu++17 -I"/home/biocbuild/bbs-3.19-bioc/R/include" -DNDEBUG -I'/home/biocbuild/bbs-3.19-bioc/R/site-library/Rcpp/include' -I'/home/biocbuild/bbs-3.19-bioc/R/site-library/RcppArmadillo/include' -I/usr/local/include -fpic -g -O2 -Wall -c RcppExports.cpp -o RcppExports.o g++ -std=gnu++17 -I"/home/biocbuild/bbs-3.19-bioc/R/include" -DNDEBUG -I'/home/biocbuild/bbs-3.19-bioc/R/site-library/Rcpp/include' -I'/home/biocbuild/bbs-3.19-bioc/R/site-library/RcppArmadillo/include' -I/usr/local/include -fpic -g -O2 -Wall -c em_bm.cpp -o em_bm.o g++ -std=gnu++17 -I"/home/biocbuild/bbs-3.19-bioc/R/include" -DNDEBUG -I'/home/biocbuild/bbs-3.19-bioc/R/site-library/Rcpp/include' -I'/home/biocbuild/bbs-3.19-bioc/R/site-library/RcppArmadillo/include' -I/usr/local/include -fpic -g -O2 -Wall -c mle_bb.cpp -o mle_bb.o g++ -std=gnu++17 -shared -L/home/biocbuild/bbs-3.19-bioc/R/lib -L/usr/local/lib -o scMitoMut.so RcppExports.o em_bm.o mle_bb.o -llapack -L/home/biocbuild/bbs-3.19-bioc/R/lib -lRblas -lgfortran -lm -lquadmath -L/home/biocbuild/bbs-3.19-bioc/R/lib -lR installing to /home/biocbuild/bbs-3.19-bioc/R/site-library/00LOCK-scMitoMut/00new/scMitoMut/libs ** R ** inst ** byte-compile and prepare package for lazy loading ** help Warning: scMitoMut.Rd:3: docType ‘_PACKAGE’ is unrecognized *** installing help indices ** building package indices ** installing vignettes ** testing if installed package can be loaded from temporary location ** checking absolute paths in shared objects and dynamic libraries ** testing if installed package can be loaded from final location ** testing if installed package keeps a record of temporary installation path * DONE (scMitoMut)
scMitoMut.Rcheck/tests/testthat.Rout
R version 4.4.1 (2024-06-14) -- "Race for Your Life"
Copyright (C) 2024 The R Foundation for Statistical Computing
Platform: x86_64-pc-linux-gnu
R is free software and comes with ABSOLUTELY NO WARRANTY.
You are welcome to redistribute it under certain conditions.
Type 'license()' or 'licence()' for distribution details.
R is a collaborative project with many contributors.
Type 'contributors()' for more information and
'citation()' on how to cite R or R packages in publications.
Type 'demo()' for some demos, 'help()' for on-line help, or
'help.start()' for an HTML browser interface to help.
Type 'q()' to quit R.
> # This file is part of the standard setup for testthat.
> # It is recommended that you do not modify it.
> #
> # Where should you do additional test configuration?
> # Learn more about the roles of various files in:
> # * https://r-pkgs.org/tests.html
> # * https://testthat.r-lib.org/reference/test_package.html#special-files
>
> library(testthat)
> library(scMitoMut)
>
> test_check("scMitoMut")
chrM.200
chrM.204
chrM.310
chrM.824
chrM.1000
chrM.1001
chrM.1227
chrM.2285
chrM.6081
chrM.9429
chrM.9728
chrM.9804
chrM.9840
chrM.12889
chrM.16093
chrM.16147
[ FAIL 0 | WARN 0 | SKIP 0 | PASS 18 ]
>
> proc.time()
user system elapsed
4.493 0.258 4.188
scMitoMut.Rcheck/scMitoMut-Ex.timings
| name | user | system | elapsed | |
| export_dt | 5.354 | 1.789 | 5.496 | |
| filter_loc | 2.535 | 0.086 | 2.177 | |
| get_pval | 2.499 | 0.223 | 2.229 | |
| open_h5_file | 0.276 | 0.008 | 0.284 | |
| parse_mgatk | 0.834 | 0.021 | 0.820 | |
| parse_table | 0.278 | 0.003 | 0.282 | |
| plot_af_coverage | 2.797 | 0.064 | 2.262 | |
| plot_heatmap | 5.560 | 0.541 | 4.587 | |
| print.mtmutObj | 0.320 | 0.016 | 0.336 | |
| process_locus_bmbb | 0.437 | 0.024 | 0.424 | |
| rm_mtmutObj | 0.322 | 0.008 | 0.329 | |
| run_model_fit | 2.541 | 0.009 | 2.098 | |
| subset_cell | 0.368 | 0.058 | 0.353 | |