| Back to Multiple platform build/check report for BioC 3.19: simplified long |
|
This page was generated on 2024-06-11 14:44 -0400 (Tue, 11 Jun 2024).
| Hostname | OS | Arch (*) | R version | Installed pkgs |
|---|---|---|---|---|
| nebbiolo1 | Linux (Ubuntu 22.04.3 LTS) | x86_64 | 4.4.0 (2024-04-24) -- "Puppy Cup" | 4757 |
| palomino3 | Windows Server 2022 Datacenter | x64 | 4.4.0 (2024-04-24 ucrt) -- "Puppy Cup" | 4491 |
| lconway | macOS 12.7.1 Monterey | x86_64 | 4.4.0 (2024-04-24) -- "Puppy Cup" | 4522 |
| kjohnson3 | macOS 13.6.5 Ventura | arm64 | 4.4.0 (2024-04-24) -- "Puppy Cup" | 4468 |
| Click on any hostname to see more info about the system (e.g. compilers) (*) as reported by 'uname -p', except on Windows and Mac OS X | ||||
| Package 1645/2300 | Hostname | OS / Arch | INSTALL | BUILD | CHECK | BUILD BIN | ||||||||
| qpgraph 2.38.0 (landing page) Robert Castelo
| nebbiolo1 | Linux (Ubuntu 22.04.3 LTS) / x86_64 | OK | OK | OK | |||||||||
| palomino3 | Windows Server 2022 Datacenter / x64 | OK | OK | OK | OK | |||||||||
| lconway | macOS 12.7.1 Monterey / x86_64 | OK | OK | OK | OK | |||||||||
| kjohnson3 | macOS 13.6.5 Ventura / arm64 | OK | OK | WARNINGS | OK | |||||||||
|
To the developers/maintainers of the qpgraph package: - Allow up to 24 hours (and sometimes 48 hours) for your latest push to git@git.bioconductor.org:packages/qpgraph.git to reflect on this report. See Troubleshooting Build Report for more information. - Use the following Renviron settings to reproduce errors and warnings. - If 'R CMD check' started to fail recently on the Linux builder(s) over a missing dependency, add the missing dependency to 'Suggests:' in your DESCRIPTION file. See Renviron.bioc for more information. |
| Package: qpgraph |
| Version: 2.38.0 |
| Command: /Library/Frameworks/R.framework/Resources/bin/R CMD check --install=check:qpgraph.install-out.txt --library=/Library/Frameworks/R.framework/Resources/library --no-vignettes --timings qpgraph_2.38.0.tar.gz |
| StartedAt: 2024-06-11 02:06:47 -0400 (Tue, 11 Jun 2024) |
| EndedAt: 2024-06-11 02:15:08 -0400 (Tue, 11 Jun 2024) |
| EllapsedTime: 501.1 seconds |
| RetCode: 0 |
| Status: WARNINGS |
| CheckDir: qpgraph.Rcheck |
| Warnings: 1 |
##############################################################################
##############################################################################
###
### Running command:
###
### /Library/Frameworks/R.framework/Resources/bin/R CMD check --install=check:qpgraph.install-out.txt --library=/Library/Frameworks/R.framework/Resources/library --no-vignettes --timings qpgraph_2.38.0.tar.gz
###
##############################################################################
##############################################################################
* using log directory ‘/Users/biocbuild/bbs-3.19-bioc/meat/qpgraph.Rcheck’
* using R version 4.4.0 (2024-04-24)
* using platform: aarch64-apple-darwin20
* R was compiled by
Apple clang version 14.0.0 (clang-1400.0.29.202)
GNU Fortran (GCC) 12.2.0
* running under: macOS Ventura 13.6.5
* using session charset: UTF-8
* using option ‘--no-vignettes’
* checking for file ‘qpgraph/DESCRIPTION’ ... OK
* this is package ‘qpgraph’ version ‘2.38.0’
* checking package namespace information ... OK
* checking package dependencies ... OK
* checking if this is a source package ... OK
* checking if there is a namespace ... OK
* checking for hidden files and directories ... OK
* checking for portable file names ... OK
* checking for sufficient/correct file permissions ... OK
* checking whether package ‘qpgraph’ can be installed ... WARNING
Found the following significant warnings:
cliquer.c:13:46: warning: invalid UTF-8 in comment [-Winvalid-utf8]
cliquer.c:13:52: warning: invalid UTF-8 in comment [-Winvalid-utf8]
./set.h:12:46: warning: invalid UTF-8 in comment [-Winvalid-utf8]
./set.h:12:52: warning: invalid UTF-8 in comment [-Winvalid-utf8]
graph.c:12:46: warning: invalid UTF-8 in comment [-Winvalid-utf8]
graph.c:12:52: warning: invalid UTF-8 in comment [-Winvalid-utf8]
reorder.c:12:46: warning: invalid UTF-8 in comment [-Winvalid-utf8]
reorder.c:12:52: warning: invalid UTF-8 in comment [-Winvalid-utf8]
See ‘/Users/biocbuild/bbs-3.19-bioc/meat/qpgraph.Rcheck/00install.out’ for details.
* used C compiler: ‘Apple clang version 15.0.0 (clang-1500.1.0.2.5)’
* used SDK: ‘MacOSX11.3.sdk’
* checking installed package size ... OK
* checking package directory ... OK
* checking ‘build’ directory ... OK
* checking DESCRIPTION meta-information ... OK
* checking top-level files ... OK
* checking for left-over files ... OK
* checking index information ... OK
* checking package subdirectories ... OK
* checking code files for non-ASCII characters ... OK
* checking R files for syntax errors ... OK
* checking whether the package can be loaded ... OK
* checking whether the package can be loaded with stated dependencies ... OK
* checking whether the package can be unloaded cleanly ... OK
* checking whether the namespace can be loaded with stated dependencies ... OK
* checking whether the namespace can be unloaded cleanly ... OK
* checking whether startup messages can be suppressed ... OK
* checking dependencies in R code ... OK
* checking S3 generic/method consistency ... OK
* checking replacement functions ... OK
* checking foreign function calls ... OK
* checking R code for possible problems ... OK
* checking Rd files ... OK
* checking Rd metadata ... OK
* checking Rd cross-references ... OK
* checking for missing documentation entries ... OK
* checking for code/documentation mismatches ... OK
* checking Rd \usage sections ... OK
* checking Rd contents ... OK
* checking for unstated dependencies in examples ... OK
* checking contents of ‘data’ directory ... OK
* checking data for non-ASCII characters ... OK
* checking LazyData ... OK
* checking data for ASCII and uncompressed saves ... OK
* checking line endings in shell scripts ... OK
* checking line endings in C/C++/Fortran sources/headers ... OK
* checking line endings in Makefiles ... OK
* checking compilation flags in Makevars ... OK
* checking for GNU extensions in Makefiles ... OK
* checking for portable use of $(BLAS_LIBS) and $(LAPACK_LIBS) ... OK
* checking use of PKG_*FLAGS in Makefiles ... OK
* checking compiled code ... NOTE
Note: information on .o files is not available
* checking sizes of PDF files under ‘inst/doc’ ... OK
* checking installed files from ‘inst/doc’ ... OK
* checking files in ‘vignettes’ ... OK
* checking examples ... OK
* checking for unstated dependencies in ‘tests’ ... OK
* checking tests ...
Running ‘runTests.R’
OK
* checking for unstated dependencies in vignettes ... OK
* checking package vignettes ... OK
* checking running R code from vignettes ... SKIPPED
* checking re-building of vignette outputs ... SKIPPED
* checking PDF version of manual ... OK
* DONE
Status: 1 WARNING, 1 NOTE
See
‘/Users/biocbuild/bbs-3.19-bioc/meat/qpgraph.Rcheck/00check.log’
for details.
qpgraph.Rcheck/00install.out
##############################################################################
##############################################################################
###
### Running command:
###
### /Library/Frameworks/R.framework/Resources/bin/R CMD INSTALL qpgraph
###
##############################################################################
##############################################################################
* installing to library ‘/Library/Frameworks/R.framework/Versions/4.4-arm64/Resources/library’
* installing *source* package ‘qpgraph’ ...
** using staged installation
checking for gcc... clang -arch arm64
checking for C compiler default output file name... a.out
checking whether the C compiler works... yes
checking whether we are cross compiling... no
checking for suffix of executables...
checking for suffix of object files... o
checking whether we are using the GNU C compiler... yes
checking whether clang -arch arm64 accepts -g... yes
checking for clang -arch arm64 option to accept ANSI C... none needed
checking build system type... aarch64-apple-darwin22.6.0
checking host system type... aarch64-apple-darwin22.6.0
configure: creating ./config.status
config.status: creating src/Makevars
** libs
using C compiler: ‘Apple clang version 15.0.0 (clang-1500.1.0.2.5)’
using SDK: ‘MacOSX11.3.sdk’
clang -arch arm64 -I"/Library/Frameworks/R.framework/Resources/include" -DNDEBUG -I/opt/R/arm64/include -DUSE_FC_LEN_T -I/opt/R/arm64/include -falign-functions=64 -Wall -g -O2 -Wall -pedantic -fPIC -falign-functions=64 -Wall -g -O2 -c cliquer.c -o cliquer.o
cliquer.c:13:46: warning: invalid UTF-8 in comment [-Winvalid-utf8]
* Copyright (C) 2002 Sampo Niskanen, Patric <D6>sterg<E5>rd.
^
cliquer.c:13:52: warning: invalid UTF-8 in comment [-Winvalid-utf8]
* Copyright (C) 2002 Sampo Niskanen, Patric <D6>sterg<E5>rd.
^
In file included from cliquer.c:29:
In file included from ./cliquer.h:7:
./set.h:12:46: warning: invalid UTF-8 in comment [-Winvalid-utf8]
* Copyright (C) 2002 Sampo Niskanen, Patric <D6>sterg<E5>rd.
^
./set.h:12:52: warning: invalid UTF-8 in comment [-Winvalid-utf8]
* Copyright (C) 2002 Sampo Niskanen, Patric <D6>sterg<E5>rd.
^
4 warnings generated.
clang -arch arm64 -I"/Library/Frameworks/R.framework/Resources/include" -DNDEBUG -I/opt/R/arm64/include -DUSE_FC_LEN_T -I/opt/R/arm64/include -falign-functions=64 -Wall -g -O2 -Wall -pedantic -fPIC -falign-functions=64 -Wall -g -O2 -c graph.c -o graph.o
graph.c:12:46: warning: invalid UTF-8 in comment [-Winvalid-utf8]
* Copyright (C) 2002 Sampo Niskanen, Patric <D6>sterg<E5>rd.
^
graph.c:12:52: warning: invalid UTF-8 in comment [-Winvalid-utf8]
* Copyright (C) 2002 Sampo Niskanen, Patric <D6>sterg<E5>rd.
^
In file included from graph.c:28:
In file included from ./graph.h:5:
./set.h:12:46: warning: invalid UTF-8 in comment [-Winvalid-utf8]
* Copyright (C) 2002 Sampo Niskanen, Patric <D6>sterg<E5>rd.
^
./set.h:12:52: warning: invalid UTF-8 in comment [-Winvalid-utf8]
* Copyright (C) 2002 Sampo Niskanen, Patric <D6>sterg<E5>rd.
^
4 warnings generated.
clang -arch arm64 -I"/Library/Frameworks/R.framework/Resources/include" -DNDEBUG -I/opt/R/arm64/include -DUSE_FC_LEN_T -I/opt/R/arm64/include -falign-functions=64 -Wall -g -O2 -Wall -pedantic -fPIC -falign-functions=64 -Wall -g -O2 -c qpgraph.c -o qpgraph.o
qpgraph.c:24:9: warning: 'USE_FC_LEN_T' macro redefined [-Wmacro-redefined]
#define USE_FC_LEN_T
^
<command line>:2:9: note: previous definition is here
#define USE_FC_LEN_T 1
^
In file included from qpgraph.c:39:
In file included from ./cliquer.h:7:
./set.h:12:46: warning: invalid UTF-8 in comment [-Winvalid-utf8]
* Copyright (C) 2002 Sampo Niskanen, Patric <D6>sterg<E5>rd.
^
./set.h:12:52: warning: invalid UTF-8 in comment [-Winvalid-utf8]
* Copyright (C) 2002 Sampo Niskanen, Patric <D6>sterg<E5>rd.
^
qpgraph.c:5176:10: warning: variable 'avgpr' set but not used [-Wunused-but-set-variable]
double avgpr = 0;
^
4 warnings generated.
clang -arch arm64 -I"/Library/Frameworks/R.framework/Resources/include" -DNDEBUG -I/opt/R/arm64/include -DUSE_FC_LEN_T -I/opt/R/arm64/include -falign-functions=64 -Wall -g -O2 -Wall -pedantic -fPIC -falign-functions=64 -Wall -g -O2 -c reorder.c -o reorder.o
reorder.c:12:46: warning: invalid UTF-8 in comment [-Winvalid-utf8]
* Copyright (C) 2002 Sampo Niskanen, Patric <D6>sterg<E5>rd.
^
reorder.c:12:52: warning: invalid UTF-8 in comment [-Winvalid-utf8]
* Copyright (C) 2002 Sampo Niskanen, Patric <D6>sterg<E5>rd.
^
In file included from reorder.c:19:
In file included from ./reorder.h:5:
./set.h:12:46: warning: invalid UTF-8 in comment [-Winvalid-utf8]
* Copyright (C) 2002 Sampo Niskanen, Patric <D6>sterg<E5>rd.
^
./set.h:12:52: warning: invalid UTF-8 in comment [-Winvalid-utf8]
* Copyright (C) 2002 Sampo Niskanen, Patric <D6>sterg<E5>rd.
^
4 warnings generated.
clang -arch arm64 -dynamiclib -Wl,-headerpad_max_install_names -undefined dynamic_lookup -L/Library/Frameworks/R.framework/Resources/lib -L/opt/R/arm64/lib -o qpgraph.so cliquer.o graph.o qpgraph.o reorder.o -L/Library/Frameworks/R.framework/Resources/lib -lRlapack -L/Library/Frameworks/R.framework/Resources/lib -lRblas -L/opt/gfortran/lib/gcc/aarch64-apple-darwin20.0/12.2.0 -L/opt/gfortran/lib -lgfortran -lemutls_w -lquadmath -F/Library/Frameworks/R.framework/.. -framework R -Wl,-framework -Wl,CoreFoundation
installing to /Library/Frameworks/R.framework/Versions/4.4-arm64/Resources/library/00LOCK-qpgraph/00new/qpgraph/libs
** R
** data
*** moving datasets to lazyload DB
** inst
** byte-compile and prepare package for lazy loading
Creating a generic function for ‘det’ from package ‘Matrix’ in package ‘qpgraph’
** help
*** installing help indices
** building package indices
** installing vignettes
** testing if installed package can be loaded from temporary location
** checking absolute paths in shared objects and dynamic libraries
** testing if installed package can be loaded from final location
** testing if installed package keeps a record of temporary installation path
* DONE (qpgraph)
qpgraph.Rcheck/tests/runTests.Rout
R version 4.4.0 (2024-04-24) -- "Puppy Cup"
Copyright (C) 2024 The R Foundation for Statistical Computing
Platform: aarch64-apple-darwin20
R is free software and comes with ABSOLUTELY NO WARRANTY.
You are welcome to redistribute it under certain conditions.
Type 'license()' or 'licence()' for distribution details.
R is a collaborative project with many contributors.
Type 'contributors()' for more information and
'citation()' on how to cite R or R packages in publications.
Type 'demo()' for some demos, 'help()' for on-line help, or
'help.start()' for an HTML browser interface to help.
Type 'q()' to quit R.
> BiocGenerics:::testPackage("qpgraph")
Using t tests for zero partial regression coefficients.
Using exact likelihood ratio tests.
RUNIT TEST PROTOCOL -- Tue Jun 11 02:14:43 2024
***********************************************
Number of test functions: 3
Number of errors: 0
Number of failures: 0
1 Test Suite :
qpgraph RUnit Tests - 3 test functions, 0 errors, 0 failures
Number of test functions: 3
Number of errors: 0
Number of failures: 0
>
> proc.time()
user system elapsed
16.621 0.608 24.090
qpgraph.Rcheck/qpgraph-Ex.timings
| name | user | system | elapsed | |
| EcoliOxygen | 0.003 | 0.002 | 0.004 | |
| filterCollinearities | 0.070 | 0.006 | 0.104 | |
| qpAllCItests | 0.315 | 0.008 | 0.527 | |
| qpAnyGraph | 0.096 | 0.007 | 0.177 | |
| qpAvgNrr | 0.905 | 0.006 | 0.977 | |
| qpBoundary | 0.216 | 0.003 | 0.219 | |
| qpCItest | 0.094 | 0.004 | 0.098 | |
| qpClique | 0.210 | 0.005 | 0.217 | |
| qpCliqueNumber | 1.722 | 0.019 | 1.795 | |
| qpCov | 0.092 | 0.005 | 0.142 | |
| qpEdgeNrr | 0.084 | 0.003 | 0.138 | |
| qpFunctionalCoherence | 0.001 | 0.000 | 0.000 | |
| qpG2Sigma | 0.007 | 0.000 | 0.010 | |
| qpGenNrr | 0.363 | 0.006 | 0.502 | |
| qpGetCliques | 0.222 | 0.009 | 0.373 | |
| qpGraphDensity | 0.197 | 0.005 | 0.316 | |
| qpHTF | 0.166 | 0.009 | 0.175 | |
| qpHist | 0.158 | 0.003 | 0.161 | |
| qpIPF | 0.125 | 0.006 | 0.132 | |
| qpK2ParCor | 0.053 | 0.003 | 0.085 | |
| qpNrr | 0.096 | 0.002 | 0.145 | |
| qpPAC | 0.245 | 0.006 | 0.353 | |
| qpPCC | 0.089 | 0.005 | 0.155 | |
| qpPRscoreThreshold | 0.098 | 0.002 | 0.122 | |
| qpPathWeight | 0.051 | 0.001 | 0.054 | |
| qpPlotMap | 0.028 | 0.004 | 0.035 | |
| qpPlotNetwork | 0 | 0 | 0 | |
| qpPrecisionRecall | 0.204 | 0.005 | 0.217 | |
| qpRndGraph | 0.005 | 0.000 | 0.005 | |
| qpRndWishart | 0.009 | 0.002 | 0.017 | |
| qpTopPairs | 0.003 | 0.001 | 0.006 | |
| qpUnifRndAssociation | 0.003 | 0.001 | 0.006 | |
| qpUpdateCliquesRemoving | 0.000 | 0.001 | 0.001 | |