| Back to Multiple platform build/check report for BioC 3.19: simplified long |
|
This page was generated on 2024-06-28 17:43 -0400 (Fri, 28 Jun 2024).
| Hostname | OS | Arch (*) | R version | Installed pkgs |
|---|---|---|---|---|
| nebbiolo1 | Linux (Ubuntu 22.04.3 LTS) | x86_64 | 4.4.0 (2024-04-24) -- "Puppy Cup" | 4760 |
| palomino3 | Windows Server 2022 Datacenter | x64 | 4.4.0 (2024-04-24 ucrt) -- "Puppy Cup" | 4494 |
| merida1 | macOS 12.7.4 Monterey | x86_64 | 4.4.0 (2024-04-24) -- "Puppy Cup" | 4508 |
| kjohnson1 | macOS 13.6.6 Ventura | arm64 | 4.4.0 (2024-04-24) -- "Puppy Cup" | 4466 |
| palomino7 | Windows Server 2022 Datacenter | x64 | 4.4.1 (2024-06-14 ucrt) -- "Race for Your Life" | 4362 |
| Click on any hostname to see more info about the system (e.g. compilers) (*) as reported by 'uname -p', except on Windows and Mac OS X | ||||
| Package 1527/2300 | Hostname | OS / Arch | INSTALL | BUILD | CHECK | BUILD BIN | ||||||||
| paxtoolsr 1.38.0 (landing page) Augustin Luna
| nebbiolo1 | Linux (Ubuntu 22.04.3 LTS) / x86_64 | OK | OK | OK | |||||||||
| palomino3 | Windows Server 2022 Datacenter / x64 | OK | OK | ERROR | OK | |||||||||
| merida1 | macOS 12.7.4 Monterey / x86_64 | OK | OK | ERROR | OK | |||||||||
| kjohnson1 | macOS 13.6.6 Ventura / arm64 | OK | OK | ERROR | OK | |||||||||
| palomino7 | Windows Server 2022 Datacenter / x64 | OK | OK | ERROR | OK | |||||||||
|
To the developers/maintainers of the paxtoolsr package: - Allow up to 24 hours (and sometimes 48 hours) for your latest push to git@git.bioconductor.org:packages/paxtoolsr.git to reflect on this report. See Troubleshooting Build Report for more information. - Use the following Renviron settings to reproduce errors and warnings. - If 'R CMD check' started to fail recently on the Linux builder(s) over a missing dependency, add the missing dependency to 'Suggests:' in your DESCRIPTION file. See Renviron.bioc for more information. |
| Package: paxtoolsr |
| Version: 1.38.0 |
| Command: /Library/Frameworks/R.framework/Resources/bin/R CMD check --install=check:paxtoolsr.install-out.txt --library=/Library/Frameworks/R.framework/Resources/library --no-vignettes --timings paxtoolsr_1.38.0.tar.gz |
| StartedAt: 2024-06-27 09:17:45 -0400 (Thu, 27 Jun 2024) |
| EndedAt: 2024-06-27 09:22:05 -0400 (Thu, 27 Jun 2024) |
| EllapsedTime: 260.1 seconds |
| RetCode: 1 |
| Status: ERROR |
| CheckDir: paxtoolsr.Rcheck |
| Warnings: NA |
##############################################################################
##############################################################################
###
### Running command:
###
### /Library/Frameworks/R.framework/Resources/bin/R CMD check --install=check:paxtoolsr.install-out.txt --library=/Library/Frameworks/R.framework/Resources/library --no-vignettes --timings paxtoolsr_1.38.0.tar.gz
###
##############################################################################
##############################################################################
* using log directory ‘/Users/biocbuild/bbs-3.19-bioc/meat/paxtoolsr.Rcheck’
* using R version 4.4.0 (2024-04-24)
* using platform: x86_64-apple-darwin20
* R was compiled by
Apple clang version 14.0.0 (clang-1400.0.29.202)
GNU Fortran (GCC) 12.2.0
* running under: macOS Monterey 12.7.4
* using session charset: UTF-8
* using option ‘--no-vignettes’
* checking for file ‘paxtoolsr/DESCRIPTION’ ... OK
* checking extension type ... Package
* this is package ‘paxtoolsr’ version ‘1.38.0’
* package encoding: UTF-8
* checking package namespace information ... OK
* checking package dependencies ... OK
* checking if this is a source package ... OK
* checking if there is a namespace ... OK
* checking for hidden files and directories ... OK
* checking for portable file names ... OK
* checking for sufficient/correct file permissions ... OK
* checking whether package ‘paxtoolsr’ can be installed ... OK
* checking installed package size ... NOTE
installed size is 32.1Mb
sub-directories of 1Mb or more:
extdata 7.3Mb
java 24.5Mb
* checking package directory ... OK
* checking ‘build’ directory ... OK
* checking DESCRIPTION meta-information ... OK
* checking top-level files ... OK
* checking for left-over files ... OK
* checking index information ... OK
* checking package subdirectories ... OK
* checking code files for non-ASCII characters ... OK
* checking R files for syntax errors ... OK
* checking whether the package can be loaded ... OK
* checking whether the package can be loaded with stated dependencies ... OK
* checking whether the package can be unloaded cleanly ... OK
* checking whether the namespace can be loaded with stated dependencies ... OK
* checking whether the namespace can be unloaded cleanly ... OK
* checking whether startup messages can be suppressed ... OK
* checking dependencies in R code ... OK
* checking S3 generic/method consistency ... OK
* checking replacement functions ... OK
* checking foreign function calls ... OK
* checking R code for possible problems ... NOTE
splitSifnxByPathway: no visible global function definition for
‘%dopar%’
Undefined global functions or variables:
%dopar%
* checking Rd files ... OK
* checking Rd metadata ... OK
* checking Rd cross-references ... OK
* checking for missing documentation entries ... OK
* checking for code/documentation mismatches ... OK
* checking Rd \usage sections ... OK
* checking Rd contents ... OK
* checking for unstated dependencies in examples ... OK
* checking files in ‘vignettes’ ... OK
* checking examples ... ERROR
Running examples in ‘paxtoolsr-Ex.R’ failed
The error most likely occurred in:
> base::assign(".ptime", proc.time(), pos = "CheckExEnv")
> ### Name: toSBGN
> ### Title: Convert a BioPAX OWL file to SBGNML
> ### Aliases: toSBGN
>
> ### ** Examples
>
> outFile <- tempfile()
> results <- toSBGN(system.file("extdata", "biopax3-short-metabolic-pathway.owl",
+ package="paxtoolsr"),
+ outFile)
SBGN-PD Layout is running...
success ratio: 0.9285714285714286
enhanced ratio: 0.9285714285714286
Total execution time: 103 miliseconds.
Error in toSBGN(system.file("extdata", "biopax3-short-metabolic-pathway.owl", :
java.lang.ExceptionInInitializerError
Calls: toSBGN -> .jcheck
Execution halted
* checking for unstated dependencies in ‘tests’ ... OK
* checking tests ...
Running ‘testthat.R’
ERROR
Running the tests in ‘tests/testthat.R’ failed.
Last 13 lines of output:
'test_pathwayCommons.R:63:5', 'test_pathwayCommons.R:77:5',
'test_pathwayCommons.R:131:5', 'test_pathwayCommons.R:169:5',
'test_pathwayCommons.R:185:5', 'test_pathwayCommons.R:260:5'
• empty test (3): 'test_pathwayCommons.R:266:1', 'test_pathwayCommons.R:285:1',
'test_pathwayCommons.R:286:1'
══ Failed tests ════════════════════════════════════════════════════════════════
── Error ('test_paxtools.R:73:5'): toSBGN ──────────────────────────────────────
<ExceptionInInitializerError/LinkageError/Error/Throwable/Object/Exception/error/condition>
Error in `toSBGN(system.file("extdata", "biopax3-short-metabolic-pathway.owl",
package = "paxtoolsr"), outFile)`: java.lang.ExceptionInInitializerError
[ FAIL 1 | WARN 1 | SKIP 10 | PASS 39 ]
Error: Test failures
Execution halted
* checking for unstated dependencies in vignettes ... OK
* checking package vignettes ... OK
* checking running R code from vignettes ... SKIPPED
* checking re-building of vignette outputs ... SKIPPED
* checking PDF version of manual ... OK
* DONE
Status: 2 ERRORs, 2 NOTEs
See
‘/Users/biocbuild/bbs-3.19-bioc/meat/paxtoolsr.Rcheck/00check.log’
for details.
paxtoolsr.Rcheck/00install.out
############################################################################## ############################################################################## ### ### Running command: ### ### /Library/Frameworks/R.framework/Resources/bin/R CMD INSTALL paxtoolsr ### ############################################################################## ############################################################################## * installing to library ‘/Library/Frameworks/R.framework/Versions/4.4-x86_64/Resources/library’ * installing *source* package ‘paxtoolsr’ ... ** using staged installation ** R ** inst ** byte-compile and prepare package for lazy loading ** help *** installing help indices ** building package indices ** installing vignettes ** testing if installed package can be loaded from temporary location ** testing if installed package can be loaded from final location ** testing if installed package keeps a record of temporary installation path * DONE (paxtoolsr)
paxtoolsr.Rcheck/tests/testthat.Rout.fail
R version 4.4.0 (2024-04-24) -- "Puppy Cup"
Copyright (C) 2024 The R Foundation for Statistical Computing
Platform: x86_64-apple-darwin20
R is free software and comes with ABSOLUTELY NO WARRANTY.
You are welcome to redistribute it under certain conditions.
Type 'license()' or 'licence()' for distribution details.
R is a collaborative project with many contributors.
Type 'contributors()' for more information and
'citation()' on how to cite R or R packages in publications.
Type 'demo()' for some demos, 'help()' for on-line help, or
'help.start()' for an HTML browser interface to help.
Type 'q()' to quit R.
> library(testthat)
> library(paxtoolsr)
Loading required package: rJava
Loading required package: XML
Consider citing this package: Luna A, et al. PaxtoolsR: pathway analysis in R using Pathway Commons. PMID: 26685306; citation("paxtoolsr")
>
> test_check("paxtoolsr")
URL: http://www.pathwaycommons.org/pc2/get?uri=http%3A%2F%2Fidentifiers.org%2Funiprot%2FQ06609&uri=http%3A%2F%2Fidentifiers.org%2Funiprot%2FQ96EB6&format=BIOPAX
2024-06-27 09:21:39,919 1405 [main] INFO org.biopax.paxtools.PaxtoolsMain - Collecting proteins for a pathway, the converter will also consider its sub-pathways, their sub-pathways, etc.
2024-06-27 09:21:39,936 1422 [pool-1-thread-1] INFO org.biopax.paxtools.io.gsea.GSEAConverter - Begin converting Glycolysis Pathway pathway, uri=http://www.biopax.org/examples/myExamplePathway50
2024-06-27 09:21:39,945 1431 [pool-1-thread-1] INFO org.biopax.paxtools.io.gsea.GSEAConverter - - fetched PRs: 2
2024-06-27 09:21:39,946 1432 [pool-1-thread-1] INFO org.biopax.paxtools.io.gsea.GSEAConverter - - grouping the PRs by organism...
2024-06-27 09:21:39,959 1445 [pool-1-thread-1] INFO org.biopax.paxtools.io.gsea.GSEAConverter - - creating GSEA/GMT entries...
2024-06-27 09:21:39,961 1447 [pool-2-thread-1] INFO org.biopax.paxtools.io.gsea.GSEAConverter - adding uniprot IDs of proteins (PRs) from 'Glycolysis Pathway', amaze;kegg pathway...
2024-06-27 09:21:39,965 1451 [pool-1-thread-1] INFO org.biopax.paxtools.io.gsea.GSEAConverter - - collected 1entries.
2024-06-27 09:21:39,965 1451 [main] INFO org.biopax.paxtools.io.gsea.GSEAConverter - Creating entries for the rest fo (unused) PRs...
2024-06-27 09:21:41,012 2498 [main] INFO org.biopax.paxtools.client.BiopaxValidatorClient - BioPAX Validator location: http://biopax.baderlab.org/check.html
2024-06-27 09:21:41,616 3102 [main] INFO org.biopax.paxtools.client.BiopaxValidatorClient - BioPAX Validator location: http://biopax.baderlab.org/check.html
2024-06-27 09:21:42,143 3629 [main] INFO org.biopax.paxtools.PaxtoolsMain - Elements in the result model: 240
SBGN-PD Layout is running...
success ratio: 0.7142857142857143
enhanced ratio: 0.8571428571428571
Total execution time: 145 miliseconds.
2024-06-27 09:21:43,116 4602 [main] INFO org.biopax.paxtools.PaxtoolsMain - toSifnx: not blacklisting ubiquitous molecules (no blacklist.txt found)
2024-06-27 09:21:44,676 6162 [main] INFO org.biopax.paxtools.PaxtoolsMain - toSif: not blacklisting ubiquitous molecules (no blacklist.txt found)
2024-06-27 09:21:46,262 7748 [main] INFO org.biopax.paxtools.PaxtoolsMain - toSif: not blacklisting ubiquitous molecules (no blacklist.txt found)
[ FAIL 1 | WARN 1 | SKIP 10 | PASS 39 ]
══ Skipped tests (10) ══════════════════════════════════════════════════════════
• On Bioconductor (7): 'test_pathwayCommons.R:38:5',
'test_pathwayCommons.R:63:5', 'test_pathwayCommons.R:77:5',
'test_pathwayCommons.R:131:5', 'test_pathwayCommons.R:169:5',
'test_pathwayCommons.R:185:5', 'test_pathwayCommons.R:260:5'
• empty test (3): 'test_pathwayCommons.R:266:1', 'test_pathwayCommons.R:285:1',
'test_pathwayCommons.R:286:1'
══ Failed tests ════════════════════════════════════════════════════════════════
── Error ('test_paxtools.R:73:5'): toSBGN ──────────────────────────────────────
<ExceptionInInitializerError/LinkageError/Error/Throwable/Object/Exception/error/condition>
Error in `toSBGN(system.file("extdata", "biopax3-short-metabolic-pathway.owl",
package = "paxtoolsr"), outFile)`: java.lang.ExceptionInInitializerError
[ FAIL 1 | WARN 1 | SKIP 10 | PASS 39 ]
Error: Test failures
Execution halted
paxtoolsr.Rcheck/paxtoolsr-Ex.timings
| name | user | system | elapsed | |
| addAttributeList | 0.191 | 0.005 | 0.232 | |
| convertDataFrameListsToVectors | 0.003 | 0.001 | 0.005 | |
| convertSifToGmt | 0.449 | 0.037 | 0.832 | |
| downloadFile | 0.050 | 0.012 | 0.336 | |
| downloadPc2 | 0.000 | 0.001 | 0.001 | |
| downloadSignedPC | 0.000 | 0.000 | 0.001 | |
| fetch | 6.311 | 0.426 | 2.200 | |
| filterSif | 0.715 | 0.056 | 0.341 | |
| getCacheFiles | 0.004 | 0.000 | 0.005 | |
| getErrorMessage | 0.005 | 0.001 | 0.002 | |
| getNeighbors | 1.008 | 0.057 | 0.314 | |
| getPc | 0.001 | 0.001 | 0.001 | |
| getPcDatabaseNames | 0.017 | 0.004 | 0.197 | |
| getPcUrl | 0.001 | 0.000 | 0.001 | |
| getShortestPathSif | 0.099 | 0.007 | 0.110 | |
| getSifInteractionCategories | 0.001 | 0.001 | 0.001 | |
| graphPc | 0 | 0 | 0 | |
| integrateBiopax | 3.651 | 0.258 | 1.426 | |
| loadSifInIgraph | 0.021 | 0.002 | 0.029 | |
| mapValues | 0.001 | 0.000 | 0.002 | |
| mergeBiopax | 1.015 | 0.188 | 0.974 | |
| pcDirections | 0.001 | 0.000 | 0.001 | |
| pcFormats | 0.000 | 0.001 | 0.002 | |
| pcGraphQueries | 0.001 | 0.000 | 0.001 | |
| processPcRequest | 0.008 | 0.003 | 0.014 | |
| readBiopax | 0.003 | 0.001 | 0.006 | |
| readGmt | 0.042 | 0.005 | 0.056 | |
| readPcPathwaysInfo | 83.130 | 5.668 | 104.850 | |
| readSbgn | 0.003 | 0.002 | 0.005 | |
| readSif | 0.016 | 0.002 | 0.019 | |
| readSifnx | 0.030 | 0.009 | 0.048 | |
| searchListOfVectors | 0.003 | 0.001 | 0.006 | |
| searchPc | 0.001 | 0.000 | 0.001 | |
| summarize | 0.214 | 0.016 | 0.140 | |
| summarizeSif | 0.049 | 0.006 | 0.023 | |
| toCytoscape | 0.060 | 0.002 | 0.065 | |
| toGSEA | 0.140 | 0.010 | 0.081 | |
| toLevel3 | 0.516 | 0.031 | 0.165 | |