Back to Multiple platform build/check report for BioC 3.19: simplified long |
|
This page was generated on 2024-05-09 11:41:14 -0400 (Thu, 09 May 2024).
Hostname | OS | Arch (*) | R version | Installed pkgs |
---|---|---|---|---|
nebbiolo1 | Linux (Ubuntu 22.04.3 LTS) | x86_64 | 4.4.0 (2024-04-24) -- "Puppy Cup" | 4748 |
palomino3 | Windows Server 2022 Datacenter | x64 | 4.4.0 (2024-04-24 ucrt) -- "Puppy Cup" | 4484 |
lconway | macOS 12.7.1 Monterey | x86_64 | 4.4.0 (2024-04-24) -- "Puppy Cup" | 4514 |
kunpeng2 | Linux (openEuler 22.03 LTS-SP1) | aarch64 | 4.4.0 beta (2024-04-15 r86425) -- "Puppy Cup" | 4480 |
Click on any hostname to see more info about the system (e.g. compilers) (*) as reported by 'uname -p', except on Windows and Mac OS X |
Package 1524/2300 | Hostname | OS / Arch | INSTALL | BUILD | CHECK | BUILD BIN | ||||||||
Samuel Zimmerman
| nebbiolo1 | Linux (Ubuntu 22.04.3 LTS) / x86_64 | OK | OK | ERROR | |||||||||
palomino3 | Windows Server 2022 Datacenter / x64 | OK | ERROR | skipped | skipped | |||||||||
lconway | macOS 12.7.1 Monterey / x86_64 | OK | OK | OK | OK | |||||||||
kunpeng2 | Linux (openEuler 22.03 LTS-SP1) / aarch64 | OK | OK | ERROR | ||||||||||
kjohnson3 | macOS 13.6.5 Ventura / arm64 | see weekly results here | ||||||||||||
To the developers/maintainers of the pathVar package: - Allow up to 24 hours (and sometimes 48 hours) for your latest push to git@git.bioconductor.org:packages/pathVar.git to reflect on this report. See Troubleshooting Build Report for more information. - Use the following Renviron settings to reproduce errors and warnings. - If 'R CMD check' started to fail recently on the Linux builder(s) over a missing dependency, add the missing dependency to 'Suggests:' in your DESCRIPTION file. See Renviron.bioc for more information. - See Martin Grigorov's blog post for how to debug Linux ARM64 related issues on a x86_64 host. |
Package: pathVar |
Version: 1.34.0 |
Command: /home/biocbuild/R/R-beta-2024-04-15_r86425/bin/R CMD check --install=check:pathVar.install-out.txt --library=/home/biocbuild/R/R-beta-2024-04-15_r86425/site-library --no-vignettes --timings pathVar_1.34.0.tar.gz |
StartedAt: 2024-05-09 10:24:38 -0000 (Thu, 09 May 2024) |
EndedAt: 2024-05-09 10:26:09 -0000 (Thu, 09 May 2024) |
EllapsedTime: 90.2 seconds |
RetCode: 1 |
Status: ERROR |
CheckDir: pathVar.Rcheck |
Warnings: NA |
############################################################################## ############################################################################## ### ### Running command: ### ### /home/biocbuild/R/R-beta-2024-04-15_r86425/bin/R CMD check --install=check:pathVar.install-out.txt --library=/home/biocbuild/R/R-beta-2024-04-15_r86425/site-library --no-vignettes --timings pathVar_1.34.0.tar.gz ### ############################################################################## ############################################################################## * using log directory ‘/home/biocbuild/bbs-3.19-bioc/meat/pathVar.Rcheck’ * using R version 4.4.0 beta (2024-04-15 r86425) * using platform: aarch64-unknown-linux-gnu * R was compiled by gcc (GCC) 10.3.1 GNU Fortran (GCC) 10.3.1 * running under: openEuler 22.03 (LTS-SP1) * using session charset: UTF-8 * using option ‘--no-vignettes’ * checking for file ‘pathVar/DESCRIPTION’ ... OK * checking extension type ... Package * this is package ‘pathVar’ version ‘1.34.0’ * checking package namespace information ... OK * checking package dependencies ... OK * checking if this is a source package ... OK * checking if there is a namespace ... OK * checking for hidden files and directories ... OK * checking for portable file names ... OK * checking for sufficient/correct file permissions ... OK * checking whether package ‘pathVar’ can be installed ... OK * checking installed package size ... OK * checking package directory ... OK * checking ‘build’ directory ... OK * checking DESCRIPTION meta-information ... OK * checking top-level files ... OK * checking for left-over files ... OK * checking index information ... OK * checking package subdirectories ... OK * checking code files for non-ASCII characters ... OK * checking R files for syntax errors ... OK * checking whether the package can be loaded ... OK * checking whether the package can be loaded with stated dependencies ... OK * checking whether the package can be unloaded cleanly ... OK * checking whether the namespace can be loaded with stated dependencies ... OK * checking whether the namespace can be unloaded cleanly ... OK * checking loading without being on the library search path ... OK * checking whether startup messages can be suppressed ... OK * checking dependencies in R code ... OK * checking S3 generic/method consistency ... OK * checking replacement functions ... OK * checking foreign function calls ... OK * checking R code for possible problems ... NOTE diagnosticsVarPlots: no visible binding for global variable ‘avg’ diagnosticsVarPlots: no visible binding for global variable ‘standDev’ diagnosticsVarPlots: no visible binding for global variable ‘medAbsDev’ diagnosticsVarPlots: no visible binding for global variable ‘cv’ diagnosticsVarPlotsTwoSample: no visible binding for global variable ‘avg’ diagnosticsVarPlotsTwoSample: no visible binding for global variable ‘standDev’ diagnosticsVarPlotsTwoSample: no visible binding for global variable ‘medAbsDev’ diagnosticsVarPlotsTwoSample: no visible binding for global variable ‘cv’ pathVarOneSample: no visible binding for global variable ‘APval’ pathVarOneSample: no visible binding for global variable ‘PercOfGenesInPway’ pathVarTwoSamplesCont: no visible binding for global variable ‘APval’ pathVarTwoSamplesCont: no visible binding for global variable ‘PercOfGenesInPway’ pathVarTwoSamplesDisc: no visible binding for global variable ‘APval’ pathVarTwoSamplesDisc: no visible binding for global variable ‘PercOfGenesInPway’ plotAllTwoSampleDistributionCounts: no visible binding for global variable ‘Cluster’ plotAllTwoSampleDistributionCounts: no visible binding for global variable ‘Number_of_genes’ plotOneSample: no visible binding for global variable ‘Cluster’ plotOneSample: no visible binding for global variable ‘Number_of_genes’ plotTwoSamplesCont: no visible binding for global variable ‘PwayName’ plotTwoSamplesCont: no visible binding for global variable ‘NumOfGenesFromDataSetInPathway’ plotTwoSamplesCont: no visible binding for global variable ‘value’ plotTwoSamplesCont: no visible binding for global variable ‘..density..’ plotTwoSamplesCont: no visible binding for global variable ‘group’ plotTwoSamplesDisc: no visible binding for global variable ‘Cluster’ plotTwoSamplesDisc: no visible binding for global variable ‘Number_of_genes’ sigOneSample: no visible binding for global variable ‘APval’ sigOneSample: no visible binding for global variable ‘PwayName’ sigTwoSamplesCont: no visible binding for global variable ‘APval’ sigTwoSamplesCont: no visible binding for global variable ‘PwayName’ sigTwoSamplesDisc: no visible binding for global variable ‘APval’ sigTwoSamplesDisc: no visible binding for global variable ‘PwayName’ Undefined global functions or variables: ..density.. APval Cluster NumOfGenesFromDataSetInPathway Number_of_genes PercOfGenesInPway PwayName avg cv group medAbsDev standDev value * checking Rd files ... OK * checking Rd metadata ... OK * checking Rd cross-references ... OK * checking for missing documentation entries ... OK * checking for code/documentation mismatches ... OK * checking Rd \usage sections ... OK * checking Rd contents ... OK * checking for unstated dependencies in examples ... OK * checking contents of ‘data’ directory ... OK * checking data for non-ASCII characters ... OK * checking LazyData ... OK * checking data for ASCII and uncompressed saves ... OK * checking files in ‘vignettes’ ... OK * checking examples ... ERROR Running examples in ‘pathVar-Ex.R’ failed The error most likely occurred in: > base::assign(".ptime", proc.time(), pos = "CheckExEnv") > ### Name: plotPway > ### Title: Checks if an object is from the one sample or two samples cases > ### and then plots reference distribution and the chosen pathway. > ### Aliases: plotPway > ### Keywords: methods > > ### ** Examples > > # we run the 2 samples analysis on the first 10 pathways from kegg > pways.kegg.10pways <- lapply(pways.kegg, function(x) x[1:10]) > results_2samples=pathVarTwoSamplesCont(bock,pways.kegg.10pways,groups=as.factor(c(rep(1,10),rep(2,10)))) > sigPways <- sigPway(results_2samples,0.05) > plotPway(results_2samples,"Glycolysis / Gluconeogenesis",sigPways) Error: The melt generic in data.table has been passed a data.frame, but data.table::melt currently only has a method for data.tables. Please confirm your input is a data.table, with setDT(df) or as.data.table(df). If you intend to use a method from reshape2, try installing that package first, but do note that reshape2 is superseded and is no longer actively developed. Execution halted * checking for unstated dependencies in vignettes ... OK * checking package vignettes ... OK * checking running R code from vignettes ... SKIPPED * checking re-building of vignette outputs ... SKIPPED * checking PDF version of manual ... OK * DONE Status: 1 ERROR, 1 NOTE See ‘/home/biocbuild/bbs-3.19-bioc/meat/pathVar.Rcheck/00check.log’ for details.
pathVar.Rcheck/00install.out
############################################################################## ############################################################################## ### ### Running command: ### ### /home/biocbuild/R/R-beta-2024-04-15_r86425/bin/R CMD INSTALL pathVar ### ############################################################################## ############################################################################## * installing to library ‘/home/biocbuild/R/R-beta-2024-04-15_r86425/site-library’ * installing *source* package ‘pathVar’ ... ** using staged installation ** R ** data *** moving datasets to lazyload DB ** inst ** byte-compile and prepare package for lazy loading ** help *** installing help indices ** building package indices ** installing vignettes ** testing if installed package can be loaded from temporary location Warning in fun(libname, pkgname) : Package 'pathVar' is deprecated and will be removed from Bioconductor version 3.20 ** testing if installed package can be loaded from final location Warning in fun(libname, pkgname) : Package 'pathVar' is deprecated and will be removed from Bioconductor version 3.20 ** testing if installed package keeps a record of temporary installation path * DONE (pathVar)
pathVar.Rcheck/pathVar-Ex.timings
name | user | system | elapsed | |
bock | 0.018 | 0.000 | 0.018 | |
diagnosticsVarPlots | 15.460 | 1.142 | 16.635 | |
diagnosticsVarPlotsTwoSample | 7.976 | 0.635 | 8.627 | |
geneDistributionSet-class | 0.004 | 0.000 | 0.004 | |
geneDistributionSet2-class | 0.002 | 0.000 | 0.002 | |
geneDistributionSet3-class | 0.002 | 0.000 | 0.002 | |
geneSet-class | 0.001 | 0.000 | 0.001 | |
getGenes | 2.903 | 0.024 | 2.933 | |
makeDBList | 0.000 | 0.000 | 0.001 | |
pathVar-package | 3.348 | 0.012 | 3.365 | |
pathVarOneSample | 2.340 | 0.028 | 2.373 | |
pathVarTwoSamplesCont | 2.896 | 0.000 | 2.902 | |
pathVarTwoSamplesDisc | 1.134 | 0.000 | 1.136 | |
plotAllTwoSampleDistributionCounts | 4.964 | 0.040 | 5.014 | |