| Back to Multiple platform build/check report for BioC 3.19: simplified long |
|
This page was generated on 2024-06-11 14:42 -0400 (Tue, 11 Jun 2024).
| Hostname | OS | Arch (*) | R version | Installed pkgs |
|---|---|---|---|---|
| nebbiolo1 | Linux (Ubuntu 22.04.3 LTS) | x86_64 | 4.4.0 (2024-04-24) -- "Puppy Cup" | 4757 |
| palomino3 | Windows Server 2022 Datacenter | x64 | 4.4.0 (2024-04-24 ucrt) -- "Puppy Cup" | 4491 |
| lconway | macOS 12.7.1 Monterey | x86_64 | 4.4.0 (2024-04-24) -- "Puppy Cup" | 4522 |
| kjohnson3 | macOS 13.6.5 Ventura | arm64 | 4.4.0 (2024-04-24) -- "Puppy Cup" | 4468 |
| Click on any hostname to see more info about the system (e.g. compilers) (*) as reported by 'uname -p', except on Windows and Mac OS X | ||||
| Package 1273/2300 | Hostname | OS / Arch | INSTALL | BUILD | CHECK | BUILD BIN | ||||||||
| mina 1.12.0 (landing page) Rui Guan
| nebbiolo1 | Linux (Ubuntu 22.04.3 LTS) / x86_64 | OK | OK | WARNINGS | |||||||||
| palomino3 | Windows Server 2022 Datacenter / x64 | OK | OK | WARNINGS | OK | |||||||||
| lconway | macOS 12.7.1 Monterey / x86_64 | OK | OK | WARNINGS | OK | |||||||||
| kjohnson3 | macOS 13.6.5 Ventura / arm64 | OK | OK | WARNINGS | OK | |||||||||
|
To the developers/maintainers of the mina package: - Allow up to 24 hours (and sometimes 48 hours) for your latest push to git@git.bioconductor.org:packages/mina.git to reflect on this report. See Troubleshooting Build Report for more information. - Use the following Renviron settings to reproduce errors and warnings. - If 'R CMD check' started to fail recently on the Linux builder(s) over a missing dependency, add the missing dependency to 'Suggests:' in your DESCRIPTION file. See Renviron.bioc for more information. |
| Package: mina |
| Version: 1.12.0 |
| Command: /Library/Frameworks/R.framework/Resources/bin/R CMD check --install=check:mina.install-out.txt --library=/Library/Frameworks/R.framework/Resources/library --no-vignettes --timings mina_1.12.0.tar.gz |
| StartedAt: 2024-06-09 21:32:15 -0400 (Sun, 09 Jun 2024) |
| EndedAt: 2024-06-09 21:36:07 -0400 (Sun, 09 Jun 2024) |
| EllapsedTime: 231.7 seconds |
| RetCode: 0 |
| Status: WARNINGS |
| CheckDir: mina.Rcheck |
| Warnings: 1 |
##############################################################################
##############################################################################
###
### Running command:
###
### /Library/Frameworks/R.framework/Resources/bin/R CMD check --install=check:mina.install-out.txt --library=/Library/Frameworks/R.framework/Resources/library --no-vignettes --timings mina_1.12.0.tar.gz
###
##############################################################################
##############################################################################
* using log directory ‘/Users/biocbuild/bbs-3.19-bioc/meat/mina.Rcheck’
* using R version 4.4.0 (2024-04-24)
* using platform: x86_64-apple-darwin20
* R was compiled by
Apple clang version 14.0.0 (clang-1400.0.29.202)
GNU Fortran (GCC) 12.2.0
* running under: macOS Monterey 12.7.1
* using session charset: UTF-8
* using option ‘--no-vignettes’
* checking for file ‘mina/DESCRIPTION’ ... OK
* this is package ‘mina’ version ‘1.12.0’
* package encoding: UTF-8
* checking package namespace information ... OK
* checking package dependencies ... OK
* checking if this is a source package ... OK
* checking if there is a namespace ... OK
* checking for hidden files and directories ... OK
* checking for portable file names ... OK
* checking for sufficient/correct file permissions ... OK
* checking whether package ‘mina’ can be installed ... OK
* used C++ compiler: ‘Apple clang version 14.0.0 (clang-1400.0.29.202)’
* used SDK: ‘MacOSX11.3.sdk’
* checking installed package size ... NOTE
installed size is 8.0Mb
sub-directories of 1Mb or more:
data 7.4Mb
* checking package directory ... OK
* checking ‘build’ directory ... OK
* checking DESCRIPTION meta-information ... OK
* checking top-level files ... OK
* checking for left-over files ... OK
* checking index information ... OK
* checking package subdirectories ... OK
* checking code files for non-ASCII characters ... OK
* checking R files for syntax errors ... OK
* checking whether the package can be loaded ... OK
* checking whether the package can be loaded with stated dependencies ... OK
* checking whether the package can be unloaded cleanly ... OK
* checking whether the namespace can be loaded with stated dependencies ... OK
* checking whether the namespace can be unloaded cleanly ... OK
* checking dependencies in R code ... OK
* checking S3 generic/method consistency ... OK
* checking replacement functions ... OK
* checking foreign function calls ... OK
* checking R code for possible problems ... NOTE
sparcc: no visible binding for global variable ‘i’
net_dis_pcoa,character: no visible binding for global variable ‘y’
net_dis_pcoa,character: no visible binding for global variable ‘Group’
net_dis_plot,mina: no visible binding for global variable ‘Group1’
net_dis_plot,mina: no visible binding for global variable ‘Group2’
net_dis_plot,mina: no visible binding for global variable ‘Distance’
net_dis_plot,mina: no visible binding for global variable ‘Sig’
Undefined global functions or variables:
Distance Group Group1 Group2 Sig i y
* checking Rd files ... NOTE
checkRd: (-1) re_format_AP.Rd:10: Lost braces; missing escapes or markup?
10 | \item{x}{an {APResult} object from \pkg{apcluster}.}
| ^
* checking Rd metadata ... OK
* checking Rd cross-references ... OK
* checking for missing documentation entries ... OK
* checking for code/documentation mismatches ... OK
* checking Rd \usage sections ... OK
* checking Rd contents ... OK
* checking for unstated dependencies in examples ... OK
* checking contents of ‘data’ directory ... OK
* checking data for non-ASCII characters ... OK
* checking LazyData ... WARNING
LazyData DB of 7.4 MB without LazyDataCompression set
See §1.1.6 of 'Writing R Extensions'
* checking data for ASCII and uncompressed saves ... OK
* checking line endings in C/C++/Fortran sources/headers ... OK
* checking compiled code ... NOTE
Note: information on .o files is not available
* checking files in ‘vignettes’ ... OK
* checking examples ... OK
Examples with CPU (user + system) or elapsed time > 5s
user system elapsed
net_dis_plot 34.190 41.746 35.686
net_dis-mina 17.760 22.379 19.101
dis_stat_accessor 14.120 18.764 14.540
bs_pm-mina 8.339 19.626 6.760
com_plot-mina 11.778 2.479 1.896
net_cls-mina 10.782 1.088 11.319
net_cls-matrix 6.783 0.394 6.750
net_cls 5.882 0.536 5.878
net_dis 1.923 3.875 2.112
bs_pm 1.982 3.321 1.964
* checking for unstated dependencies in vignettes ... OK
* checking package vignettes ... OK
* checking running R code from vignettes ... SKIPPED
* checking re-building of vignette outputs ... SKIPPED
* checking PDF version of manual ... OK
* DONE
Status: 1 WARNING, 4 NOTEs
See
‘/Users/biocbuild/bbs-3.19-bioc/meat/mina.Rcheck/00check.log’
for details.
mina.Rcheck/00install.out
############################################################################## ############################################################################## ### ### Running command: ### ### /Library/Frameworks/R.framework/Resources/bin/R CMD INSTALL mina ### ############################################################################## ############################################################################## * installing to library ‘/Library/Frameworks/R.framework/Versions/4.4-x86_64/Resources/library’ * installing *source* package ‘mina’ ... ** using staged installation ** libs using C++ compiler: ‘Apple clang version 14.0.0 (clang-1400.0.29.202)’ using SDK: ‘MacOSX11.3.sdk’ clang++ -arch x86_64 -std=gnu++17 -I"/Library/Frameworks/R.framework/Resources/include" -DNDEBUG -I'/Library/Frameworks/R.framework/Versions/4.4-x86_64/Resources/library/Rcpp/include' -I'/Library/Frameworks/R.framework/Versions/4.4-x86_64/Resources/library/RcppParallel/include' -I'/Library/Frameworks/R.framework/Versions/4.4-x86_64/Resources/library/RcppArmadillo/include' -I/opt/R/x86_64/include -fPIC -falign-functions=64 -Wall -g -O2 -c RcppExports.cpp -o RcppExports.o clang++ -arch x86_64 -std=gnu++17 -I"/Library/Frameworks/R.framework/Resources/include" -DNDEBUG -I'/Library/Frameworks/R.framework/Versions/4.4-x86_64/Resources/library/Rcpp/include' -I'/Library/Frameworks/R.framework/Versions/4.4-x86_64/Resources/library/RcppParallel/include' -I'/Library/Frameworks/R.framework/Versions/4.4-x86_64/Resources/library/RcppArmadillo/include' -I/opt/R/x86_64/include -fPIC -falign-functions=64 -Wall -g -O2 -c cp_cor.cpp -o cp_cor.o clang++ -arch x86_64 -std=gnu++17 -dynamiclib -Wl,-headerpad_max_install_names -undefined dynamic_lookup -L/Library/Frameworks/R.framework/Resources/lib -L/opt/R/x86_64/lib -o mina.so RcppExports.o cp_cor.o -F/Library/Frameworks/R.framework/.. -framework R -Wl,-framework -Wl,CoreFoundation installing to /Library/Frameworks/R.framework/Versions/4.4-x86_64/Resources/library/00LOCK-mina/00new/mina/libs ** R ** data *** moving datasets to lazyload DB ** byte-compile and prepare package for lazy loading Creating a new generic function for ‘norm’ in package ‘mina’ ** help *** installing help indices ** building package indices ** installing vignettes ** testing if installed package can be loaded from temporary location ** checking absolute paths in shared objects and dynamic libraries ** testing if installed package can be loaded from final location ** testing if installed package keeps a record of temporary installation path * DONE (mina)
mina.Rcheck/mina-Ex.timings
| name | user | system | elapsed | |
| adj-matrix | 0.566 | 0.156 | 0.314 | |
| adj-mina | 0.835 | 0.058 | 0.593 | |
| adj | 0.744 | 0.125 | 0.499 | |
| adj_method_list | 0.080 | 0.185 | 0.181 | |
| bs_pm-mina | 8.339 | 19.626 | 6.760 | |
| bs_pm | 1.982 | 3.321 | 1.964 | |
| check_mina | 0.061 | 0.022 | 0.082 | |
| check_mina_de | 0.062 | 0.019 | 0.081 | |
| check_mina_qu | 0.053 | 0.018 | 0.070 | |
| cls_tab | 0.066 | 0.045 | 0.111 | |
| com_dis-matrix | 0.520 | 0.051 | 0.290 | |
| com_dis-mina | 0.313 | 0.202 | 0.079 | |
| com_dis | 0.494 | 0.173 | 0.266 | |
| com_dis_list | 0.104 | 0.164 | 0.157 | |
| com_plot-mina | 11.778 | 2.479 | 1.896 | |
| com_plot | 0.173 | 0.221 | 0.163 | |
| com_r2-mina | 0.699 | 0.175 | 0.477 | |
| com_r2 | 1.224 | 0.317 | 0.954 | |
| data-hmp | 0.001 | 0.002 | 0.004 | |
| data-maize | 0.000 | 0.001 | 0.001 | |
| des_accessor | 0.003 | 0.000 | 0.004 | |
| dis_accessor | 0.309 | 0.090 | 0.084 | |
| dis_stat_accessor | 14.120 | 18.764 | 14.540 | |
| dmr-matrix | 0.551 | 0.198 | 0.317 | |
| dmr-mina | 0.562 | 0.194 | 0.337 | |
| dmr | 0.592 | 0.248 | 0.414 | |
| dmr_accessor | 0.600 | 0.192 | 0.372 | |
| fit_tabs-mina | 0.877 | 0.394 | 1.286 | |
| fit_tabs | 0.997 | 0.275 | 1.285 | |
| get_net_cls_tab-matrix-data.frame-method | 1.545 | 0.365 | 1.426 | |
| get_net_cls_tab | 1.673 | 0.470 | 1.648 | |
| get_r2-mat | 0.708 | 0.162 | 0.481 | |
| get_r2 | 0.706 | 0.178 | 0.478 | |
| get_rep-matrix | 0.263 | 0.056 | 0.321 | |
| get_rep-mima | 0.802 | 0.079 | 0.883 | |
| hmp_des | 0.000 | 0.001 | 0.002 | |
| hmp_otu | 0.001 | 0.001 | 0.002 | |
| maize_asv | 0.001 | 0.002 | 0.002 | |
| maize_asv2 | 0.000 | 0.001 | 0.002 | |
| maize_des | 0.001 | 0.002 | 0.002 | |
| maize_des2 | 0.001 | 0.001 | 0.002 | |
| mina-class | 0.001 | 0.000 | 0.001 | |
| net_cls-matrix | 6.783 | 0.394 | 6.750 | |
| net_cls-mina | 10.782 | 1.088 | 11.319 | |
| net_cls | 5.882 | 0.536 | 5.878 | |
| net_cls_tab-mina-method | 1.694 | 0.211 | 1.409 | |
| net_cls_tab | 1.378 | 0.437 | 1.308 | |
| net_dis-mina | 17.760 | 22.379 | 19.101 | |
| net_dis | 1.923 | 3.875 | 2.112 | |
| net_dis_indi | 0.000 | 0.001 | 0.001 | |
| net_dis_pcoa | 0.000 | 0.001 | 0.001 | |
| net_dis_plot | 34.190 | 41.746 | 35.686 | |
| net_grp_cmp | 0.000 | 0.001 | 0.001 | |
| net_node_cmp | 0 | 0 | 0 | |
| norm_accessor | 0.030 | 0.001 | 0.030 | |
| norm_tab-matrix | 0.696 | 0.004 | 0.701 | |
| norm_tab-mina | 0.677 | 0.113 | 0.793 | |
| norm_tab | 0.024 | 0.000 | 0.025 | |
| norm_tab_method_list | 0.066 | 0.036 | 0.121 | |
| pcoa_plot | 1.309 | 0.449 | 0.885 | |
| sim_par | 0 | 0 | 0 | |
| sparcc | 0.000 | 0.000 | 0.001 | |
| tab_accessor | 0.000 | 0.000 | 0.001 | |
| tina-matrix-method | 0 | 0 | 0 | |
| tina | 0.000 | 0.000 | 0.001 | |