Back to Multiple platform build/check report for BioC 3.19: simplified long |
|
This page was generated on 2024-06-11 14:42 -0400 (Tue, 11 Jun 2024).
Hostname | OS | Arch (*) | R version | Installed pkgs |
---|---|---|---|---|
nebbiolo1 | Linux (Ubuntu 22.04.3 LTS) | x86_64 | 4.4.0 (2024-04-24) -- "Puppy Cup" | 4757 |
palomino3 | Windows Server 2022 Datacenter | x64 | 4.4.0 (2024-04-24 ucrt) -- "Puppy Cup" | 4491 |
lconway | macOS 12.7.1 Monterey | x86_64 | 4.4.0 (2024-04-24) -- "Puppy Cup" | 4522 |
kjohnson3 | macOS 13.6.5 Ventura | arm64 | 4.4.0 (2024-04-24) -- "Puppy Cup" | 4468 |
Click on any hostname to see more info about the system (e.g. compilers) (*) as reported by 'uname -p', except on Windows and Mac OS X |
Package 1199/2300 | Hostname | OS / Arch | INSTALL | BUILD | CHECK | BUILD BIN | ||||||||
memes 1.12.0 (landing page) Spencer Nystrom
| nebbiolo1 | Linux (Ubuntu 22.04.3 LTS) / x86_64 | OK | OK | WARNINGS | |||||||||
palomino3 | Windows Server 2022 Datacenter / x64 | OK | OK | WARNINGS | OK | |||||||||
lconway | macOS 12.7.1 Monterey / x86_64 | OK | OK | WARNINGS | OK | |||||||||
kjohnson3 | macOS 13.6.5 Ventura / arm64 | OK | OK | WARNINGS | OK | |||||||||
To the developers/maintainers of the memes package: - Allow up to 24 hours (and sometimes 48 hours) for your latest push to git@git.bioconductor.org:packages/memes.git to reflect on this report. See Troubleshooting Build Report for more information. - Use the following Renviron settings to reproduce errors and warnings. - If 'R CMD check' started to fail recently on the Linux builder(s) over a missing dependency, add the missing dependency to 'Suggests:' in your DESCRIPTION file. See Renviron.bioc for more information. |
Package: memes |
Version: 1.12.0 |
Command: /Library/Frameworks/R.framework/Resources/bin/R CMD check --install=check:memes.install-out.txt --library=/Library/Frameworks/R.framework/Resources/library --no-vignettes --timings memes_1.12.0.tar.gz |
StartedAt: 2024-06-09 21:21:14 -0400 (Sun, 09 Jun 2024) |
EndedAt: 2024-06-09 21:23:33 -0400 (Sun, 09 Jun 2024) |
EllapsedTime: 138.7 seconds |
RetCode: 0 |
Status: WARNINGS |
CheckDir: memes.Rcheck |
Warnings: 1 |
############################################################################## ############################################################################## ### ### Running command: ### ### /Library/Frameworks/R.framework/Resources/bin/R CMD check --install=check:memes.install-out.txt --library=/Library/Frameworks/R.framework/Resources/library --no-vignettes --timings memes_1.12.0.tar.gz ### ############################################################################## ############################################################################## * using log directory ‘/Users/biocbuild/bbs-3.19-bioc/meat/memes.Rcheck’ * using R version 4.4.0 (2024-04-24) * using platform: x86_64-apple-darwin20 * R was compiled by Apple clang version 14.0.0 (clang-1400.0.29.202) GNU Fortran (GCC) 12.2.0 * running under: macOS Monterey 12.7.1 * using session charset: UTF-8 * using option ‘--no-vignettes’ * checking for file ‘memes/DESCRIPTION’ ... OK * checking extension type ... Package * this is package ‘memes’ version ‘1.12.0’ * package encoding: UTF-8 * checking package namespace information ... OK * checking package dependencies ... OK * checking if this is a source package ... OK * checking if there is a namespace ... OK * checking for hidden files and directories ... OK * checking for portable file names ... OK * checking for sufficient/correct file permissions ... OK * checking whether package ‘memes’ can be installed ... OK * checking installed package size ... OK * checking package directory ... OK * checking ‘build’ directory ... OK * checking DESCRIPTION meta-information ... OK * checking top-level files ... OK * checking for left-over files ... OK * checking index information ... OK * checking package subdirectories ... OK * checking code files for non-ASCII characters ... OK * checking R files for syntax errors ... OK * checking whether the package can be loaded ... OK * checking whether the package can be loaded with stated dependencies ... OK * checking whether the package can be unloaded cleanly ... OK * checking whether the namespace can be loaded with stated dependencies ... OK * checking whether the namespace can be unloaded cleanly ... OK * checking dependencies in R code ... OK * checking S3 generic/method consistency ... WARNING motif_input: function(x, ...) motif_input.universalmotif_df: function(input, path) motif_input: function(x, ...) motif_input.universalmotif: function(input, path) motif_input: function(x, ...) motif_input.list: function(input, path) motif_input: function(x, ...) motif_input.character: function(input, path) motif_input: function(x, ...) motif_input.data.frame: function(input, path) sequence_input: function(x) sequence_input.DNAStringSet: function(input) sequence_input: function(x) sequence_input.character: function(input) sequence_input: function(x) sequence_input.BStringSet: function(input) sequence_input: function(x) sequence_input.AAStringSet: function(input) See section ‘Generic functions and methods’ in the ‘Writing R Extensions’ manual. * checking replacement functions ... OK * checking foreign function calls ... OK * checking R code for possible problems ... OK * checking Rd files ... NOTE checkRd: (-1) runTomTom.Rd:51: Lost braces; missing escapes or markup? 51 | \item{...}{additional flags passed to tomtom using {cmdfun} formating (see table below for details)} | ^ * checking Rd metadata ... OK * checking Rd cross-references ... OK * checking for missing documentation entries ... OK * checking for code/documentation mismatches ... OK * checking Rd \usage sections ... OK * checking Rd contents ... OK * checking for unstated dependencies in examples ... OK * checking contents of ‘data’ directory ... OK * checking data for non-ASCII characters ... OK * checking LazyData ... OK * checking data for ASCII and uncompressed saves ... OK * checking files in ‘vignettes’ ... OK * checking examples ... OK Examples with CPU (user + system) or elapsed time > 5s user system elapsed add_sequence 7.985 0.29 8.298 * checking for unstated dependencies in vignettes ... OK * checking package vignettes ... OK * checking running R code from vignettes ... SKIPPED * checking re-building of vignette outputs ... SKIPPED * checking PDF version of manual ... OK * DONE Status: 1 WARNING, 1 NOTE See ‘/Users/biocbuild/bbs-3.19-bioc/meat/memes.Rcheck/00check.log’ for details.
memes.Rcheck/00install.out
############################################################################## ############################################################################## ### ### Running command: ### ### /Library/Frameworks/R.framework/Resources/bin/R CMD INSTALL memes ### ############################################################################## ############################################################################## * installing to library ‘/Library/Frameworks/R.framework/Versions/4.4-x86_64/Resources/library’ * installing *source* package ‘memes’ ... ** using staged installation ** R ** data *** moving datasets to lazyload DB ** inst ** byte-compile and prepare package for lazy loading ** help *** installing help indices *** copying figures ** building package indices ** installing vignettes ** testing if installed package can be loaded from temporary location ** testing if installed package can be loaded from final location ** testing if installed package keeps a record of temporary installation path * DONE (memes)
memes.Rcheck/memes-Ex.timings
name | user | system | elapsed | |
add_sequence | 7.985 | 0.290 | 8.298 | |
ame_compare_heatmap_methods | 1.921 | 0.055 | 1.981 | |
check_meme_install | 0.536 | 0.069 | 0.607 | |
drop_best_match | 0.006 | 0.002 | 0.008 | |
example_ame | 0.073 | 0.007 | 0.080 | |
example_ame_large | 0.050 | 0.004 | 0.055 | |
force_best_match | 0.066 | 0.007 | 0.073 | |
get_sequence | 0.499 | 0.070 | 0.574 | |
has_duplicate_motifs | 0.191 | 0.011 | 0.205 | |
importAme | 0.249 | 0.043 | 0.285 | |
importDremeXML | 0.211 | 0.006 | 0.219 | |
importFimo | 0.053 | 0.012 | 0.056 | |
importMeme | 0.106 | 0.002 | 0.109 | |
importStremeXML | 0.188 | 0.004 | 0.192 | |
importTomTomXML | 0.284 | 0.004 | 0.290 | |
meme_is_installed | 0.055 | 0.001 | 0.057 | |
nest_tomtom | 0.062 | 0.002 | 0.064 | |
plot_ame_heatmap | 0.639 | 0.009 | 0.651 | |
plot_sequence_heatmap | 3.088 | 0.090 | 3.212 | |
remove_duplicate_motifs | 0.002 | 0.001 | 0.002 | |
runAme | 0.053 | 0.001 | 0.054 | |
runDreme | 0.061 | 0.001 | 0.062 | |
runFimo | 0.063 | 0.003 | 0.067 | |
runMeme | 0.063 | 0.004 | 0.068 | |
runTomTom | 0.064 | 0.001 | 0.065 | |
update_best_match | 0.072 | 0.004 | 0.075 | |
view_tomtom_hits | 1.012 | 0.021 | 1.036 | |
write_fasta | 0.003 | 0.000 | 0.003 | |