Back to Multiple platform build/check report for BioC 3.19: simplified long |
|
This page was generated on 2024-05-09 11:40:53 -0400 (Thu, 09 May 2024).
Hostname | OS | Arch (*) | R version | Installed pkgs |
---|---|---|---|---|
nebbiolo1 | Linux (Ubuntu 22.04.3 LTS) | x86_64 | 4.4.0 (2024-04-24) -- "Puppy Cup" | 4748 |
palomino3 | Windows Server 2022 Datacenter | x64 | 4.4.0 (2024-04-24 ucrt) -- "Puppy Cup" | 4484 |
lconway | macOS 12.7.1 Monterey | x86_64 | 4.4.0 (2024-04-24) -- "Puppy Cup" | 4514 |
kunpeng2 | Linux (openEuler 22.03 LTS-SP1) | aarch64 | 4.4.0 beta (2024-04-15 r86425) -- "Puppy Cup" | 4480 |
Click on any hostname to see more info about the system (e.g. compilers) (*) as reported by 'uname -p', except on Windows and Mac OS X |
Package 856/2300 | Hostname | OS / Arch | INSTALL | BUILD | CHECK | BUILD BIN | ||||||||
geva 1.12.0 (landing page) Itamar José Guimarães Nunes
| nebbiolo1 | Linux (Ubuntu 22.04.3 LTS) / x86_64 | OK | OK | OK | ![]() | ||||||||
palomino3 | Windows Server 2022 Datacenter / x64 | OK | ERROR | skipped | skipped | |||||||||
lconway | macOS 12.7.1 Monterey / x86_64 | OK | OK | OK | OK | ![]() | ||||||||
kunpeng2 | Linux (openEuler 22.03 LTS-SP1) / aarch64 | OK | ERROR | skipped | ||||||||||
kjohnson3 | macOS 13.6.5 Ventura / arm64 | see weekly results here | ||||||||||||
To the developers/maintainers of the geva package: - Allow up to 24 hours (and sometimes 48 hours) for your latest push to git@git.bioconductor.org:packages/geva.git to reflect on this report. See Troubleshooting Build Report for more information. - Use the following Renviron settings to reproduce errors and warnings. - If 'R CMD check' started to fail recently on the Linux builder(s) over a missing dependency, add the missing dependency to 'Suggests:' in your DESCRIPTION file. See Renviron.bioc for more information. - See Martin Grigorov's blog post for how to debug Linux ARM64 related issues on a x86_64 host. |
Package: geva |
Version: 1.12.0 |
Command: /home/biocbuild/R/R-beta-2024-04-15_r86425/bin/R CMD build --keep-empty-dirs --no-resave-data geva |
StartedAt: 2024-05-09 00:34:41 -0000 (Thu, 09 May 2024) |
EndedAt: 2024-05-09 00:37:06 -0000 (Thu, 09 May 2024) |
EllapsedTime: 145.2 seconds |
RetCode: 1 |
Status: ERROR |
PackageFile: None |
PackageFileSize: NA |
############################################################################## ############################################################################## ### ### Running command: ### ### /home/biocbuild/R/R-beta-2024-04-15_r86425/bin/R CMD build --keep-empty-dirs --no-resave-data geva ### ############################################################################## ############################################################################## * checking for file ‘geva/DESCRIPTION’ ... OK * preparing ‘geva’: * checking DESCRIPTION meta-information ... OK * installing the package to build vignettes * creating vignettes ... ERROR --- re-building ‘geva.Rmd’ using rmarkdown Warning in Sys.setlocale("LC_TIME", "English_United States") : OS reports request to set locale to "English_United States" cannot be honored ! Missing $ inserted. <inserted text> $ l.412 ...e is applied using a threshold of (\alpha \textless{} Try to find the following text in /home/biocbuild/tmp/Rtmpv3s2U9/Rbuildfdc6dcf958f/geva/vignettes/geva.Rmd: ...e is applied using a threshold of (\alpha You may need to add $ $ around a certain inline R expression `r ` in /home/biocbuild/tmp/Rtmpv3s2U9/Rbuildfdc6dcf958f/geva/vignettes/geva.Rmd (see the above hint). See https://github.com/rstudio/rmarkdown/issues/385 for more info. Error: processing vignette 'geva.Rmd' failed with diagnostics: LaTeX failed to compile /home/biocbuild/tmp/Rtmpv3s2U9/Rbuildfdc6dcf958f/geva/vignettes/geva.tex. See https://yihui.org/tinytex/r/#debugging for debugging tips. See geva.log for more info. --- failed re-building ‘geva.Rmd’ SUMMARY: processing the following file failed: ‘geva.Rmd’ Error: Vignette re-building failed. Execution halted