| Back to Multiple platform build/check report for BioC 3.19: simplified long |
|
This page was generated on 2024-06-11 14:42 -0400 (Tue, 11 Jun 2024).
| Hostname | OS | Arch (*) | R version | Installed pkgs |
|---|---|---|---|---|
| nebbiolo1 | Linux (Ubuntu 22.04.3 LTS) | x86_64 | 4.4.0 (2024-04-24) -- "Puppy Cup" | 4757 |
| palomino3 | Windows Server 2022 Datacenter | x64 | 4.4.0 (2024-04-24 ucrt) -- "Puppy Cup" | 4491 |
| lconway | macOS 12.7.1 Monterey | x86_64 | 4.4.0 (2024-04-24) -- "Puppy Cup" | 4522 |
| kjohnson3 | macOS 13.6.5 Ventura | arm64 | 4.4.0 (2024-04-24) -- "Puppy Cup" | 4468 |
| Click on any hostname to see more info about the system (e.g. compilers) (*) as reported by 'uname -p', except on Windows and Mac OS X | ||||
| Package 803/2300 | Hostname | OS / Arch | INSTALL | BUILD | CHECK | BUILD BIN | ||||||||
| genefilter 1.86.0 (landing page) Bioconductor Package Maintainer
| nebbiolo1 | Linux (Ubuntu 22.04.3 LTS) / x86_64 | OK | ERROR | skipped | |||||||||
| palomino3 | Windows Server 2022 Datacenter / x64 | OK | ERROR | skipped | skipped | |||||||||
| lconway | macOS 12.7.1 Monterey / x86_64 | OK | ERROR | skipped | skipped | |||||||||
| kjohnson3 | macOS 13.6.5 Ventura / arm64 | OK | ERROR | skipped | skipped | |||||||||
|
To the developers/maintainers of the genefilter package: - Allow up to 24 hours (and sometimes 48 hours) for your latest push to git@git.bioconductor.org:packages/genefilter.git to reflect on this report. See Troubleshooting Build Report for more information. - Use the following Renviron settings to reproduce errors and warnings. - If 'R CMD check' started to fail recently on the Linux builder(s) over a missing dependency, add the missing dependency to 'Suggests:' in your DESCRIPTION file. See Renviron.bioc for more information. |
| Package: genefilter |
| Version: 1.86.0 |
| Command: /Library/Frameworks/R.framework/Resources/bin/R CMD build --keep-empty-dirs --no-resave-data genefilter |
| StartedAt: 2024-06-09 16:44:30 -0400 (Sun, 09 Jun 2024) |
| EndedAt: 2024-06-09 16:45:18 -0400 (Sun, 09 Jun 2024) |
| EllapsedTime: 48.4 seconds |
| RetCode: 1 |
| Status: ERROR |
| PackageFile: None |
| PackageFileSize: NA |
##############################################################################
##############################################################################
###
### Running command:
###
### /Library/Frameworks/R.framework/Resources/bin/R CMD build --keep-empty-dirs --no-resave-data genefilter
###
##############################################################################
##############################################################################
* checking for file ‘genefilter/DESCRIPTION’ ... OK
* preparing ‘genefilter’:
* checking DESCRIPTION meta-information ... OK
* cleaning src
* installing the package to build vignettes
* creating vignettes ... ERROR
--- re-building ‘howtogenefilter.Rmd’ using rmarkdown
--- finished re-building ‘howtogenefilter.Rmd’
--- re-building ‘howtogenefinder.Rmd’ using rmarkdown
[WARNING] Could not parse YAML metadata at line 22 column 1: :2:72: Unexpected '
'
[WARNING] This document format requires a nonempty <title> element.
Please specify either 'title' or 'pagetitle' in the metadata,
e.g. by using --metadata pagetitle="..." on the command line.
Falling back to 'howtogenefinder.knit'
--- finished re-building ‘howtogenefinder.Rmd’
--- re-building ‘independent_filtering_plots.Rnw’ using knitr
2024-06-09 16:45:10.588 R[12500:26954300] XType: com.apple.fonts is not accessible.
2024-06-09 16:45:10.588 R[12500:26954300] XType: XTFontStaticRegistry is enabled.
Error: processing vignette 'independent_filtering_plots.Rnw' failed with diagnostics:
Running 'texi2dvi' on 'independent_filtering_plots.tex' failed.
LaTeX errors:
! Package xcolor Error: Undefined color `fgcolor'.
See the xcolor package documentation for explanation.
Type H <return> for immediate help.
...
! Emergency stop.
...
l.78 ...}{rgb}{0.941, 0.941, 0.941}\color{fgcolor}
\begin{kframe}
! ==> Fatal error occurred, no output PDF file produced!
--- failed re-building ‘independent_filtering_plots.Rnw’
SUMMARY: processing the following file failed:
‘independent_filtering_plots.Rnw’
Error: Vignette re-building failed.
Execution halted