Back to Multiple platform build/check report for BioC 3.19: simplified long |
|
This page was generated on 2024-05-30 11:35:31 -0400 (Thu, 30 May 2024).
Hostname | OS | Arch (*) | R version | Installed pkgs |
---|---|---|---|---|
nebbiolo1 | Linux (Ubuntu 22.04.3 LTS) | x86_64 | 4.4.0 (2024-04-24) -- "Puppy Cup" | 4753 |
lconway | macOS 12.7.1 Monterey | x86_64 | 4.4.0 (2024-04-24) -- "Puppy Cup" | 4518 |
Click on any hostname to see more info about the system (e.g. compilers) (*) as reported by 'uname -p', except on Windows and Mac OS X |
Package 527/2300 | Hostname | OS / Arch | INSTALL | BUILD | CHECK | BUILD BIN | ||||||||
decoupleR 2.10.0 (landing page) Pau Badia-i-Mompel
| nebbiolo1 | Linux (Ubuntu 22.04.3 LTS) / x86_64 | OK | OK | WARNINGS | |||||||||
lconway | macOS 12.7.1 Monterey / x86_64 | OK | OK | WARNINGS | OK | |||||||||
kjohnson3 | macOS 13.6.5 Ventura / arm64 | see weekly results here | ||||||||||||
To the developers/maintainers of the decoupleR package: - Allow up to 24 hours (and sometimes 48 hours) for your latest push to git@git.bioconductor.org:packages/decoupleR.git to reflect on this report. See Troubleshooting Build Report for more information. - Use the following Renviron settings to reproduce errors and warnings. - If 'R CMD check' started to fail recently on the Linux builder(s) over a missing dependency, add the missing dependency to 'Suggests:' in your DESCRIPTION file. See Renviron.bioc for more information. |
Package: decoupleR |
Version: 2.10.0 |
Command: /Library/Frameworks/R.framework/Resources/bin/R CMD check --install=check:decoupleR.install-out.txt --library=/Library/Frameworks/R.framework/Resources/library --no-vignettes --timings decoupleR_2.10.0.tar.gz |
StartedAt: 2024-05-29 20:14:38 -0400 (Wed, 29 May 2024) |
EndedAt: 2024-05-29 20:53:59 -0400 (Wed, 29 May 2024) |
EllapsedTime: 2360.9 seconds |
RetCode: 0 |
Status: WARNINGS |
CheckDir: decoupleR.Rcheck |
Warnings: 1 |
############################################################################## ############################################################################## ### ### Running command: ### ### /Library/Frameworks/R.framework/Resources/bin/R CMD check --install=check:decoupleR.install-out.txt --library=/Library/Frameworks/R.framework/Resources/library --no-vignettes --timings decoupleR_2.10.0.tar.gz ### ############################################################################## ############################################################################## * using log directory ‘/Users/biocbuild/bbs-3.19-bioc/meat/decoupleR.Rcheck’ * using R version 4.4.0 (2024-04-24) * using platform: x86_64-apple-darwin20 * R was compiled by Apple clang version 14.0.0 (clang-1400.0.29.202) GNU Fortran (GCC) 12.2.0 * running under: macOS Monterey 12.7.1 * using session charset: UTF-8 * using option ‘--no-vignettes’ * checking for file ‘decoupleR/DESCRIPTION’ ... OK * checking extension type ... Package * this is package ‘decoupleR’ version ‘2.10.0’ * package encoding: UTF-8 * checking package namespace information ... OK * checking package dependencies ... OK * checking if this is a source package ... OK * checking if there is a namespace ... OK * checking for hidden files and directories ... OK * checking for portable file names ... OK * checking for sufficient/correct file permissions ... OK * checking whether package ‘decoupleR’ can be installed ... OK * checking installed package size ... OK * checking package directory ... OK * checking ‘build’ directory ... OK * checking DESCRIPTION meta-information ... OK * checking top-level files ... OK * checking for left-over files ... OK * checking index information ... OK * checking package subdirectories ... OK * checking code files for non-ASCII characters ... OK * checking R files for syntax errors ... OK * checking whether the package can be loaded ... OK * checking whether the package can be loaded with stated dependencies ... OK * checking whether the package can be unloaded cleanly ... OK * checking whether the namespace can be loaded with stated dependencies ... OK * checking whether the namespace can be unloaded cleanly ... OK * checking dependencies in R code ... NOTE [2024-05-29 20:15:18] [TRACE] [OmnipathR] Reading JSON from `/Users/biocbuild/Library/Caches/OmnipathR/cache.json` (encoding: UTF-8). [2024-05-29 20:15:18] [TRACE] [OmnipathR] JSON validation successful: TRUE [2024-05-29 20:15:18] [INFO] [OmnipathR] Initialized cache: `/Users/biocbuild/Library/Caches/OmnipathR`. [2024-05-29 20:15:18] [TRACE] [OmnipathR] Running on a build server, wiping cache. [2024-05-29 20:15:18] [TRACE] [OmnipathR] Cache is at `/Users/biocbuild/Library/Caches/OmnipathR`. [2024-05-29 20:15:18] [TRACE] [OmnipathR] Contains 8 files. [2024-05-29 20:15:18] [TRACE] [OmnipathR] Cache is locked: FALSE. [2024-05-29 20:15:18] [TRACE] [OmnipathR] Reading JSON from `/Users/biocbuild/Library/Caches/OmnipathR/cache.json` (encoding: UTF-8). [2024-05-29 20:15:18] [TRACE] [OmnipathR] JSON validation successful: TRUE [2024-05-29 20:15:18] [SUCCESS] [OmnipathR] Removing all cache contents from `/Users/biocbuild/Library/Caches/OmnipathR`. [2024-05-29 20:15:19] [TRACE] [OmnipathR] Pandoc version: `2.7.3`. [2024-05-29 20:15:19] [TRACE] [OmnipathR] Reading JSON from `/Library/Frameworks/R.framework/Versions/4.4-x86_64/Resources/library/OmnipathR/db/db_def.json` (encoding: UTF-8). [2024-05-29 20:15:19] [TRACE] [OmnipathR] JSON validation successful: TRUE [2024-05-29 20:15:19] [TRACE] [OmnipathR] Reading JSON from `/Library/Frameworks/R.framework/Versions/4.4-x86_64/Resources/library/OmnipathR/internal/magic_bytes.json` (encoding: UTF-8). [2024-05-29 20:15:19] [TRACE] [OmnipathR] JSON validation successful: TRUE [2024-05-29 20:15:19] [TRACE] [OmnipathR] Reading JSON from `/Library/Frameworks/R.framework/Versions/4.4-x86_64/Resources/library/OmnipathR/internal/urls.json` (encoding: UTF-8). [2024-05-29 20:15:19] [TRACE] [OmnipathR] JSON validation successful: TRUE [2024-05-29 20:15:19] [TRACE] [OmnipathR] Reading JSON from `/Library/Frameworks/R.framework/Versions/4.4-x86_64/Resources/library/OmnipathR/internal/id_types.json` (encoding: UTF-8). [2024-05-29 20:15:19] [TRACE] [OmnipathR] JSON validation successful: TRUE [2024-05-29 20:15:19] [TRACE] [OmnipathR] Cache locked: FALSE * checking S3 generic/method consistency ... OK * checking replacement functions ... OK * checking foreign function calls ... OK * checking R code for possible problems ... OK * checking Rd files ... OK * checking Rd metadata ... OK * checking Rd cross-references ... WARNING Missing link or links in Rd file 'run_gsva.Rd': ‘GSVA::gsva’ ‘GeneSetCollection’ See section 'Cross-references' in the 'Writing R Extensions' manual. * checking for missing documentation entries ... OK * checking for code/documentation mismatches ... OK * checking Rd \usage sections ... OK * checking Rd contents ... OK * checking for unstated dependencies in examples ... OK * checking files in ‘vignettes’ ... OK * checking examples ... OK Examples with CPU (user + system) or elapsed time > 5s user system elapsed get_dorothea 554.139 6.970 583.095 get_collectri 136.905 1.892 158.343 run_fgsea 22.137 0.364 22.673 run_aucell 10.131 1.428 11.776 get_progeny 6.532 0.634 27.600 * checking for unstated dependencies in ‘tests’ ... OK * checking tests ... Running ‘testthat.R’ OK * checking for unstated dependencies in vignettes ... OK * checking package vignettes ... OK * checking running R code from vignettes ... SKIPPED * checking re-building of vignette outputs ... SKIPPED * checking PDF version of manual ... OK * DONE Status: 1 WARNING, 1 NOTE See ‘/Users/biocbuild/bbs-3.19-bioc/meat/decoupleR.Rcheck/00check.log’ for details.
decoupleR.Rcheck/00install.out
############################################################################## ############################################################################## ### ### Running command: ### ### /Library/Frameworks/R.framework/Resources/bin/R CMD INSTALL decoupleR ### ############################################################################## ############################################################################## * installing to library ‘/Library/Frameworks/R.framework/Versions/4.4-x86_64/Resources/library’ * installing *source* package ‘decoupleR’ ... ** using staged installation ** R ** inst ** byte-compile and prepare package for lazy loading ** help *** installing help indices *** copying figures ** building package indices ** installing vignettes ** testing if installed package can be loaded from temporary location ** testing if installed package can be loaded from final location ** testing if installed package keeps a record of temporary installation path * DONE (decoupleR)
decoupleR.Rcheck/tests/testthat.Rout
R version 4.4.0 (2024-04-24) -- "Puppy Cup" Copyright (C) 2024 The R Foundation for Statistical Computing Platform: x86_64-apple-darwin20 R is free software and comes with ABSOLUTELY NO WARRANTY. You are welcome to redistribute it under certain conditions. Type 'license()' or 'licence()' for distribution details. R is a collaborative project with many contributors. Type 'contributors()' for more information and 'citation()' on how to cite R or R packages in publications. Type 'demo()' for some demos, 'help()' for on-line help, or 'help.start()' for an HTML browser interface to help. Type 'q()' to quit R. > library(testthat) > library(decoupleR) > > test_check("decoupleR") | | | 0% | |======================================================================| 100% | | | 0% | |======================================================================| 100% | | | 0% | |======================================================================| 100% | | | 0% | |======================================================================| 100% | | | 0% | |======================================================================| 100% | | | 0% | |======================================================================| 100% | | | 0% | |======================================================================| 100% | | | 0% | |======================================================================| 100% | | | 0% | |======================================================================| 100% | | | 0% | |======================================================================| 100% | | | 0% | |======================================================================| 100% | | | 0% | |======================================================================| 100% | | | 0% | |=================================== | 50% | |======================================================================| 100% | | | 0% | |=================================== | 50% | |======================================================================| 100% | | | 0% | |=================================== | 50% | |======================================================================| 100% | | | 0% | |=================================== | 50% | |======================================================================| 100% | | | 0% | |=================================== | 50% | |======================================================================| 100% | | | 0% | |=================================== | 50% | |======================================================================| 100% | | | 0% | |=================================== | 50% | |======================================================================| 100% | | | 0% | |=================================== | 50% | |======================================================================| 100% | | | 0% | |=================================== | 50% | |======================================================================| 100% | | | 0% | |=================================== | 50% | |======================================================================| 100% | | | 0% | |=================================== | 50% | |======================================================================| 100% | | | 0% | |=================================== | 50% | |======================================================================| 100% [2024-05-29 20:30:44] [TRACE] [OmnipathR] Reading JSON from `/Users/biocbuild/Library/Caches/OmnipathR/cache.json` (encoding: UTF-8). [2024-05-29 20:30:44] [TRACE] [OmnipathR] JSON validation successful: TRUE [2024-05-29 20:30:44] [INFO] [OmnipathR] Initialized cache: `/Users/biocbuild/Library/Caches/OmnipathR`. [2024-05-29 20:30:44] [TRACE] [OmnipathR] Running on a build server, wiping cache. [2024-05-29 20:30:44] [TRACE] [OmnipathR] Cache is at `/Users/biocbuild/Library/Caches/OmnipathR`. [2024-05-29 20:30:44] [TRACE] [OmnipathR] Contains 8 files. [2024-05-29 20:30:44] [TRACE] [OmnipathR] Cache is locked: FALSE. [2024-05-29 20:30:44] [TRACE] [OmnipathR] Reading JSON from `/Users/biocbuild/Library/Caches/OmnipathR/cache.json` (encoding: UTF-8). [2024-05-29 20:30:44] [TRACE] [OmnipathR] JSON validation successful: TRUE [2024-05-29 20:30:44] [SUCCESS] [OmnipathR] Removing all cache contents from `/Users/biocbuild/Library/Caches/OmnipathR`. [2024-05-29 20:30:44] [TRACE] [OmnipathR] Pandoc version: `2.7.3`. [2024-05-29 20:30:44] [TRACE] [OmnipathR] Reading JSON from `/Library/Frameworks/R.framework/Versions/4.4-x86_64/Resources/library/OmnipathR/db/db_def.json` (encoding: UTF-8). [2024-05-29 20:30:44] [TRACE] [OmnipathR] JSON validation successful: TRUE [2024-05-29 20:30:44] [TRACE] [OmnipathR] Reading JSON from `/Library/Frameworks/R.framework/Versions/4.4-x86_64/Resources/library/OmnipathR/internal/magic_bytes.json` (encoding: UTF-8). [2024-05-29 20:30:44] [TRACE] [OmnipathR] JSON validation successful: TRUE [2024-05-29 20:30:44] [TRACE] [OmnipathR] Reading JSON from `/Library/Frameworks/R.framework/Versions/4.4-x86_64/Resources/library/OmnipathR/internal/urls.json` (encoding: UTF-8). [2024-05-29 20:30:44] [TRACE] [OmnipathR] JSON validation successful: TRUE [2024-05-29 20:30:44] [TRACE] [OmnipathR] Reading JSON from `/Library/Frameworks/R.framework/Versions/4.4-x86_64/Resources/library/OmnipathR/internal/id_types.json` (encoding: UTF-8). [2024-05-29 20:30:44] [TRACE] [OmnipathR] JSON validation successful: TRUE [2024-05-29 20:30:44] [TRACE] [OmnipathR] Cache locked: FALSE [2024-05-29 20:30:45] [TRACE] [OmnipathR] Reading JSON from `https://omnipathdb.org/resources` (encoding: UTF-8). [2024-05-29 20:30:45] [TRACE] [OmnipathR] JSON validation successful: TRUE [2024-05-29 20:30:46] [TRACE] [OmnipathR] Reading JSON from `https://omnipathdb.org/resources` (encoding: UTF-8). [2024-05-29 20:30:46] [TRACE] [OmnipathR] JSON validation successful: TRUE [2024-05-29 20:30:46] [INFO] [OmnipathR] Loading database `Ensembl and OMA organism names`. [2024-05-29 20:30:46] [TRACE] [OmnipathR] Reading JSON from `/Users/biocbuild/Library/Caches/OmnipathR/cache.json` (encoding: UTF-8). [2024-05-29 20:30:46] [TRACE] [OmnipathR] JSON validation successful: TRUE [2024-05-29 20:30:46] [INFO] [OmnipathR] Looking up in cache `https://www.ensembl.org/info/about/species.html`: key=7332486db7400730697234bad76ca0c8e4d00799, no version available. [2024-05-29 20:30:46] [TRACE] [OmnipathR] Reading JSON from `/Users/biocbuild/Library/Caches/OmnipathR/cache.json` (encoding: UTF-8). [2024-05-29 20:30:46] [TRACE] [OmnipathR] JSON validation successful: TRUE [2024-05-29 20:30:46] [INFO] [OmnipathR] Created new version for cache record 7332486db7400730697234bad76ca0c8e4d00799: version 1. [2024-05-29 20:30:46] [TRACE] [OmnipathR] Cache file path: /Users/biocbuild/Library/Caches/OmnipathR/7332486db7400730697234bad76ca0c8e4d00799-1.html [2024-05-29 20:30:46] [INFO] [OmnipathR] Retrieving URL: `https://www.ensembl.org/info/about/species.html` [2024-05-29 20:30:46] [TRACE] [OmnipathR] Attempt 1/3: `https://www.ensembl.org/info/about/species.html` [2024-05-29 20:30:47] [TRACE] [OmnipathR] HTTP 200 [2024-05-29 20:30:47] [INFO] [OmnipathR] Download ready [key=7332486db7400730697234bad76ca0c8e4d00799, version=1] [2024-05-29 20:30:47] [TRACE] [OmnipathR] Reading JSON from `/Users/biocbuild/Library/Caches/OmnipathR/cache.json` (encoding: UTF-8). [2024-05-29 20:30:47] [TRACE] [OmnipathR] JSON validation successful: TRUE [2024-05-29 20:30:47] [INFO] [OmnipathR] Cache item `7332486db7400730697234bad76ca0c8e4d00799` version 1: status changed from `unknown` to `ready`. [2024-05-29 20:30:48] [TRACE] [OmnipathR] Looking up in cache: `https://omabrowser.org/All/oma-species.txt`. [2024-05-29 20:30:48] [INFO] [OmnipathR] Cache record does not exist: `https://omabrowser.org/All/oma-species.txt` [2024-05-29 20:30:48] [TRACE] [OmnipathR] Could not find in cache, initiating download: `https://omabrowser.org/All/oma-species.txt`. [2024-05-29 20:30:48] [TRACE] [OmnipathR] Reading JSON from `/Users/biocbuild/Library/Caches/OmnipathR/cache.json` (encoding: UTF-8). [2024-05-29 20:30:48] [TRACE] [OmnipathR] JSON validation successful: TRUE [2024-05-29 20:30:48] [TRACE] [OmnipathR] Reading JSON from `/Users/biocbuild/Library/Caches/OmnipathR/cache.json` (encoding: UTF-8). [2024-05-29 20:30:48] [TRACE] [OmnipathR] JSON validation successful: TRUE [2024-05-29 20:30:48] [INFO] [OmnipathR] Cache item `30e690cbb55dfc63b5903ab337f34ffc2f4be397` version 1: status changed from `unknown` to `started`. [2024-05-29 20:30:48] [TRACE] [OmnipathR] Exporting object to RDS: `/Users/biocbuild/Library/Caches/OmnipathR/30e690cbb55dfc63b5903ab337f34ffc2f4be397-1.rds`. [2024-05-29 20:30:48] [INFO] [OmnipathR] Retrieving URL: `https://omabrowser.org/All/oma-species.txt` [2024-05-29 20:30:48] [TRACE] [OmnipathR] Attempt 1/3: `https://omabrowser.org/All/oma-species.txt` [2024-05-29 20:30:49] [TRACE] [OmnipathR] Exported RDS to `/Users/biocbuild/Library/Caches/OmnipathR/30e690cbb55dfc63b5903ab337f34ffc2f4be397-1.rds`. [2024-05-29 20:30:49] [INFO] [OmnipathR] Download ready [key=30e690cbb55dfc63b5903ab337f34ffc2f4be397, version=1] [2024-05-29 20:30:49] [TRACE] [OmnipathR] Reading JSON from `/Users/biocbuild/Library/Caches/OmnipathR/cache.json` (encoding: UTF-8). [2024-05-29 20:30:49] [TRACE] [OmnipathR] JSON validation successful: TRUE [2024-05-29 20:30:49] [INFO] [OmnipathR] Cache item `30e690cbb55dfc63b5903ab337f34ffc2f4be397` version 1: status changed from `started` to `ready`. [2024-05-29 20:30:49] [INFO] [OmnipathR] Loaded database `Ensembl and OMA organism names`. [2024-05-29 20:30:50] [TRACE] [OmnipathR] Reading JSON from `https://omnipathdb.org/resources` (encoding: UTF-8). [2024-05-29 20:30:50] [TRACE] [OmnipathR] JSON validation successful: TRUE [2024-05-29 20:30:50] [TRACE] [OmnipathR] Looking up in cache: `https://omnipathdb.org/annotations?resources=TFcensus&license=academic` [2024-05-29 20:30:50] [INFO] [OmnipathR] Cache record does not exist: `https://omnipathdb.org/annotations?resources=TFcensus&license=academic` [2024-05-29 20:30:50] [TRACE] [OmnipathR] Looking up in cache: `http://no-tls.omnipathdb.org/annotations?resources=TFcensus&license=academic` [2024-05-29 20:30:50] [INFO] [OmnipathR] Cache record does not exist: `http://no-tls.omnipathdb.org/annotations?resources=TFcensus&license=academic` [2024-05-29 20:30:50] [TRACE] [OmnipathR] Attempting `https://omnipathdb.org/annotations?resources=TFcensus&license=academic` [2024-05-29 20:30:50] [INFO] [OmnipathR] Retrieving URL: `https://omnipathdb.org/annotations?resources=TFcensus&license=academic` [2024-05-29 20:30:50] [TRACE] [OmnipathR] Attempt 1/3: `https://omnipathdb.org/annotations?resources=TFcensus&license=academic` [2024-05-29 20:30:51] [INFO] [OmnipathR] Successfully retrieved: `https://omnipathdb.org/annotations?resources=TFcensus&license=academic` [2024-05-29 20:30:51] [TRACE] [OmnipathR] Reading JSON from `/Users/biocbuild/Library/Caches/OmnipathR/cache.json` (encoding: UTF-8). [2024-05-29 20:30:51] [TRACE] [OmnipathR] JSON validation successful: TRUE [2024-05-29 20:30:51] [TRACE] [OmnipathR] Reading JSON from `/Users/biocbuild/Library/Caches/OmnipathR/cache.json` (encoding: UTF-8). [2024-05-29 20:30:51] [TRACE] [OmnipathR] JSON validation successful: TRUE [2024-05-29 20:30:51] [INFO] [OmnipathR] Cache item `6f000d9b5edd9832b1c28754d1c3d9449c1c7490` version 1: status changed from `unknown` to `started`. [2024-05-29 20:30:51] [TRACE] [OmnipathR] Exporting object to RDS: `/Users/biocbuild/Library/Caches/OmnipathR/6f000d9b5edd9832b1c28754d1c3d9449c1c7490-1.rds`. [2024-05-29 20:30:51] [TRACE] [OmnipathR] Exported RDS to `/Users/biocbuild/Library/Caches/OmnipathR/6f000d9b5edd9832b1c28754d1c3d9449c1c7490-1.rds`. [2024-05-29 20:30:51] [INFO] [OmnipathR] Download ready [key=6f000d9b5edd9832b1c28754d1c3d9449c1c7490, version=1] [2024-05-29 20:30:51] [TRACE] [OmnipathR] Reading JSON from `/Users/biocbuild/Library/Caches/OmnipathR/cache.json` (encoding: UTF-8). [2024-05-29 20:30:51] [TRACE] [OmnipathR] JSON validation successful: TRUE [2024-05-29 20:30:51] [INFO] [OmnipathR] Cache item `6f000d9b5edd9832b1c28754d1c3d9449c1c7490` version 1: status changed from `started` to `ready`. [2024-05-29 20:30:51] [SUCCESS] [OmnipathR] Downloaded 3099 annotation records. [2024-05-29 20:30:51] [TRACE] [OmnipathR] Reading JSON from `https://omnipathdb.org/resources` (encoding: UTF-8). [2024-05-29 20:30:51] [TRACE] [OmnipathR] JSON validation successful: TRUE [2024-05-29 20:30:52] [TRACE] [OmnipathR] Reading JSON from `https://omnipathdb.org/resources` (encoding: UTF-8). [2024-05-29 20:30:52] [TRACE] [OmnipathR] JSON validation successful: TRUE [2024-05-29 20:30:52] [TRACE] [OmnipathR] Looking up in cache: `https://omnipathdb.org/annotations?resources=PROGENy&license=academic` [2024-05-29 20:30:52] [INFO] [OmnipathR] Cache record does not exist: `https://omnipathdb.org/annotations?resources=PROGENy&license=academic` [2024-05-29 20:30:52] [TRACE] [OmnipathR] Looking up in cache: `http://no-tls.omnipathdb.org/annotations?resources=PROGENy&license=academic` [2024-05-29 20:30:52] [INFO] [OmnipathR] Cache record does not exist: `http://no-tls.omnipathdb.org/annotations?resources=PROGENy&license=academic` [2024-05-29 20:30:52] [TRACE] [OmnipathR] Attempting `https://omnipathdb.org/annotations?resources=PROGENy&license=academic` [2024-05-29 20:30:52] [INFO] [OmnipathR] Retrieving URL: `https://omnipathdb.org/annotations?resources=PROGENy&license=academic` [2024-05-29 20:30:52] [TRACE] [OmnipathR] Attempt 1/3: `https://omnipathdb.org/annotations?resources=PROGENy&license=academic` [2024-05-29 20:31:02] [INFO] [OmnipathR] Successfully retrieved: `https://omnipathdb.org/annotations?resources=PROGENy&license=academic` [2024-05-29 20:31:02] [TRACE] [OmnipathR] Reading JSON from `/Users/biocbuild/Library/Caches/OmnipathR/cache.json` (encoding: UTF-8). [2024-05-29 20:31:02] [TRACE] [OmnipathR] JSON validation successful: TRUE [2024-05-29 20:31:02] [TRACE] [OmnipathR] Reading JSON from `/Users/biocbuild/Library/Caches/OmnipathR/cache.json` (encoding: UTF-8). [2024-05-29 20:31:02] [TRACE] [OmnipathR] JSON validation successful: TRUE [2024-05-29 20:31:02] [INFO] [OmnipathR] Cache item `3492392585ba05414edfae46801492076437d7e7` version 1: status changed from `unknown` to `started`. [2024-05-29 20:31:02] [TRACE] [OmnipathR] Exporting object to RDS: `/Users/biocbuild/Library/Caches/OmnipathR/3492392585ba05414edfae46801492076437d7e7-1.rds`. [2024-05-29 20:31:05] [TRACE] [OmnipathR] Exported RDS to `/Users/biocbuild/Library/Caches/OmnipathR/3492392585ba05414edfae46801492076437d7e7-1.rds`. [2024-05-29 20:31:05] [INFO] [OmnipathR] Download ready [key=3492392585ba05414edfae46801492076437d7e7, version=1] [2024-05-29 20:31:05] [TRACE] [OmnipathR] Reading JSON from `/Users/biocbuild/Library/Caches/OmnipathR/cache.json` (encoding: UTF-8). [2024-05-29 20:31:05] [TRACE] [OmnipathR] JSON validation successful: TRUE [2024-05-29 20:31:05] [INFO] [OmnipathR] Cache item `3492392585ba05414edfae46801492076437d7e7` version 1: status changed from `started` to `ready`. [2024-05-29 20:31:05] [SUCCESS] [OmnipathR] Downloaded 700239 annotation records. [2024-05-29 20:31:09] [TRACE] [OmnipathR] Reading JSON from `https://omnipathdb.org/resources` (encoding: UTF-8). [2024-05-29 20:31:09] [TRACE] [OmnipathR] JSON validation successful: TRUE [2024-05-29 20:31:10] [TRACE] [OmnipathR] Reading JSON from `https://omnipathdb.org/resources` (encoding: UTF-8). [2024-05-29 20:31:10] [TRACE] [OmnipathR] JSON validation successful: TRUE [2024-05-29 20:31:10] [TRACE] [OmnipathR] Looking up in cache: `https://omnipathdb.org/annotations?resources=PROGENy&license=academic` [2024-05-29 20:31:12] [TRACE] [OmnipathR] Loaded data from RDS `/Users/biocbuild/Library/Caches/OmnipathR/3492392585ba05414edfae46801492076437d7e7-1.rds`. [2024-05-29 20:31:12] [INFO] [OmnipathR] Loaded from cache: `https://omnipathdb.org/annotations?resources=PROGENy&license=academic` [2024-05-29 20:31:12] [SUCCESS] [OmnipathR] Loaded 700239 annotation records from cache. [2024-05-29 20:31:14] [INFO] [OmnipathR] Loading database `Orthologous Matrix (OMA) gene pairs`. [2024-05-29 20:31:14] [TRACE] [OmnipathR] Looking up in cache: `https://omabrowser.org/All/oma-species.txt`. [2024-05-29 20:31:14] [TRACE] [OmnipathR] Loaded data from RDS `/Users/biocbuild/Library/Caches/OmnipathR/30e690cbb55dfc63b5903ab337f34ffc2f4be397-1.rds`. [2024-05-29 20:31:14] [TRACE] [OmnipathR] Looking up in cache: `https://omabrowser.org/All/oma-species.txt`. [2024-05-29 20:31:14] [TRACE] [OmnipathR] Loaded data from RDS `/Users/biocbuild/Library/Caches/OmnipathR/30e690cbb55dfc63b5903ab337f34ffc2f4be397-1.rds`. [2024-05-29 20:31:14] [TRACE] [OmnipathR] Looking up in cache: `https://omabrowser.org/api/pairs/HUMAN/MOUSE/?format=tsv&xrefs=UniProtKB%2FSwissProt&per_page=2000000`. [2024-05-29 20:31:14] [INFO] [OmnipathR] Cache record does not exist: `https://omabrowser.org/api/pairs/HUMAN/MOUSE/?format=tsv&xrefs=UniProtKB%2FSwissProt&per_page=2000000` [2024-05-29 20:31:15] [TRACE] [OmnipathR] Could not find in cache, initiating download: `https://omabrowser.org/api/pairs/HUMAN/MOUSE/?format=tsv&xrefs=UniProtKB%2FSwissProt&per_page=2000000`. [2024-05-29 20:31:15] [TRACE] [OmnipathR] Reading JSON from `/Users/biocbuild/Library/Caches/OmnipathR/cache.json` (encoding: UTF-8). [2024-05-29 20:31:15] [TRACE] [OmnipathR] JSON validation successful: TRUE [2024-05-29 20:31:15] [TRACE] [OmnipathR] Reading JSON from `/Users/biocbuild/Library/Caches/OmnipathR/cache.json` (encoding: UTF-8). [2024-05-29 20:31:15] [TRACE] [OmnipathR] JSON validation successful: TRUE [2024-05-29 20:31:15] [INFO] [OmnipathR] Cache item `8f45b25c384d814c7de210e7ca40b7e35894e4f1` version 1: status changed from `unknown` to `started`. [2024-05-29 20:31:15] [TRACE] [OmnipathR] Exporting object to RDS: `/Users/biocbuild/Library/Caches/OmnipathR/8f45b25c384d814c7de210e7ca40b7e35894e4f1-1.rds`. [2024-05-29 20:31:15] [INFO] [OmnipathR] Retrieving URL: `https://omabrowser.org/api/pairs/HUMAN/MOUSE/?format=tsv&xrefs=UniProtKB%2FSwissProt&per_page=2000000` [2024-05-29 20:31:15] [TRACE] [OmnipathR] Attempt 1/3: `https://omabrowser.org/api/pairs/HUMAN/MOUSE/?format=tsv&xrefs=UniProtKB%2FSwissProt&per_page=2000000` [2024-05-29 20:31:42] [TRACE] [OmnipathR] Exported RDS to `/Users/biocbuild/Library/Caches/OmnipathR/8f45b25c384d814c7de210e7ca40b7e35894e4f1-1.rds`. [2024-05-29 20:31:42] [INFO] [OmnipathR] Download ready [key=8f45b25c384d814c7de210e7ca40b7e35894e4f1, version=1] [2024-05-29 20:31:42] [TRACE] [OmnipathR] Reading JSON from `/Users/biocbuild/Library/Caches/OmnipathR/cache.json` (encoding: UTF-8). [2024-05-29 20:31:42] [TRACE] [OmnipathR] JSON validation successful: TRUE [2024-05-29 20:31:42] [INFO] [OmnipathR] Cache item `8f45b25c384d814c7de210e7ca40b7e35894e4f1` version 1: status changed from `started` to `ready`. [2024-05-29 20:31:42] [TRACE] [OmnipathR] ID translation table: from `uniprot_entry` to `uniprot`, using `uniprot`. [2024-05-29 20:31:42] [TRACE] [OmnipathR] Creating ID mapping table from `id` to `accession`, for organism 9606 (only reviewed: TRUE) [2024-05-29 20:31:42] [TRACE] [OmnipathR] Loading all UniProt records for organism 9606 (only reviewed: TRUE); fields: id,accession [2024-05-29 20:31:42] [TRACE] [OmnipathR] Looking up in cache: `https://rest.uniprot.org/uniprotkb/stream?format=tsv&fields=id,accession&query=organism_id:9606%20AND%20reviewed:true`. [2024-05-29 20:31:42] [INFO] [OmnipathR] Cache record does not exist: `https://rest.uniprot.org/uniprotkb/stream?format=tsv&fields=id,accession&query=organism_id:9606%20AND%20reviewed:true` [2024-05-29 20:31:42] [TRACE] [OmnipathR] Could not find in cache, initiating download: `https://rest.uniprot.org/uniprotkb/stream?format=tsv&fields=id,accession&query=organism_id:9606%20AND%20reviewed:true`. [2024-05-29 20:31:42] [TRACE] [OmnipathR] Reading JSON from `/Users/biocbuild/Library/Caches/OmnipathR/cache.json` (encoding: UTF-8). [2024-05-29 20:31:42] [TRACE] [OmnipathR] JSON validation successful: TRUE [2024-05-29 20:31:42] [TRACE] [OmnipathR] Reading JSON from `/Users/biocbuild/Library/Caches/OmnipathR/cache.json` (encoding: UTF-8). [2024-05-29 20:31:42] [TRACE] [OmnipathR] JSON validation successful: TRUE [2024-05-29 20:31:42] [INFO] [OmnipathR] Cache item `6558a1824894a625b8e3f80538cd3aa6e8a44379` version 1: status changed from `unknown` to `started`. [2024-05-29 20:31:42] [TRACE] [OmnipathR] Exporting object to RDS: `/Users/biocbuild/Library/Caches/OmnipathR/6558a1824894a625b8e3f80538cd3aa6e8a44379-1.rds`. [2024-05-29 20:31:42] [INFO] [OmnipathR] Retrieving URL: `https://rest.uniprot.org/uniprotkb/stream?format=tsv&fields=id,accession&query=organism_id:9606%20AND%20reviewed:true` [2024-05-29 20:31:42] [TRACE] [OmnipathR] Attempt 1/3: `https://rest.uniprot.org/uniprotkb/stream?format=tsv&fields=id,accession&query=organism_id:9606%20AND%20reviewed:true` [2024-05-29 20:32:01] [TRACE] [OmnipathR] Exported RDS to `/Users/biocbuild/Library/Caches/OmnipathR/6558a1824894a625b8e3f80538cd3aa6e8a44379-1.rds`. [2024-05-29 20:32:01] [INFO] [OmnipathR] Download ready [key=6558a1824894a625b8e3f80538cd3aa6e8a44379, version=1] [2024-05-29 20:32:01] [TRACE] [OmnipathR] Reading JSON from `/Users/biocbuild/Library/Caches/OmnipathR/cache.json` (encoding: UTF-8). [2024-05-29 20:32:01] [TRACE] [OmnipathR] JSON validation successful: TRUE [2024-05-29 20:32:01] [INFO] [OmnipathR] Cache item `6558a1824894a625b8e3f80538cd3aa6e8a44379` version 1: status changed from `started` to `ready`. [2024-05-29 20:32:01] [SUCCESS] [OmnipathR] UniProt (rest.uniprot.org): downloaded 20435 records [2024-05-29 20:32:01] [TRACE] [OmnipathR] ID translation table: from `uniprot_entry` to `uniprot`, using `uniprot`. [2024-05-29 20:32:01] [TRACE] [OmnipathR] Creating ID mapping table from `id` to `accession`, for organism 10090 (only reviewed: TRUE) [2024-05-29 20:32:01] [TRACE] [OmnipathR] Loading all UniProt records for organism 10090 (only reviewed: TRUE); fields: id,accession [2024-05-29 20:32:02] [TRACE] [OmnipathR] Looking up in cache: `https://rest.uniprot.org/uniprotkb/stream?format=tsv&fields=id,accession&query=organism_id:10090%20AND%20reviewed:true`. [2024-05-29 20:32:02] [INFO] [OmnipathR] Cache record does not exist: `https://rest.uniprot.org/uniprotkb/stream?format=tsv&fields=id,accession&query=organism_id:10090%20AND%20reviewed:true` [2024-05-29 20:32:02] [TRACE] [OmnipathR] Could not find in cache, initiating download: `https://rest.uniprot.org/uniprotkb/stream?format=tsv&fields=id,accession&query=organism_id:10090%20AND%20reviewed:true`. [2024-05-29 20:32:02] [TRACE] [OmnipathR] Reading JSON from `/Users/biocbuild/Library/Caches/OmnipathR/cache.json` (encoding: UTF-8). [2024-05-29 20:32:02] [TRACE] [OmnipathR] JSON validation successful: TRUE [2024-05-29 20:32:02] [TRACE] [OmnipathR] Reading JSON from `/Users/biocbuild/Library/Caches/OmnipathR/cache.json` (encoding: UTF-8). [2024-05-29 20:32:02] [TRACE] [OmnipathR] JSON validation successful: TRUE [2024-05-29 20:32:02] [INFO] [OmnipathR] Cache item `43ea5f2cdaa9ac7e0e114371af97235cdddd776f` version 1: status changed from `unknown` to `started`. [2024-05-29 20:32:02] [TRACE] [OmnipathR] Exporting object to RDS: `/Users/biocbuild/Library/Caches/OmnipathR/43ea5f2cdaa9ac7e0e114371af97235cdddd776f-1.rds`. [2024-05-29 20:32:02] [INFO] [OmnipathR] Retrieving URL: `https://rest.uniprot.org/uniprotkb/stream?format=tsv&fields=id,accession&query=organism_id:10090%20AND%20reviewed:true` [2024-05-29 20:32:02] [TRACE] [OmnipathR] Attempt 1/3: `https://rest.uniprot.org/uniprotkb/stream?format=tsv&fields=id,accession&query=organism_id:10090%20AND%20reviewed:true` [2024-05-29 20:32:13] [TRACE] [OmnipathR] Exported RDS to `/Users/biocbuild/Library/Caches/OmnipathR/43ea5f2cdaa9ac7e0e114371af97235cdddd776f-1.rds`. [2024-05-29 20:32:13] [INFO] [OmnipathR] Download ready [key=43ea5f2cdaa9ac7e0e114371af97235cdddd776f, version=1] [2024-05-29 20:32:13] [TRACE] [OmnipathR] Reading JSON from `/Users/biocbuild/Library/Caches/OmnipathR/cache.json` (encoding: UTF-8). [2024-05-29 20:32:13] [TRACE] [OmnipathR] JSON validation successful: TRUE [2024-05-29 20:32:13] [INFO] [OmnipathR] Cache item `43ea5f2cdaa9ac7e0e114371af97235cdddd776f` version 1: status changed from `started` to `ready`. [2024-05-29 20:32:13] [SUCCESS] [OmnipathR] UniProt (rest.uniprot.org): downloaded 17212 records [2024-05-29 20:32:14] [INFO] [OmnipathR] Loaded database `Orthologous Matrix (OMA) gene pairs`. [2024-05-29 20:32:14] [TRACE] [OmnipathR] ID translation table: from `uniprot` to `genesymbol`, using `uniprot`. [2024-05-29 20:32:14] [TRACE] [OmnipathR] Creating ID mapping table from `accession` to `gene_primary`, for organism 10090 (only reviewed: TRUE) [2024-05-29 20:32:14] [TRACE] [OmnipathR] Loading all UniProt records for organism 10090 (only reviewed: TRUE); fields: accession,gene_primary [2024-05-29 20:32:14] [TRACE] [OmnipathR] Looking up in cache: `https://rest.uniprot.org/uniprotkb/stream?format=tsv&fields=accession,gene_primary&query=organism_id:10090%20AND%20reviewed:true`. [2024-05-29 20:32:14] [INFO] [OmnipathR] Cache record does not exist: `https://rest.uniprot.org/uniprotkb/stream?format=tsv&fields=accession,gene_primary&query=organism_id:10090%20AND%20reviewed:true` [2024-05-29 20:32:14] [TRACE] [OmnipathR] Could not find in cache, initiating download: `https://rest.uniprot.org/uniprotkb/stream?format=tsv&fields=accession,gene_primary&query=organism_id:10090%20AND%20reviewed:true`. [2024-05-29 20:32:14] [TRACE] [OmnipathR] Reading JSON from `/Users/biocbuild/Library/Caches/OmnipathR/cache.json` (encoding: UTF-8). [2024-05-29 20:32:14] [TRACE] [OmnipathR] JSON validation successful: TRUE [2024-05-29 20:32:14] [TRACE] [OmnipathR] Reading JSON from `/Users/biocbuild/Library/Caches/OmnipathR/cache.json` (encoding: UTF-8). [2024-05-29 20:32:14] [TRACE] [OmnipathR] JSON validation successful: TRUE [2024-05-29 20:32:14] [INFO] [OmnipathR] Cache item `3ec84ba713c02573704adb50f1a94dab684df34b` version 1: status changed from `unknown` to `started`. [2024-05-29 20:32:14] [TRACE] [OmnipathR] Exporting object to RDS: `/Users/biocbuild/Library/Caches/OmnipathR/3ec84ba713c02573704adb50f1a94dab684df34b-1.rds`. [2024-05-29 20:32:14] [INFO] [OmnipathR] Retrieving URL: `https://rest.uniprot.org/uniprotkb/stream?format=tsv&fields=accession,gene_primary&query=organism_id:10090%20AND%20reviewed:true` [2024-05-29 20:32:14] [TRACE] [OmnipathR] Attempt 1/3: `https://rest.uniprot.org/uniprotkb/stream?format=tsv&fields=accession,gene_primary&query=organism_id:10090%20AND%20reviewed:true` [2024-05-29 20:32:26] [TRACE] [OmnipathR] Exported RDS to `/Users/biocbuild/Library/Caches/OmnipathR/3ec84ba713c02573704adb50f1a94dab684df34b-1.rds`. [2024-05-29 20:32:26] [INFO] [OmnipathR] Download ready [key=3ec84ba713c02573704adb50f1a94dab684df34b, version=1] [2024-05-29 20:32:26] [TRACE] [OmnipathR] Reading JSON from `/Users/biocbuild/Library/Caches/OmnipathR/cache.json` (encoding: UTF-8). [2024-05-29 20:32:26] [TRACE] [OmnipathR] JSON validation successful: TRUE [2024-05-29 20:32:26] [INFO] [OmnipathR] Cache item `3ec84ba713c02573704adb50f1a94dab684df34b` version 1: status changed from `started` to `ready`. [2024-05-29 20:32:26] [SUCCESS] [OmnipathR] UniProt (rest.uniprot.org): downloaded 17212 records [2024-05-29 20:32:27] [TRACE] [OmnipathR] Looking up in cache: `https://omnipathdb.org/interactions?genesymbols=yes&datasets=dorothea&organisms=9606&dorothea_levels=A,B,C,D&fields=evidences,sources,references,curation_effort,dorothea_level&license=academic` [2024-05-29 20:32:27] [INFO] [OmnipathR] Cache record does not exist: `https://omnipathdb.org/interactions?genesymbols=yes&datasets=dorothea&organisms=9606&dorothea_levels=A,B,C,D&fields=evidences,sources,references,curation_effort,dorothea_level&license=academic` [2024-05-29 20:32:27] [TRACE] [OmnipathR] Looking up in cache: `http://no-tls.omnipathdb.org/interactions?genesymbols=yes&datasets=dorothea&organisms=9606&dorothea_levels=A,B,C,D&fields=evidences,sources,references,curation_effort,dorothea_level&license=academic` [2024-05-29 20:32:27] [INFO] [OmnipathR] Cache record does not exist: `http://no-tls.omnipathdb.org/interactions?genesymbols=yes&datasets=dorothea&organisms=9606&dorothea_levels=A,B,C,D&fields=evidences,sources,references,curation_effort,dorothea_level&license=academic` [2024-05-29 20:32:27] [TRACE] [OmnipathR] Attempting `https://omnipathdb.org/interactions?genesymbols=yes&datasets=dorothea&organisms=9606&dorothea_levels=A,B,C,D&fields=evidences,sources,references,curation_effort,dorothea_level&license=academic` [2024-05-29 20:32:27] [INFO] [OmnipathR] Retrieving URL: `https://omnipathdb.org/interactions?genesymbols=yes&datasets=dorothea&organisms=9606&dorothea_levels=A,B,C,D&fields=evidences,sources,references,curation_effort,dorothea_level&license=academic` [2024-05-29 20:32:27] [TRACE] [OmnipathR] Attempt 1/3: `https://omnipathdb.org/interactions?genesymbols=yes&datasets=dorothea&organisms=9606&dorothea_levels=A,B,C,D&fields=evidences,sources,references,curation_effort,dorothea_level&license=academic` [2024-05-29 20:32:49] [INFO] [OmnipathR] Successfully retrieved: `https://omnipathdb.org/interactions?genesymbols=yes&datasets=dorothea&organisms=9606&dorothea_levels=A,B,C,D&fields=evidences,sources,references,curation_effort,dorothea_level&license=academic` [2024-05-29 20:32:49] [TRACE] [OmnipathR] Reading JSON from `/Users/biocbuild/Library/Caches/OmnipathR/cache.json` (encoding: UTF-8). [2024-05-29 20:32:49] [TRACE] [OmnipathR] JSON validation successful: TRUE [2024-05-29 20:32:49] [TRACE] [OmnipathR] Reading JSON from `/Users/biocbuild/Library/Caches/OmnipathR/cache.json` (encoding: UTF-8). [2024-05-29 20:32:49] [TRACE] [OmnipathR] JSON validation successful: TRUE [2024-05-29 20:32:49] [INFO] [OmnipathR] Cache item `2acacccd183a8fe4538b649c1e593e2140fcddf6` version 1: status changed from `unknown` to `started`. [2024-05-29 20:32:49] [TRACE] [OmnipathR] Exporting object to RDS: `/Users/biocbuild/Library/Caches/OmnipathR/2acacccd183a8fe4538b649c1e593e2140fcddf6-1.rds`. [2024-05-29 20:32:52] [TRACE] [OmnipathR] Exported RDS to `/Users/biocbuild/Library/Caches/OmnipathR/2acacccd183a8fe4538b649c1e593e2140fcddf6-1.rds`. [2024-05-29 20:32:52] [INFO] [OmnipathR] Download ready [key=2acacccd183a8fe4538b649c1e593e2140fcddf6, version=1] [2024-05-29 20:32:52] [TRACE] [OmnipathR] Reading JSON from `/Users/biocbuild/Library/Caches/OmnipathR/cache.json` (encoding: UTF-8). [2024-05-29 20:32:52] [TRACE] [OmnipathR] JSON validation successful: TRUE [2024-05-29 20:32:52] [INFO] [OmnipathR] Cache item `2acacccd183a8fe4538b649c1e593e2140fcddf6` version 1: status changed from `started` to `ready`. [2024-05-29 20:32:52] [TRACE] [OmnipathR] Converting JSON column `evidences` to list. [2024-05-29 20:33:15] [TRACE] [OmnipathR] Restricting interaction records to datasets: dorothea; and resources: any [2024-05-29 20:33:38] [TRACE] [OmnipathR] Filtering evidence columns: positive, negative, directed, undirected; to datasets: dorothea; and resources: any; excluding resources: none [2024-05-29 20:41:52] [SUCCESS] [OmnipathR] Downloaded 278830 interactions. [2024-05-29 20:42:03] [TRACE] [OmnipathR] Looking up in cache: `https://omnipathdb.org/interactions?genesymbols=yes&datasets=dorothea&organisms=10090&dorothea_levels=A,B,C,D&fields=evidences,sources,references,curation_effort,dorothea_level&license=academic` [2024-05-29 20:42:03] [INFO] [OmnipathR] Cache record does not exist: `https://omnipathdb.org/interactions?genesymbols=yes&datasets=dorothea&organisms=10090&dorothea_levels=A,B,C,D&fields=evidences,sources,references,curation_effort,dorothea_level&license=academic` [2024-05-29 20:42:03] [TRACE] [OmnipathR] Looking up in cache: `http://no-tls.omnipathdb.org/interactions?genesymbols=yes&datasets=dorothea&organisms=10090&dorothea_levels=A,B,C,D&fields=evidences,sources,references,curation_effort,dorothea_level&license=academic` [2024-05-29 20:42:03] [INFO] [OmnipathR] Cache record does not exist: `http://no-tls.omnipathdb.org/interactions?genesymbols=yes&datasets=dorothea&organisms=10090&dorothea_levels=A,B,C,D&fields=evidences,sources,references,curation_effort,dorothea_level&license=academic` [2024-05-29 20:42:03] [TRACE] [OmnipathR] Attempting `https://omnipathdb.org/interactions?genesymbols=yes&datasets=dorothea&organisms=10090&dorothea_levels=A,B,C,D&fields=evidences,sources,references,curation_effort,dorothea_level&license=academic` [2024-05-29 20:42:03] [INFO] [OmnipathR] Retrieving URL: `https://omnipathdb.org/interactions?genesymbols=yes&datasets=dorothea&organisms=10090&dorothea_levels=A,B,C,D&fields=evidences,sources,references,curation_effort,dorothea_level&license=academic` [2024-05-29 20:42:03] [TRACE] [OmnipathR] Attempt 1/3: `https://omnipathdb.org/interactions?genesymbols=yes&datasets=dorothea&organisms=10090&dorothea_levels=A,B,C,D&fields=evidences,sources,references,curation_effort,dorothea_level&license=academic` [2024-05-29 20:42:10] [INFO] [OmnipathR] Successfully retrieved: `https://omnipathdb.org/interactions?genesymbols=yes&datasets=dorothea&organisms=10090&dorothea_levels=A,B,C,D&fields=evidences,sources,references,curation_effort,dorothea_level&license=academic` [2024-05-29 20:42:10] [TRACE] [OmnipathR] Reading JSON from `/Users/biocbuild/Library/Caches/OmnipathR/cache.json` (encoding: UTF-8). [2024-05-29 20:42:10] [TRACE] [OmnipathR] JSON validation successful: TRUE [2024-05-29 20:42:10] [TRACE] [OmnipathR] Reading JSON from `/Users/biocbuild/Library/Caches/OmnipathR/cache.json` (encoding: UTF-8). [2024-05-29 20:42:10] [TRACE] [OmnipathR] JSON validation successful: TRUE [2024-05-29 20:42:10] [INFO] [OmnipathR] Cache item `73101f94a89eabbc8c12583d15dce08671d9e187` version 1: status changed from `unknown` to `started`. [2024-05-29 20:42:10] [TRACE] [OmnipathR] Exporting object to RDS: `/Users/biocbuild/Library/Caches/OmnipathR/73101f94a89eabbc8c12583d15dce08671d9e187-1.rds`. [2024-05-29 20:42:12] [TRACE] [OmnipathR] Exported RDS to `/Users/biocbuild/Library/Caches/OmnipathR/73101f94a89eabbc8c12583d15dce08671d9e187-1.rds`. [2024-05-29 20:42:12] [INFO] [OmnipathR] Download ready [key=73101f94a89eabbc8c12583d15dce08671d9e187, version=1] [2024-05-29 20:42:12] [TRACE] [OmnipathR] Reading JSON from `/Users/biocbuild/Library/Caches/OmnipathR/cache.json` (encoding: UTF-8). [2024-05-29 20:42:12] [TRACE] [OmnipathR] JSON validation successful: TRUE [2024-05-29 20:42:12] [INFO] [OmnipathR] Cache item `73101f94a89eabbc8c12583d15dce08671d9e187` version 1: status changed from `started` to `ready`. [2024-05-29 20:42:12] [TRACE] [OmnipathR] Converting JSON column `evidences` to list. [2024-05-29 20:42:25] [TRACE] [OmnipathR] Restricting interaction records to datasets: dorothea; and resources: any [2024-05-29 20:42:37] [TRACE] [OmnipathR] Filtering evidence columns: positive, negative, directed, undirected; to datasets: dorothea; and resources: any; excluding resources: none [2024-05-29 20:48:34] [SUCCESS] [OmnipathR] Downloaded 5294 interactions. [2024-05-29 20:48:34] [TRACE] [OmnipathR] Looking up in cache: `https://omnipathdb.org/interactions?genesymbols=yes&datasets=collectri&organisms=9606&dorothea_levels=A,B&fields=evidences,sources,references,curation_effort&loops=yes&license=academic` [2024-05-29 20:48:34] [INFO] [OmnipathR] Cache record does not exist: `https://omnipathdb.org/interactions?genesymbols=yes&datasets=collectri&organisms=9606&dorothea_levels=A,B&fields=evidences,sources,references,curation_effort&loops=yes&license=academic` [2024-05-29 20:48:34] [TRACE] [OmnipathR] Looking up in cache: `http://no-tls.omnipathdb.org/interactions?genesymbols=yes&datasets=collectri&organisms=9606&dorothea_levels=A,B&fields=evidences,sources,references,curation_effort&loops=yes&license=academic` [2024-05-29 20:48:34] [INFO] [OmnipathR] Cache record does not exist: `http://no-tls.omnipathdb.org/interactions?genesymbols=yes&datasets=collectri&organisms=9606&dorothea_levels=A,B&fields=evidences,sources,references,curation_effort&loops=yes&license=academic` [2024-05-29 20:48:34] [TRACE] [OmnipathR] Attempting `https://omnipathdb.org/interactions?genesymbols=yes&datasets=collectri&organisms=9606&dorothea_levels=A,B&fields=evidences,sources,references,curation_effort&loops=yes&license=academic` [2024-05-29 20:48:34] [INFO] [OmnipathR] Retrieving URL: `https://omnipathdb.org/interactions?genesymbols=yes&datasets=collectri&organisms=9606&dorothea_levels=A,B&fields=evidences,sources,references,curation_effort&loops=yes&license=academic` [2024-05-29 20:48:34] [TRACE] [OmnipathR] Attempt 1/3: `https://omnipathdb.org/interactions?genesymbols=yes&datasets=collectri&organisms=9606&dorothea_levels=A,B&fields=evidences,sources,references,curation_effort&loops=yes&license=academic` [2024-05-29 20:48:43] [INFO] [OmnipathR] Successfully retrieved: `https://omnipathdb.org/interactions?genesymbols=yes&datasets=collectri&organisms=9606&dorothea_levels=A,B&fields=evidences,sources,references,curation_effort&loops=yes&license=academic` [2024-05-29 20:48:43] [TRACE] [OmnipathR] Reading JSON from `/Users/biocbuild/Library/Caches/OmnipathR/cache.json` (encoding: UTF-8). [2024-05-29 20:48:43] [TRACE] [OmnipathR] JSON validation successful: TRUE [2024-05-29 20:48:43] [TRACE] [OmnipathR] Reading JSON from `/Users/biocbuild/Library/Caches/OmnipathR/cache.json` (encoding: UTF-8). [2024-05-29 20:48:43] [TRACE] [OmnipathR] JSON validation successful: TRUE [2024-05-29 20:48:43] [INFO] [OmnipathR] Cache item `82abc02990e13a4b0186ba97e7e04cb7c5c780b2` version 1: status changed from `unknown` to `started`. [2024-05-29 20:48:43] [TRACE] [OmnipathR] Exporting object to RDS: `/Users/biocbuild/Library/Caches/OmnipathR/82abc02990e13a4b0186ba97e7e04cb7c5c780b2-1.rds`. [2024-05-29 20:48:44] [TRACE] [OmnipathR] Exported RDS to `/Users/biocbuild/Library/Caches/OmnipathR/82abc02990e13a4b0186ba97e7e04cb7c5c780b2-1.rds`. [2024-05-29 20:48:44] [INFO] [OmnipathR] Download ready [key=82abc02990e13a4b0186ba97e7e04cb7c5c780b2, version=1] [2024-05-29 20:48:44] [TRACE] [OmnipathR] Reading JSON from `/Users/biocbuild/Library/Caches/OmnipathR/cache.json` (encoding: UTF-8). [2024-05-29 20:48:44] [TRACE] [OmnipathR] JSON validation successful: TRUE [2024-05-29 20:48:44] [INFO] [OmnipathR] Cache item `82abc02990e13a4b0186ba97e7e04cb7c5c780b2` version 1: status changed from `started` to `ready`. [2024-05-29 20:48:44] [TRACE] [OmnipathR] Converting JSON column `evidences` to list. [2024-05-29 20:48:49] [TRACE] [OmnipathR] Restricting interaction records to datasets: collectri; and resources: any [2024-05-29 20:48:54] [TRACE] [OmnipathR] Filtering evidence columns: positive, negative, directed, undirected; to datasets: collectri; and resources: any; excluding resources: none [2024-05-29 20:50:54] [SUCCESS] [OmnipathR] Downloaded 64958 interactions. [2024-05-29 20:50:55] [TRACE] [OmnipathR] Reading JSON from `https://omnipathdb.org/resources` (encoding: UTF-8). [2024-05-29 20:50:55] [TRACE] [OmnipathR] JSON validation successful: TRUE [2024-05-29 20:50:55] [TRACE] [OmnipathR] Looking up in cache: `https://omnipathdb.org/interactions?genesymbols=yes&resources=CollecTRI&datasets=tf_mirna&organisms=9606&fields=evidences,sources,references,curation_effort&license=academic` [2024-05-29 20:50:55] [INFO] [OmnipathR] Cache record does not exist: `https://omnipathdb.org/interactions?genesymbols=yes&resources=CollecTRI&datasets=tf_mirna&organisms=9606&fields=evidences,sources,references,curation_effort&license=academic` [2024-05-29 20:50:55] [TRACE] [OmnipathR] Looking up in cache: `http://no-tls.omnipathdb.org/interactions?genesymbols=yes&resources=CollecTRI&datasets=tf_mirna&organisms=9606&fields=evidences,sources,references,curation_effort&license=academic` [2024-05-29 20:50:55] [INFO] [OmnipathR] Cache record does not exist: `http://no-tls.omnipathdb.org/interactions?genesymbols=yes&resources=CollecTRI&datasets=tf_mirna&organisms=9606&fields=evidences,sources,references,curation_effort&license=academic` [2024-05-29 20:50:55] [TRACE] [OmnipathR] Attempting `https://omnipathdb.org/interactions?genesymbols=yes&resources=CollecTRI&datasets=tf_mirna&organisms=9606&fields=evidences,sources,references,curation_effort&license=academic` [2024-05-29 20:50:55] [INFO] [OmnipathR] Retrieving URL: `https://omnipathdb.org/interactions?genesymbols=yes&resources=CollecTRI&datasets=tf_mirna&organisms=9606&fields=evidences,sources,references,curation_effort&license=academic` [2024-05-29 20:50:55] [TRACE] [OmnipathR] Attempt 1/3: `https://omnipathdb.org/interactions?genesymbols=yes&resources=CollecTRI&datasets=tf_mirna&organisms=9606&fields=evidences,sources,references,curation_effort&license=academic` [2024-05-29 20:50:56] [INFO] [OmnipathR] Successfully retrieved: `https://omnipathdb.org/interactions?genesymbols=yes&resources=CollecTRI&datasets=tf_mirna&organisms=9606&fields=evidences,sources,references,curation_effort&license=academic` [2024-05-29 20:50:56] [TRACE] [OmnipathR] Reading JSON from `/Users/biocbuild/Library/Caches/OmnipathR/cache.json` (encoding: UTF-8). [2024-05-29 20:50:56] [TRACE] [OmnipathR] JSON validation successful: TRUE [2024-05-29 20:50:56] [TRACE] [OmnipathR] Reading JSON from `/Users/biocbuild/Library/Caches/OmnipathR/cache.json` (encoding: UTF-8). [2024-05-29 20:50:56] [TRACE] [OmnipathR] JSON validation successful: TRUE [2024-05-29 20:50:56] [INFO] [OmnipathR] Cache item `f7d34500401ba98803b7d2b26c48f64cee1eea1b` version 1: status changed from `unknown` to `started`. [2024-05-29 20:50:56] [TRACE] [OmnipathR] Exporting object to RDS: `/Users/biocbuild/Library/Caches/OmnipathR/f7d34500401ba98803b7d2b26c48f64cee1eea1b-1.rds`. [2024-05-29 20:50:56] [TRACE] [OmnipathR] Exported RDS to `/Users/biocbuild/Library/Caches/OmnipathR/f7d34500401ba98803b7d2b26c48f64cee1eea1b-1.rds`. [2024-05-29 20:50:56] [INFO] [OmnipathR] Download ready [key=f7d34500401ba98803b7d2b26c48f64cee1eea1b, version=1] [2024-05-29 20:50:56] [TRACE] [OmnipathR] Reading JSON from `/Users/biocbuild/Library/Caches/OmnipathR/cache.json` (encoding: UTF-8). [2024-05-29 20:50:56] [TRACE] [OmnipathR] JSON validation successful: TRUE [2024-05-29 20:50:56] [INFO] [OmnipathR] Cache item `f7d34500401ba98803b7d2b26c48f64cee1eea1b` version 1: status changed from `started` to `ready`. [2024-05-29 20:50:56] [TRACE] [OmnipathR] Converting JSON column `evidences` to list. [2024-05-29 20:50:56] [TRACE] [OmnipathR] Restricting interaction records to datasets: tf_mirna; and resources: CollecTRI [2024-05-29 20:50:56] [TRACE] [OmnipathR] Filtering evidence columns: positive, negative, directed, undirected; to datasets: tf_mirna; and resources: CollecTRI; excluding resources: none [2024-05-29 20:51:00] [SUCCESS] [OmnipathR] Downloaded 232 interactions. [2024-05-29 20:51:00] [TRACE] [OmnipathR] Looking up in cache: `https://omnipathdb.org/interactions?genesymbols=yes&datasets=collectri&organisms=9606&dorothea_levels=A,B&fields=evidences,sources,references,curation_effort&loops=yes&license=academic` [2024-05-29 20:51:01] [TRACE] [OmnipathR] Loaded data from RDS `/Users/biocbuild/Library/Caches/OmnipathR/82abc02990e13a4b0186ba97e7e04cb7c5c780b2-1.rds`. [2024-05-29 20:51:01] [INFO] [OmnipathR] Loaded from cache: `https://omnipathdb.org/interactions?genesymbols=yes&datasets=collectri&organisms=9606&dorothea_levels=A,B&fields=evidences,sources,references,curation_effort&loops=yes&license=academic` [2024-05-29 20:51:01] [TRACE] [OmnipathR] Converting JSON column `evidences` to list. [2024-05-29 20:51:06] [TRACE] [OmnipathR] Restricting interaction records to datasets: collectri; and resources: any [2024-05-29 20:51:11] [TRACE] [OmnipathR] Filtering evidence columns: positive, negative, directed, undirected; to datasets: collectri; and resources: any; excluding resources: none [2024-05-29 20:53:14] [SUCCESS] [OmnipathR] Downloaded 64958 interactions. [2024-05-29 20:53:15] [TRACE] [OmnipathR] Reading JSON from `https://omnipathdb.org/resources` (encoding: UTF-8). [2024-05-29 20:53:15] [TRACE] [OmnipathR] JSON validation successful: TRUE [2024-05-29 20:53:15] [TRACE] [OmnipathR] Looking up in cache: `https://omnipathdb.org/interactions?genesymbols=yes&resources=CollecTRI&datasets=tf_mirna&organisms=9606&fields=evidences,sources,references,curation_effort&license=academic` [2024-05-29 20:53:15] [TRACE] [OmnipathR] Loaded data from RDS `/Users/biocbuild/Library/Caches/OmnipathR/f7d34500401ba98803b7d2b26c48f64cee1eea1b-1.rds`. [2024-05-29 20:53:15] [INFO] [OmnipathR] Loaded from cache: `https://omnipathdb.org/interactions?genesymbols=yes&resources=CollecTRI&datasets=tf_mirna&organisms=9606&fields=evidences,sources,references,curation_effort&license=academic` [2024-05-29 20:53:15] [TRACE] [OmnipathR] Converting JSON column `evidences` to list. [2024-05-29 20:53:15] [TRACE] [OmnipathR] Restricting interaction records to datasets: tf_mirna; and resources: CollecTRI [2024-05-29 20:53:15] [TRACE] [OmnipathR] Filtering evidence columns: positive, negative, directed, undirected; to datasets: tf_mirna; and resources: CollecTRI; excluding resources: none [2024-05-29 20:53:16] [SUCCESS] [OmnipathR] Downloaded 232 interactions. | | | 0% | |======================================================================| 100% | | | 0% | |======================================================================| 100% | | | 0% | |======================================================================| 100% | | | 0% | |======================================================================| 100% | | | 0% | |======================================================================| 100% | | | 0% | |======================================================================| 100% | | | 0% | |======================================================================| 100% | | | 0% | |======================================================================| 100% | | | 0% | |======================================================================| 100% | | | 0% | |======================================================================| 100% | | | 0% | |======================================================================| 100% | | | 0% | |======================================================================| 100% | | | 0% | |=================================== | 50% | |======================================================================| 100% | | | 0% | |=================================== | 50% | |======================================================================| 100% | | | 0% | |=================================== | 50% | |======================================================================| 100% | | | 0% | |=================================== | 50% | |======================================================================| 100% | | | 0% | |=================================== | 50% | |======================================================================| 100% | | | 0% | |=================================== | 50% | |======================================================================| 100% | | | 0% | |=================================== | 50% | |======================================================================| 100% | | | 0% | |=================================== | 50% | |======================================================================| 100% | | | 0% | |=================================== | 50% | |======================================================================| 100% | | | 0% | |=================================== | 50% | |======================================================================| 100% | | | 0% | |=================================== | 50% | |======================================================================| 100% | | | 0% | |=================================== | 50% | |======================================================================| 100% Attaching package: 'dplyr' The following object is masked from 'package:testthat': matches The following objects are masked from 'package:stats': filter, lag The following objects are masked from 'package:base': intersect, setdiff, setequal, union [ FAIL 0 | WARN 1 | SKIP 0 | PASS 35 ] [ FAIL 0 | WARN 1 | SKIP 0 | PASS 35 ] > > proc.time() user system elapsed 1270.524 32.832 1456.757
decoupleR.Rcheck/decoupleR-Ex.timings
name | user | system | elapsed | |
check_corr | 0.104 | 0.014 | 0.119 | |
convert_f_defaults | 0.036 | 0.005 | 0.042 | |
decouple | 0.002 | 0.001 | 0.002 | |
dot-fit_preprocessing | 0.031 | 0.004 | 0.036 | |
extract_sets | 0.036 | 0.002 | 0.039 | |
filt_minsize | 0.062 | 0.001 | 0.064 | |
get_collectri | 136.905 | 1.892 | 158.343 | |
get_dorothea | 554.139 | 6.970 | 583.095 | |
get_profile_of | 0.000 | 0.000 | 0.001 | |
get_progeny | 6.532 | 0.634 | 27.600 | |
get_resource | 0.396 | 0.039 | 2.115 | |
get_toy_data | 0.003 | 0.000 | 0.004 | |
intersect_regulons | 0.030 | 0.002 | 0.034 | |
pipe | 0 | 0 | 0 | |
pivot_wider_profile | 0.000 | 0.001 | 0.000 | |
randomize_matrix | 0.001 | 0.000 | 0.000 | |
rename_net | 0.047 | 0.001 | 0.049 | |
run_aucell | 10.131 | 1.428 | 11.776 | |
run_consensus | 2.117 | 0.024 | 2.158 | |
run_fgsea | 22.137 | 0.364 | 22.673 | |
run_gsva | 1.707 | 0.169 | 1.903 | |
run_mdt | 0.177 | 0.027 | 0.211 | |
run_mlm | 0.104 | 0.003 | 0.109 | |
run_ora | 0.571 | 0.010 | 0.588 | |
run_udt | 0.346 | 0.007 | 0.356 | |
run_ulm | 0.091 | 0.002 | 0.094 | |
run_viper | 0.803 | 0.124 | 0.934 | |
run_wmean | 0.943 | 0.020 | 0.968 | |
run_wsum | 0.835 | 0.011 | 0.852 | |
show_methods | 0.066 | 0.009 | 0.077 | |
show_resources | 0.072 | 0.007 | 0.749 | |
tidyeval | 0.000 | 0.001 | 0.001 | |