| Back to Multiple platform build/check report for BioC 3.19: simplified long |
|
This page was generated on 2024-10-18 20:39 -0400 (Fri, 18 Oct 2024).
| Hostname | OS | Arch (*) | R version | Installed pkgs |
|---|---|---|---|---|
| nebbiolo1 | Linux (Ubuntu 22.04.3 LTS) | x86_64 | 4.4.1 (2024-06-14) -- "Race for Your Life" | 4763 |
| palomino7 | Windows Server 2022 Datacenter | x64 | 4.4.1 (2024-06-14 ucrt) -- "Race for Your Life" | 4500 |
| merida1 | macOS 12.7.5 Monterey | x86_64 | 4.4.1 (2024-06-14) -- "Race for Your Life" | 4530 |
| kjohnson1 | macOS 13.6.6 Ventura | arm64 | 4.4.1 (2024-06-14) -- "Race for Your Life" | 4480 |
| Click on any hostname to see more info about the system (e.g. compilers) (*) as reported by 'uname -p', except on Windows and Mac OS X | ||||
| Package 149/2300 | Hostname | OS / Arch | INSTALL | BUILD | CHECK | BUILD BIN | ||||||||
Jan Oosting
| nebbiolo1 | Linux (Ubuntu 22.04.3 LTS) / x86_64 | OK | OK | ERROR | |||||||||
| palomino7 | Windows Server 2022 Datacenter / x64 | OK | OK | ERROR | OK | |||||||||
| merida1 | macOS 12.7.5 Monterey / x86_64 | OK | OK | ERROR | OK | |||||||||
| kjohnson1 | macOS 13.6.6 Ventura / arm64 | OK | OK | ERROR | OK | |||||||||
|
To the developers/maintainers of the beadarraySNP package: - Allow up to 24 hours (and sometimes 48 hours) for your latest push to git@git.bioconductor.org:packages/beadarraySNP.git to reflect on this report. See Troubleshooting Build Report for more information. - Use the following Renviron settings to reproduce errors and warnings. - If 'R CMD check' started to fail recently on the Linux builder(s) over a missing dependency, add the missing dependency to 'Suggests:' in your DESCRIPTION file. See Renviron.bioc for more information. |
| Package: beadarraySNP |
| Version: 1.70.0 |
| Command: E:\biocbuild\bbs-3.19-bioc\R\bin\R.exe CMD check --no-multiarch --install=check:beadarraySNP.install-out.txt --library=E:\biocbuild\bbs-3.19-bioc\R\library --no-vignettes --timings beadarraySNP_1.70.0.tar.gz |
| StartedAt: 2024-10-16 23:07:12 -0400 (Wed, 16 Oct 2024) |
| EndedAt: 2024-10-16 23:07:17 -0400 (Wed, 16 Oct 2024) |
| EllapsedTime: 4.8 seconds |
| RetCode: 1 |
| Status: ERROR |
| CheckDir: beadarraySNP.Rcheck |
| Warnings: NA |
##############################################################################
##############################################################################
###
### Running command:
###
### E:\biocbuild\bbs-3.19-bioc\R\bin\R.exe CMD check --no-multiarch --install=check:beadarraySNP.install-out.txt --library=E:\biocbuild\bbs-3.19-bioc\R\library --no-vignettes --timings beadarraySNP_1.70.0.tar.gz
###
##############################################################################
##############################################################################
* using log directory 'E:/biocbuild/bbs-3.19-bioc/meat/beadarraySNP.Rcheck'
* using R version 4.4.1 (2024-06-14 ucrt)
* using platform: x86_64-w64-mingw32
* R was compiled by
gcc.exe (GCC) 13.2.0
GNU Fortran (GCC) 13.2.0
* running under: Windows Server 2022 x64 (build 20348)
* using session charset: UTF-8
* using option '--no-vignettes'
* checking for file 'beadarraySNP/DESCRIPTION' ... OK
* checking extension type ... Package
* this is package 'beadarraySNP' version '1.70.0'
* checking package namespace information ... OK
* checking package dependencies ... ERROR
Package suggested but not available: 'snapCGH'
The suggested packages are required for a complete check.
Checking can be attempted without them by setting the environment
variable _R_CHECK_FORCE_SUGGESTS_ to a false value.
See section 'The DESCRIPTION file' in the 'Writing R Extensions'
manual.
* DONE
Status: 1 ERROR
See
'E:/biocbuild/bbs-3.19-bioc/meat/beadarraySNP.Rcheck/00check.log'
for details.