Back to Multiple platform build/check report for BioC 3.19: simplified long |
|
This page was generated on 2024-10-18 20:39 -0400 (Fri, 18 Oct 2024).
Hostname | OS | Arch (*) | R version | Installed pkgs |
---|---|---|---|---|
nebbiolo1 | Linux (Ubuntu 22.04.3 LTS) | x86_64 | 4.4.1 (2024-06-14) -- "Race for Your Life" | 4763 |
palomino7 | Windows Server 2022 Datacenter | x64 | 4.4.1 (2024-06-14 ucrt) -- "Race for Your Life" | 4500 |
merida1 | macOS 12.7.5 Monterey | x86_64 | 4.4.1 (2024-06-14) -- "Race for Your Life" | 4530 |
kjohnson1 | macOS 13.6.6 Ventura | arm64 | 4.4.1 (2024-06-14) -- "Race for Your Life" | 4480 |
Click on any hostname to see more info about the system (e.g. compilers) (*) as reported by 'uname -p', except on Windows and Mac OS X |
Package 20/2300 | Hostname | OS / Arch | INSTALL | BUILD | CHECK | BUILD BIN | ||||||||
adverSCarial 1.2.0 (landing page) Ghislain FIEVET
| nebbiolo1 | Linux (Ubuntu 22.04.3 LTS) / x86_64 | OK | OK | WARNINGS | |||||||||
palomino7 | Windows Server 2022 Datacenter / x64 | OK | OK | WARNINGS | OK | |||||||||
merida1 | macOS 12.7.5 Monterey / x86_64 | OK | OK | WARNINGS | OK | |||||||||
kjohnson1 | macOS 13.6.6 Ventura / arm64 | OK | OK | WARNINGS | OK | |||||||||
To the developers/maintainers of the adverSCarial package: - Allow up to 24 hours (and sometimes 48 hours) for your latest push to git@git.bioconductor.org:packages/adverSCarial.git to reflect on this report. See Troubleshooting Build Report for more information. - Use the following Renviron settings to reproduce errors and warnings. - If 'R CMD check' started to fail recently on the Linux builder(s) over a missing dependency, add the missing dependency to 'Suggests:' in your DESCRIPTION file. See Renviron.bioc for more information. |
Package: adverSCarial |
Version: 1.2.0 |
Command: E:\biocbuild\bbs-3.19-bioc\R\bin\R.exe CMD check --no-multiarch --install=check:adverSCarial.install-out.txt --library=E:\biocbuild\bbs-3.19-bioc\R\library --no-vignettes --timings adverSCarial_1.2.0.tar.gz |
StartedAt: 2024-10-16 22:42:14 -0400 (Wed, 16 Oct 2024) |
EndedAt: 2024-10-16 22:44:51 -0400 (Wed, 16 Oct 2024) |
EllapsedTime: 156.5 seconds |
RetCode: 0 |
Status: WARNINGS |
CheckDir: adverSCarial.Rcheck |
Warnings: 1 |
############################################################################## ############################################################################## ### ### Running command: ### ### E:\biocbuild\bbs-3.19-bioc\R\bin\R.exe CMD check --no-multiarch --install=check:adverSCarial.install-out.txt --library=E:\biocbuild\bbs-3.19-bioc\R\library --no-vignettes --timings adverSCarial_1.2.0.tar.gz ### ############################################################################## ############################################################################## * using log directory 'E:/biocbuild/bbs-3.19-bioc/meat/adverSCarial.Rcheck' * using R version 4.4.1 (2024-06-14 ucrt) * using platform: x86_64-w64-mingw32 * R was compiled by gcc.exe (GCC) 13.2.0 GNU Fortran (GCC) 13.2.0 * running under: Windows Server 2022 x64 (build 20348) * using session charset: UTF-8 * using option '--no-vignettes' * checking for file 'adverSCarial/DESCRIPTION' ... OK * this is package 'adverSCarial' version '1.2.0' * package encoding: UTF-8 * checking package namespace information ... OK * checking package dependencies ... OK * checking if this is a source package ... OK * checking if there is a namespace ... OK * checking for hidden files and directories ... OK * checking for portable file names ... OK * checking whether package 'adverSCarial' can be installed ... OK * checking installed package size ... OK * checking package directory ... OK * checking 'build' directory ... OK * checking DESCRIPTION meta-information ... OK * checking top-level files ... OK * checking for left-over files ... OK * checking index information ... OK * checking package subdirectories ... OK * checking code files for non-ASCII characters ... OK * checking R files for syntax errors ... OK * checking whether the package can be loaded ... OK * checking whether the package can be loaded with stated dependencies ... OK * checking whether the package can be unloaded cleanly ... OK * checking whether the namespace can be loaded with stated dependencies ... OK * checking whether the namespace can be unloaded cleanly ... OK * checking dependencies in R code ... OK * checking S3 generic/method consistency ... OK * checking replacement functions ... OK * checking foreign function calls ... OK * checking R code for possible problems ... NOTE .advModificationsFunction: no visible global function definition for 'is' .advModificationsFunction : <anonymous>: no visible global function definition for 'is' .advModificationsNotFunction: no visible global function definition for 'is' .advModificationsNotFunction: no visible global function definition for 'counts' .advModificationsNotFunction : <anonymous>: no visible global function definition for 'is' .randWalkGetSeed: no visible global function definition for 'SingleCellExperiment' .randWalkGetSeed: no visible global function definition for 'is' .randWalkTryNewVector: no visible global function definition for 'SingleCellExperiment' .randWalkTryNewVector: no visible global function definition for 'is' MClassifier: no visible global function definition for 'is' MClassifier: no visible global function definition for 'counts' advChar: no visible global function definition for 'new' advGridMinChange: no visible global function definition for 'is' advGridMinChange: no visible global function definition for 'counts' advGridMinChange: no visible global function definition for 'SingleCellExperiment' advList: no visible global function definition for 'new' advMaxChange: no visible global function definition for 'is' advMaxChange: no visible global function definition for 'counts' advMaxChange: no visible global function definition for 'new' advModifications: no visible global function definition for 'is' advModifications: no visible global function definition for 'counts' advModifications: no visible global function definition for 'SingleCellExperiment' advRandWalkMinChange: no visible global function definition for 'is' advRandWalkMinChange: no visible global function definition for 'counts' advSingleGene: no visible global function definition for 'is' advSingleGene: no visible global function definition for 'counts' advSingleGene: no visible binding for '<<-' assignment to 'lastResLength' advSingleGene : <anonymous>: no visible binding for global variable 'lastResLength' advSingleGene : <anonymous>: no visible binding for '<<-' assignment to 'lastResLength' advSingleGene: no visible global function definition for 'new' matrixFromSCE: no visible global function definition for 'is' matrixFromSCE: no visible global function definition for 'colData' maxChangeOverview: no visible global function definition for 'is' maxChangeOverview: no visible global function definition for 'counts' predictWithNewValue: no visible global function definition for 'is' sceConvertToHGNC: no visible global function definition for 'is' sceConvertToHGNC: no visible global function definition for 'SingleCellExperiment' sceConvertToHGNC: no visible global function definition for 'colData' singleGeneOverview: no visible global function definition for 'is' singleGeneOverview: no visible global function definition for 'counts' Undefined global functions or variables: SingleCellExperiment colData counts is lastResLength new Consider adding importFrom("methods", "is", "new") to your NAMESPACE file (and ensure that your DESCRIPTION Imports field contains 'methods'). * checking Rd files ... NOTE checkRd: (-1) advGridMinChange.Rd:34-37: Lost braces 34 | classifier = function(expr, clusters, target){ | ^ checkRd: (-1) advMaxChange.Rd:38-41: Lost braces 38 | classifier = function(expr, clusters, target){ | ^ checkRd: (-1) advRandWalkMinChange.Rd:36-39: Lost braces 36 | classifier = function(expr, clusters, target){ | ^ checkRd: (-1) advSingleGene.Rd:42-45: Lost braces 42 | classifier = function(expr, clusters, target){ | ^ checkRd: (-1) maxChangeOverview.Rd:35-38: Lost braces 35 | classifier = function(expr, clusters, target){ | ^ checkRd: (-1) predictWithNewValue.Rd:35-38: Lost braces 35 | classifier = function(expr, clusters, target){ | ^ checkRd: (-1) singleGeneOverview.Rd:37-40: Lost braces 37 | classifier = function(expr, clusters, target){ | ^ * checking Rd metadata ... OK * checking Rd cross-references ... OK * checking for missing documentation entries ... OK * checking for code/documentation mismatches ... WARNING Codoc mismatches from Rd file 'advGridMinChange.Rd': advGridMinChange Code: function(exprs, clusters, target, classifier, genes, modifications = list(c("perc1"), c("perc99")), returnFirstFound = FALSE, argForClassif = "data.frame", argForModif = "data.frame", verbose = FALSE, iamsure = FALSE) Docs: function(exprs, clusters, target, classifier, genes, modifications = list(c("perc1"), c("perc99")), returnFirstFound = FALSE, argForClassif = "DelayedMatrix", argForModif = "DelayedMatrix", verbose = FALSE, iamsure = FALSE) Mismatches in argument default values: Name: 'argForClassif' Code: "data.frame" Docs: "DelayedMatrix" Name: 'argForModif' Code: "data.frame" Docs: "DelayedMatrix" Codoc mismatches from Rd file 'advMaxChange.Rd': advMaxChange Code: function(exprs, clusters, target, classifier, exclGenes = c(), genes = c(), advMethod = "perc99", advFixedValue = 3, advFct = NULL, maxSplitSize = 1, argForClassif = "data.frame", argForModif = "data.frame", verbose = FALSE) Docs: function(exprs, clusters, target, classifier, exclGenes = c(), genes = c(), advMethod = "perc99", advFixedValue = 3, advFct = NULL, maxSplitSize = 1, argForClassif = "DelayedMatrix", argForModif = "data.frame", verbose = FALSE) Mismatches in argument default values: Name: 'argForClassif' Code: "data.frame" Docs: "DelayedMatrix" Codoc mismatches from Rd file 'advRandWalkMinChange.Rd': advRandWalkMinChange Code: function(exprs, clusters, target, classifier, genes, modifications = list(c("perc1"), c("perc99")), firstBatch = 100, walkLength = 100, stepChangeRatio = 0.2, whileMaxCount = 10000, changeType = "any", argForClassif = "data.frame", argForModif = "data.frame", verbose = FALSE) Docs: function(exprs, clusters, target, classifier, genes, modifications = list(c("perc1"), c("perc99")), firstBatch = 100, walkLength = 100, stepChangeRatio = 0.2, whileMaxCount = 10000, changeType = "any", argForClassif = "DelayedMatrix", argForModif = "DelayedMatrix", verbose = FALSE) Mismatches in argument default values: Name: 'argForClassif' Code: "data.frame" Docs: "DelayedMatrix" Name: 'argForModif' Code: "data.frame" Docs: "DelayedMatrix" Codoc mismatches from Rd file 'advSingleGene.Rd': advSingleGene Code: function(exprs, clusters, target, classifier, exclGenes = c(), genes = c(), advMethod = "perc99", advFixedValue = 3, advFct = NULL, firstDichot = 100, maxSplitSize = 1, returnFirstFound = FALSE, changeType = "any", argForClassif = "data.frame", argForModif = "data.frame", verbose = FALSE) Docs: function(exprs, clusters, target, classifier, exclGenes = c(), genes = c(), advMethod = "perc99", advFixedValue = 3, advFct = NULL, firstDichot = 100, maxSplitSize = 1, returnFirstFound = FALSE, changeType = "any", argForClassif = "DelayedMatrix", argForModif = "data.frame", verbose = FALSE) Mismatches in argument default values: Name: 'argForClassif' Code: "data.frame" Docs: "DelayedMatrix" Codoc mismatches from Rd file 'maxChangeOverview.Rd': maxChangeOverview Code: function(exprs, clusters, classifier, exclGenes = c(), genes = c(), modifications = list(c("perc1"), c("perc99")), advMethod = "perc99", advFixedValue = 3, advFct = NULL, maxSplitSize = 100, argForClassif = "data.frame", argForModif = "data.frame", verbose = FALSE) Docs: function(exprs, clusters, classifier, exclGenes = c(), genes = c(), modifications = list(c("perc1"), c("perc99")), advMethod = "perc99", advFixedValue = 3, advFct = NULL, maxSplitSize = 100, argForClassif = "DelayedMatrix", argForModif = "data.frame", verbose = FALSE) Mismatches in argument default values: Name: 'argForClassif' Code: "data.frame" Docs: "DelayedMatrix" Codoc mismatches from Rd file 'singleGeneOverview.Rd': singleGeneOverview Code: function(exprs, clusters, classifier, exclGenes = c(), genes = c(), modifications = list(c("perc1"), c("perc99")), advMethod = "perc99", advFixedValue = 3, advFct = NULL, firstDichot = 100, maxSplitSize = 100, changeType = "any", argForClassif = "data.frame", argForModif = "data.frame", verbose = FALSE) Docs: function(exprs, clusters, classifier, exclGenes = c(), genes = c(), modifications = list(c("perc1"), c("perc99")), advMethod = "perc99", advFixedValue = 3, advFct = NULL, firstDichot = 100, maxSplitSize = 100, changeType = "any", argForClassif = "DelayedMatrix", argForModif = "data.frame", verbose = FALSE) Mismatches in argument default values: Name: 'argForClassif' Code: "data.frame" Docs: "DelayedMatrix" * checking Rd \usage sections ... OK * checking Rd contents ... OK * checking for unstated dependencies in examples ... OK * checking files in 'vignettes' ... NOTE The following directory looks like a leftover from 'knitr': 'figure' Please remove from your package. * checking examples ... OK Examples with CPU (user + system) or elapsed time > 5s user system elapsed MClassifier 27.19 3.91 73.00 advChar 10.69 1.61 12.30 sceConvertToHGNC 10.67 1.49 12.39 matrixFromSCE 8.06 1.33 9.61 * checking for unstated dependencies in 'tests' ... OK * checking tests ... Running 'runTests.R' OK * checking for unstated dependencies in vignettes ... OK * checking package vignettes ... OK * checking running R code from vignettes ... SKIPPED * checking re-building of vignette outputs ... SKIPPED * checking PDF version of manual ... OK * DONE Status: 1 WARNING, 3 NOTEs See 'E:/biocbuild/bbs-3.19-bioc/meat/adverSCarial.Rcheck/00check.log' for details.
adverSCarial.Rcheck/00install.out
############################################################################## ############################################################################## ### ### Running command: ### ### E:\biocbuild\bbs-3.19-bioc\R\bin\R.exe CMD INSTALL adverSCarial ### ############################################################################## ############################################################################## * installing to library 'E:/biocbuild/bbs-3.19-bioc/R/library' * installing *source* package 'adverSCarial' ... ** using staged installation ** R ** inst ** byte-compile and prepare package for lazy loading ** help *** installing help indices ** building package indices ** installing vignettes ** testing if installed package can be loaded from temporary location ** testing if installed package can be loaded from final location ** testing if installed package keeps a record of temporary installation path * DONE (adverSCarial)
adverSCarial.Rcheck/tests/runTests.Rout
R version 4.4.1 (2024-06-14 ucrt) -- "Race for Your Life" Copyright (C) 2024 The R Foundation for Statistical Computing Platform: x86_64-w64-mingw32/x64 R is free software and comes with ABSOLUTELY NO WARRANTY. You are welcome to redistribute it under certain conditions. Type 'license()' or 'licence()' for distribution details. R is a collaborative project with many contributors. Type 'contributors()' for more information and 'citation()' on how to cite R or R packages in publications. Type 'demo()' for some demos, 'help()' for on-line help, or 'help.start()' for an HTML browser interface to help. Type 'q()' to quit R. > BiocGenerics:::testPackage("adverSCarial") Running combination: 1 on 3 Running combination: 2 on 3 Running combination: 3 on 3 result length: 3 Running first batch to determine walk seed: 1 on 3 Running first batch to determine walk seed: 2 on 3 Running first batch to determine walk seed: 3 on 3 No modified type, try with a higher firstBatch argument Split number: 1/100 Split number: 2/100 Split number: 4/100 Split time: 0.000270843505859375 Split number: 8/100 Split time: 0.000244140625 Split number: 16/100 Split time: 0.000224113464355469 Split number: 32/100 Split time: 0.000245094299316406 Split number: 64/100 Split time: 0.000252962112426758 Split number: 100/100 Split time: 0.0002288818359375 result length: 3 result length: 3 Split number: 1/100 Split number: 2/100 Split number: 4/100 Split time: 0.000279903411865234 Split number: 8/100 Split time: 0.000251054763793945 Split number: 16/100 Split time: 0.000231027603149414 Split number: 32/100 Split time: 0.00023198127746582 Split number: 64/100 Split time: 0.000245094299316406 Split number: 100/100 Split time: 0.000252008438110352 Split number: 1/100 Split number: 2/100 Split number: 4/100 Split time: 0.000244140625 Split number: 8/100 Split time: 0.000220060348510742 Split number: 16/100 Split time: 0.00024104118347168 Split number: 32/100 Split time: 0.00023198127746582 Split number: 64/100 Split time: 0.00024104118347168 Split number: 100/100 Split time: 0.000241994857788086 Split number: 1/100 Split number: 2/100 Split number: 4/100 Split time: 0.000248908996582031 Split number: 8/100 Split time: 0.000218868255615234 Split number: 16/100 Split time: 0.000216007232666016 Split number: 32/100 Split time: 0.000226020812988281 Split number: 64/100 Split time: 0.000178098678588867 Split number: 100/100 Split time: 0.000178098678588867 Split number: 1/100 Split number: 2/100 Split number: 4/100 Split time: 0.000225067138671875 Split number: 8/100 Split time: 0.000176906585693359 Split number: 16/100 Split time: 0.000179052352905273 Split number: 32/100 Split time: 0.000173091888427734 Split number: 64/100 Split time: 0.000195980072021484 Split number: 100/100 Split time: 0.000194072723388672 RUNIT TEST PROTOCOL -- Wed Oct 16 22:44:41 2024 *********************************************** Number of test functions: 8 Number of errors: 0 Number of failures: 0 1 Test Suite : adverSCarial RUnit Tests - 8 test functions, 0 errors, 0 failures Number of test functions: 8 Number of errors: 0 Number of failures: 0 > > proc.time() user system elapsed 5.23 0.35 5.57
adverSCarial.Rcheck/adverSCarial-Ex.timings
name | user | system | elapsed | |
MClassifier | 27.19 | 3.91 | 73.00 | |
advChar | 10.69 | 1.61 | 12.30 | |
advGridMinChange | 0.44 | 0.05 | 0.48 | |
advList | 0.02 | 0.00 | 0.01 | |
advMaxChange | 0.18 | 0.04 | 0.24 | |
advModifications | 0.15 | 0.11 | 0.25 | |
advRandWalkMinChange | 0.49 | 0.03 | 0.52 | |
advSingleGene | 0.18 | 0.08 | 0.26 | |
matrixFromSCE | 8.06 | 1.33 | 9.61 | |
maxChangeOverview | 0.26 | 0.05 | 0.32 | |
predictWithNewValue | 0.28 | 0.04 | 0.33 | |
sceConvertToHGNC | 10.67 | 1.49 | 12.39 | |
singleGeneOverview | 0.31 | 0.05 | 0.36 | |