| Back to Multiple platform build/check report for BioC 3.19: simplified long |
|
This page was generated on 2024-10-18 20:41 -0400 (Fri, 18 Oct 2024).
| Hostname | OS | Arch (*) | R version | Installed pkgs |
|---|---|---|---|---|
| nebbiolo1 | Linux (Ubuntu 22.04.3 LTS) | x86_64 | 4.4.1 (2024-06-14) -- "Race for Your Life" | 4763 |
| palomino7 | Windows Server 2022 Datacenter | x64 | 4.4.1 (2024-06-14 ucrt) -- "Race for Your Life" | 4500 |
| merida1 | macOS 12.7.5 Monterey | x86_64 | 4.4.1 (2024-06-14) -- "Race for Your Life" | 4530 |
| kjohnson1 | macOS 13.6.6 Ventura | arm64 | 4.4.1 (2024-06-14) -- "Race for Your Life" | 4480 |
| Click on any hostname to see more info about the system (e.g. compilers) (*) as reported by 'uname -p', except on Windows and Mac OS X | ||||
| Package 2249/2300 | Hostname | OS / Arch | INSTALL | BUILD | CHECK | BUILD BIN | ||||||||
| VariantAnnotation 1.50.0 (landing page) Bioconductor Package Maintainer
| nebbiolo1 | Linux (Ubuntu 22.04.3 LTS) / x86_64 | OK | OK | ERROR | |||||||||
| palomino7 | Windows Server 2022 Datacenter / x64 | OK | OK | ERROR | OK | |||||||||
| merida1 | macOS 12.7.5 Monterey / x86_64 | OK | ERROR | skipped | skipped | |||||||||
| kjohnson1 | macOS 13.6.6 Ventura / arm64 | OK | OK | ERROR | NA | |||||||||
|
To the developers/maintainers of the VariantAnnotation package: - Allow up to 24 hours (and sometimes 48 hours) for your latest push to git@git.bioconductor.org:packages/VariantAnnotation.git to reflect on this report. See Troubleshooting Build Report for more information. - Use the following Renviron settings to reproduce errors and warnings. - If 'R CMD check' started to fail recently on the Linux builder(s) over a missing dependency, add the missing dependency to 'Suggests:' in your DESCRIPTION file. See Renviron.bioc for more information. |
| Package: VariantAnnotation |
| Version: 1.50.0 |
| Command: /Library/Frameworks/R.framework/Resources/bin/R CMD build --keep-empty-dirs --no-resave-data VariantAnnotation |
| StartedAt: 2024-10-17 00:11:46 -0400 (Thu, 17 Oct 2024) |
| EndedAt: 2024-10-17 00:17:12 -0400 (Thu, 17 Oct 2024) |
| EllapsedTime: 326.2 seconds |
| RetCode: 1 |
| Status: ERROR |
| PackageFile: None |
| PackageFileSize: NA |
############################################################################## ############################################################################## ### ### Running command: ### ### /Library/Frameworks/R.framework/Resources/bin/R CMD build --keep-empty-dirs --no-resave-data VariantAnnotation ### ############################################################################## ############################################################################## * checking for file ‘VariantAnnotation/DESCRIPTION’ ... OK * preparing ‘VariantAnnotation’: * checking DESCRIPTION meta-information ... OK * cleaning src * installing the package to build vignettes * creating vignettes ... ERROR --- re-building ‘VariantAnnotation.Rmd’ using rmarkdown [W::bcf_hdr_check_sanity] GL should be declared as Number=G --- finished re-building ‘VariantAnnotation.Rmd’ --- re-building ‘ensemblVEP.Rmd’ using rmarkdown --- finished re-building ‘ensemblVEP.Rmd’ --- re-building ‘filterVcf.Rmd’ using rmarkdown Quitting from lines 210-214 [mcf7regulatoryRegions] (filterVcf.Rmd) Error: processing vignette 'filterVcf.Rmd' failed with diagnostics: failed to load resource name: AH27589 title: wgEncodeUwTfbsMcf7CtcfStdPkRep1.narrowPeak.gz reason: scan() expected 'a real', got 'C'A' --- failed re-building ‘filterVcf.Rmd’ SUMMARY: processing the following file failed: ‘filterVcf.Rmd’ Error: Vignette re-building failed. Execution halted