| Back to Multiple platform build/check report for BioC 3.19: simplified long |
|
This page was generated on 2024-10-18 20:41 -0400 (Fri, 18 Oct 2024).
| Hostname | OS | Arch (*) | R version | Installed pkgs |
|---|---|---|---|---|
| nebbiolo1 | Linux (Ubuntu 22.04.3 LTS) | x86_64 | 4.4.1 (2024-06-14) -- "Race for Your Life" | 4763 |
| palomino7 | Windows Server 2022 Datacenter | x64 | 4.4.1 (2024-06-14 ucrt) -- "Race for Your Life" | 4500 |
| merida1 | macOS 12.7.5 Monterey | x86_64 | 4.4.1 (2024-06-14) -- "Race for Your Life" | 4530 |
| kjohnson1 | macOS 13.6.6 Ventura | arm64 | 4.4.1 (2024-06-14) -- "Race for Your Life" | 4480 |
| Click on any hostname to see more info about the system (e.g. compilers) (*) as reported by 'uname -p', except on Windows and Mac OS X | ||||
| Package 1831/2300 | Hostname | OS / Arch | INSTALL | BUILD | CHECK | BUILD BIN | ||||||||
| RTCA 1.56.0 (landing page) Jitao David Zhang
| nebbiolo1 | Linux (Ubuntu 22.04.3 LTS) / x86_64 | OK | OK | WARNINGS | |||||||||
| palomino7 | Windows Server 2022 Datacenter / x64 | OK | OK | WARNINGS | OK | |||||||||
| merida1 | macOS 12.7.5 Monterey / x86_64 | OK | OK | WARNINGS | OK | |||||||||
| kjohnson1 | macOS 13.6.6 Ventura / arm64 | OK | OK | WARNINGS | OK | |||||||||
|
To the developers/maintainers of the RTCA package: - Allow up to 24 hours (and sometimes 48 hours) for your latest push to git@git.bioconductor.org:packages/RTCA.git to reflect on this report. See Troubleshooting Build Report for more information. - Use the following Renviron settings to reproduce errors and warnings. - If 'R CMD check' started to fail recently on the Linux builder(s) over a missing dependency, add the missing dependency to 'Suggests:' in your DESCRIPTION file. See Renviron.bioc for more information. |
| Package: RTCA |
| Version: 1.56.0 |
| Command: /Library/Frameworks/R.framework/Resources/bin/R CMD check --install=check:RTCA.install-out.txt --library=/Library/Frameworks/R.framework/Resources/library --no-vignettes --timings RTCA_1.56.0.tar.gz |
| StartedAt: 2024-10-17 12:16:39 -0400 (Thu, 17 Oct 2024) |
| EndedAt: 2024-10-17 12:18:07 -0400 (Thu, 17 Oct 2024) |
| EllapsedTime: 88.2 seconds |
| RetCode: 0 |
| Status: WARNINGS |
| CheckDir: RTCA.Rcheck |
| Warnings: 1 |
##############################################################################
##############################################################################
###
### Running command:
###
### /Library/Frameworks/R.framework/Resources/bin/R CMD check --install=check:RTCA.install-out.txt --library=/Library/Frameworks/R.framework/Resources/library --no-vignettes --timings RTCA_1.56.0.tar.gz
###
##############################################################################
##############################################################################
* using log directory ‘/Users/biocbuild/bbs-3.19-bioc/meat/RTCA.Rcheck’
* using R version 4.4.1 (2024-06-14)
* using platform: x86_64-apple-darwin20
* R was compiled by
Apple clang version 14.0.0 (clang-1400.0.29.202)
GNU Fortran (GCC) 12.2.0
* running under: macOS Monterey 12.7.6
* using session charset: UTF-8
* using option ‘--no-vignettes’
* checking for file ‘RTCA/DESCRIPTION’ ... OK
* checking extension type ... Package
* this is package ‘RTCA’ version ‘1.56.0’
* checking package namespace information ... OK
* checking package dependencies ... OK
* checking if this is a source package ... OK
* checking if there is a namespace ... OK
* checking for hidden files and directories ... OK
* checking for portable file names ... OK
* checking for sufficient/correct file permissions ... OK
* checking whether package ‘RTCA’ can be installed ... OK
* checking installed package size ... OK
* checking package directory ... OK
* checking ‘build’ directory ... OK
* checking DESCRIPTION meta-information ... OK
* checking top-level files ... OK
* checking for left-over files ... OK
* checking index information ... OK
* checking package subdirectories ... OK
* checking code files for non-ASCII characters ... OK
* checking R files for syntax errors ... OK
* checking whether the package can be loaded ... OK
* checking whether the package can be loaded with stated dependencies ... OK
* checking whether the package can be unloaded cleanly ... OK
* checking whether the namespace can be loaded with stated dependencies ... OK
* checking whether the namespace can be unloaded cleanly ... OK
* checking dependencies in R code ... OK
* checking S3 generic/method consistency ... OK
* checking replacement functions ... OK
* checking foreign function calls ... OK
* checking R code for possible problems ... OK
* checking Rd files ... NOTE
checkRd: (-1) RTCA-class.Rd:79: Lost braces
79 | \item{expID}{code{signature(object = "RTCA")}: get Experiment ID}
| ^
checkRd: (-1) RTCA-class.Rd:80: Lost braces
80 | \item{expID<-}{code{signature(object = "RTCA", value = "ANY")}: set Experiment ID}
| ^
* checking Rd metadata ... OK
* checking Rd cross-references ... OK
* checking for missing documentation entries ... OK
* checking for code/documentation mismatches ... OK
* checking Rd \usage sections ... WARNING
Documented arguments not in \usage in Rd file 'interpolationTransform.Rd':
‘...’
Functions with \usage entries need to have the appropriate \alias
entries, and all their arguments documented.
The \usage entries must correspond to syntactically valid R code.
See chapter ‘Writing R documentation files’ in the ‘Writing R
Extensions’ manual.
* checking Rd contents ... OK
* checking for unstated dependencies in examples ... OK
* checking line endings in Makefiles ... OK
* checking for GNU extensions in Makefiles ... OK
* checking include directives in Makefiles ... OK
* checking sizes of PDF files under ‘inst/doc’ ... OK
* checking files in ‘vignettes’ ... OK
* checking examples ... OK
* checking for unstated dependencies in ‘tests’ ... OK
* checking tests ...
Running ‘essentials.R’
OK
* checking for unstated dependencies in vignettes ... OK
* checking package vignettes ... OK
* checking running R code from vignettes ... SKIPPED
* checking re-building of vignette outputs ... SKIPPED
* checking PDF version of manual ... OK
* DONE
Status: 1 WARNING, 1 NOTE
See
‘/Users/biocbuild/bbs-3.19-bioc/meat/RTCA.Rcheck/00check.log’
for details.
RTCA.Rcheck/00install.out
############################################################################## ############################################################################## ### ### Running command: ### ### /Library/Frameworks/R.framework/Resources/bin/R CMD INSTALL RTCA ### ############################################################################## ############################################################################## * installing to library ‘/Library/Frameworks/R.framework/Versions/4.4-x86_64/Resources/library’ * installing *source* package ‘RTCA’ ... ** using staged installation ** R ** inst ** byte-compile and prepare package for lazy loading ** help *** installing help indices ** building package indices ** installing vignettes ** testing if installed package can be loaded from temporary location ** testing if installed package can be loaded from final location ** testing if installed package keeps a record of temporary installation path * DONE (RTCA)
RTCA.Rcheck/tests/essentials.Rout
R version 4.4.1 (2024-06-14) -- "Race for Your Life"
Copyright (C) 2024 The R Foundation for Statistical Computing
Platform: x86_64-apple-darwin20
R is free software and comes with ABSOLUTELY NO WARRANTY.
You are welcome to redistribute it under certain conditions.
Type 'license()' or 'licence()' for distribution details.
R is a collaborative project with many contributors.
Type 'contributors()' for more information and
'citation()' on how to cite R or R packages in publications.
Type 'demo()' for some demos, 'help()' for on-line help, or
'help.start()' for an HTML browser interface to help.
Type 'q()' to quit R.
> library(RTCA)
Loading required package: Biobase
Loading required package: BiocGenerics
Attaching package: 'BiocGenerics'
The following objects are masked from 'package:stats':
IQR, mad, sd, var, xtabs
The following objects are masked from 'package:base':
Filter, Find, Map, Position, Reduce, anyDuplicated, aperm, append,
as.data.frame, basename, cbind, colnames, dirname, do.call,
duplicated, eval, evalq, get, grep, grepl, intersect, is.unsorted,
lapply, mapply, match, mget, order, paste, pmax, pmax.int, pmin,
pmin.int, rank, rbind, rownames, sapply, setdiff, table, tapply,
union, unique, unsplit, which.max, which.min
Welcome to Bioconductor
Vignettes contain introductory material; view with
'browseVignettes()'. To cite Bioconductor, see
'citation("Biobase")', and for packages 'citation("pkgname")'.
Loading required package: RColorBrewer
Loading required package: gtools
>
>
> tl <- new("RTCAtimeline")
> timeUnit(tl) <- "hour"
> startTime(tl) <- Sys.time()-3e6
> show(tl)
RTCAtimeline
================================================
time action
0 start
================================================
Time unit: hour
RTCA-run start time: 2024-09-12 18:57:47.610305
>
> tl2 <- addAction(tl, 1, "seeding")
> show(tl2)
RTCAtimeline
================================================
time action
0 start
1 seeding
================================================
Time unit: hour
RTCA-run start time: 2024-09-12 18:57:47.610305
> stopifnot(getAction(tl2, 0)=="start")
> stopifnot(is.null(getAction(tl2, -1)))
>
> rmAction(tl2, 0)
RTCAtimeline
================================================
time action
1 seeding
================================================
Time unit: hour
RTCA-run start time: 2024-09-12 18:57:47.610305
> rmAction(tl2, 1)
RTCAtimeline
================================================
time action
0 start
================================================
Time unit: hour
RTCA-run start time: 2024-09-12 18:57:47.610305
> rmAction(tl2, -1)
RTCAtimeline
================================================
time action
0 start
1 seeding
================================================
Time unit: hour
RTCA-run start time: 2024-09-12 18:57:47.610305
>
> updateAction(tl2, 1, "not seeding")
RTCAtimeline
================================================
time action
0 start
1 not seeding
================================================
Time unit: hour
RTCA-run start time: 2024-09-12 18:57:47.610305
> updateAction(tl2, -1,"not seeding")
RTCAtimeline
================================================
time action
-1 not seeding
0 start
1 seeding
================================================
Time unit: hour
RTCA-run start time: 2024-09-12 18:57:47.610305
> updateAction(tl2, -1,"not seeding", ifnotfound="ignore")
RTCAtimeline
================================================
time action
0 start
1 seeding
================================================
Time unit: hour
RTCA-run start time: 2024-09-12 18:57:47.610305
> startTime(tl2) <- as.POSIXct("2009-05-06 14:52:03")
> tl2
RTCAtimeline
================================================
time action
0 start
1 seeding
================================================
Time unit: hour
RTCA-run start time: 2009-05-06 14:52:03
>
> ofile <- system.file("/extdata/testOutput.csv", package="RTCA")
> x <- parseRTCA(ofile)
Read 245 items
>
> ## add actions to timeline
> x <- addAction(x, 22, "transfection")
> x <- addAction(x, 30, "change medium")
>
> xr <- ratioTransform(x, 35)
> xrs <- smoothTransform(xr)
> xi <- interpolationTransform(x)
> xd <- derivativeTransform(x)
> xrgr <- rgrTransform(x)
> #plotRTCA(xrgr, xlim=c(35, 80), ylim=c(-0.2, 0.2))
> plot(sliceRTCA(x,0, 80)[,c(11,13)], type="l", col="black", ylim=c(0, 1.5))
> abline(h=0, col=2, lty=5)
> plot(sliceRTCA(xrgr, 20, 80)[,c(11,13)], type="l", col="black")
> abline(h=0, col=2, lty=5)
>
> plotGridEffect(x)
> plotGridEffect(x, "col")
> plateView(sliceRTCA(x, 0, 80))
>
> proc.time()
user system elapsed
3.929 0.305 5.402
RTCA.Rcheck/RTCA-Ex.timings
| name | user | system | elapsed | |
| RTCA-class | 0.600 | 0.059 | 0.931 | |
| RTCAtimeline-class | 0.003 | 0.001 | 0.006 | |
| alphaNames | 0.006 | 0.001 | 0.010 | |
| combineRTCA | 0.378 | 0.013 | 0.532 | |
| controlView | 0.328 | 0.012 | 0.456 | |
| derivativeTransform | 0.320 | 0.009 | 0.441 | |
| factor2numeric | 0.003 | 0.001 | 0.005 | |
| interpolationTransform | 0.380 | 0.024 | 0.553 | |
| nearestTimeIndex | 0.316 | 0.012 | 0.437 | |
| parseRTCA | 1.077 | 0.021 | 1.466 | |
| plateView | 0.520 | 0.008 | 0.701 | |
| plotGridEffect | 0.735 | 0.014 | 1.002 | |
| ratioTransform | 0.254 | 0.003 | 0.338 | |
| rgrTransform | 0.732 | 0.031 | 0.948 | |
| sliceRTCA | 0.271 | 0.007 | 0.355 | |
| smoothTransform | 0.514 | 0.008 | 0.669 | |
| spectramaxImport | 0.020 | 0.018 | 0.057 | |