| Back to Multiple platform build/check report for BioC 3.19: simplified long |
|
This page was generated on 2024-05-09 11:41:04 -0400 (Thu, 09 May 2024).
| Hostname | OS | Arch (*) | R version | Installed pkgs |
|---|---|---|---|---|
| nebbiolo1 | Linux (Ubuntu 22.04.3 LTS) | x86_64 | 4.4.0 (2024-04-24) -- "Puppy Cup" | 4748 |
| palomino3 | Windows Server 2022 Datacenter | x64 | 4.4.0 (2024-04-24 ucrt) -- "Puppy Cup" | 4484 |
| lconway | macOS 12.7.1 Monterey | x86_64 | 4.4.0 (2024-04-24) -- "Puppy Cup" | 4514 |
| kunpeng2 | Linux (openEuler 22.03 LTS-SP1) | aarch64 | 4.4.0 beta (2024-04-15 r86425) -- "Puppy Cup" | 4480 |
| Click on any hostname to see more info about the system (e.g. compilers) (*) as reported by 'uname -p', except on Windows and Mac OS X | ||||
| Package 1204/2300 | Hostname | OS / Arch | INSTALL | BUILD | CHECK | BUILD BIN | ||||||||
| MesKit 1.14.0 (landing page) Mengni Liu
| nebbiolo1 | Linux (Ubuntu 22.04.3 LTS) / x86_64 | OK | OK | WARNINGS | |||||||||
| palomino3 | Windows Server 2022 Datacenter / x64 | OK | OK | WARNINGS | OK | |||||||||
| lconway | macOS 12.7.1 Monterey / x86_64 | OK | OK | WARNINGS | OK | |||||||||
| kunpeng2 | Linux (openEuler 22.03 LTS-SP1) / aarch64 | OK | OK | WARNINGS | ||||||||||
| kjohnson3 | macOS 13.6.5 Ventura / arm64 | see weekly results here | ||||||||||||
|
To the developers/maintainers of the MesKit package: - Allow up to 24 hours (and sometimes 48 hours) for your latest push to git@git.bioconductor.org:packages/MesKit.git to reflect on this report. See Troubleshooting Build Report for more information. - Use the following Renviron settings to reproduce errors and warnings. - If 'R CMD check' started to fail recently on the Linux builder(s) over a missing dependency, add the missing dependency to 'Suggests:' in your DESCRIPTION file. See Renviron.bioc for more information. - See Martin Grigorov's blog post for how to debug Linux ARM64 related issues on a x86_64 host. |
| Package: MesKit |
| Version: 1.14.0 |
| Command: /home/biocbuild/R/R-beta-2024-04-15_r86425/bin/R CMD check --install=check:MesKit.install-out.txt --library=/home/biocbuild/R/R-beta-2024-04-15_r86425/site-library --no-vignettes --timings MesKit_1.14.0.tar.gz |
| StartedAt: 2024-05-09 09:08:39 -0000 (Thu, 09 May 2024) |
| EndedAt: 2024-05-09 09:21:27 -0000 (Thu, 09 May 2024) |
| EllapsedTime: 768.3 seconds |
| RetCode: 0 |
| Status: WARNINGS |
| CheckDir: MesKit.Rcheck |
| Warnings: 1 |
##############################################################################
##############################################################################
###
### Running command:
###
### /home/biocbuild/R/R-beta-2024-04-15_r86425/bin/R CMD check --install=check:MesKit.install-out.txt --library=/home/biocbuild/R/R-beta-2024-04-15_r86425/site-library --no-vignettes --timings MesKit_1.14.0.tar.gz
###
##############################################################################
##############################################################################
* using log directory ‘/home/biocbuild/bbs-3.19-bioc/meat/MesKit.Rcheck’
* using R version 4.4.0 beta (2024-04-15 r86425)
* using platform: aarch64-unknown-linux-gnu
* R was compiled by
gcc (GCC) 10.3.1
GNU Fortran (GCC) 10.3.1
* running under: openEuler 22.03 (LTS-SP1)
* using session charset: UTF-8
* using option ‘--no-vignettes’
* checking for file ‘MesKit/DESCRIPTION’ ... OK
* checking extension type ... Package
* this is package ‘MesKit’ version ‘1.14.0’
* package encoding: UTF-8
* checking package namespace information ... OK
* checking package dependencies ... OK
* checking if this is a source package ... OK
* checking if there is a namespace ... OK
* checking for hidden files and directories ... OK
* checking for portable file names ... OK
* checking for sufficient/correct file permissions ... OK
* checking whether package ‘MesKit’ can be installed ... WARNING
Found the following significant warnings:
Warning: replacing previous import ‘ape::degree’ by ‘circlize::degree’ when loading ‘MesKit’
Warning: replacing previous import ‘ape::where’ by ‘dplyr::where’ when loading ‘MesKit’
See ‘/home/biocbuild/bbs-3.19-bioc/meat/MesKit.Rcheck/00install.out’ for details.
* checking installed package size ... NOTE
installed size is 6.0Mb
sub-directories of 1Mb or more:
extdata 4.9Mb
* checking package directory ... OK
* checking ‘build’ directory ... OK
* checking DESCRIPTION meta-information ... OK
* checking top-level files ... NOTE
File
LICENSE
is not mentioned in the DESCRIPTION file.
* checking for left-over files ... OK
* checking index information ... OK
* checking package subdirectories ... OK
* checking code files for non-ASCII characters ... OK
* checking R files for syntax errors ... OK
* checking whether the package can be loaded ... OK
* checking whether the package can be loaded with stated dependencies ... OK
* checking whether the package can be unloaded cleanly ... OK
* checking whether the namespace can be loaded with stated dependencies ... OK
* checking whether the namespace can be unloaded cleanly ... OK
* checking loading without being on the library search path ... OK
* checking dependencies in R code ... OK
* checking S3 generic/method consistency ... OK
* checking replacement functions ... OK
* checking foreign function calls ... OK
* checking R code for possible problems ... NOTE
calJSI : processJSI: no visible binding for global variable ‘CCF’
cna2gene: no visible global function definition for ‘genes’
cna2gene: no visible binding for global variable ‘org.Hs.eg.db’
cna2gene: no visible binding for global variable ‘seqnames’
cna2gene: no visible binding for global variable ‘Chromosome’
cna2gene: no visible binding for global variable ‘Hugo_Symbol’
cna2gene: no visible binding for global variable ‘Start_Position’
cna2gene: no visible binding for global variable ‘End_Position’
cna2gene: no visible binding for global variable ‘i.End_Position’
cna2gene: no visible binding for global variable ‘i.Start_Position’
cna2gene: no visible binding for global variable ‘Patient_ID’
cna2gene: no visible binding for global variable ‘Tumor_Sample_Barcode’
cna2gene: no visible binding for global variable ‘seg_id’
cna2gene: no visible binding for global variable ‘overlap_width’
copyNumberFilter: no visible binding for global variable ‘Patient_ID’
drawVAFCombine: no visible binding for global variable ‘V’
drawVAFCombineVline: no visible binding for global variable ‘V’
fitSignatures : processFitSig: no visible binding for global variable
‘Branch’
fitSignatures : processFitSig: no visible binding for global variable
‘Original’
fitSignatures : processFitSig: no visible binding for global variable
‘Reconstructed’
mutCluster : processVafcluster_sample: no visible binding for global
variable ‘cluster’
plotCNA: no visible binding for global variable ‘Cytoband’
plotCNA: no visible binding for global variable ‘Cytoband_pos’
plotCNA: no visible binding for global variable ‘gene_id’
plotCNA: no visible binding for global variable ‘gene_pos’
plotCNA: no visible binding for global variable ‘Hugo_Symbol’
plotTree: no visible binding for global variable ‘is.match’
plotTree: no visible binding for global variable ‘x’
plotTree: no visible binding for global variable ‘y’
plotTree: no visible binding for global variable ‘xend’
plotTree: no visible binding for global variable ‘yend’
Undefined global functions or variables:
Branch CCF Chromosome Cytoband Cytoband_pos End_Position Hugo_Symbol
Original Patient_ID Reconstructed Start_Position Tumor_Sample_Barcode
V cluster gene_id gene_pos genes i.End_Position i.Start_Position
is.match org.Hs.eg.db overlap_width seg_id seqnames x xend y yend
* checking Rd files ... OK
* checking Rd metadata ... OK
* checking Rd cross-references ... OK
* checking for missing documentation entries ... OK
* checking for code/documentation mismatches ... OK
* checking Rd \usage sections ... OK
* checking Rd contents ... OK
* checking for unstated dependencies in examples ... OK
* checking files in ‘vignettes’ ... OK
* checking examples ... OK
Examples with CPU (user + system) or elapsed time > 5s
user system elapsed
cna2gene 23.833 0.388 24.226
calFst 23.864 0.323 24.261
getBranchType 21.426 0.048 21.505
getBootstrapValue 21.264 0.123 21.414
getBinaryMatrix 21.200 0.108 21.335
getCCFMatrix 21.241 0.048 21.316
getTree 20.663 0.128 20.813
getTreeMethod 20.687 0.056 20.763
getPhyloTreePatient 20.522 0.100 20.648
getMutBranches 20.371 0.211 20.609
getPhyloTreeTsbLabel 20.493 0.072 20.591
getPhyloTree 20.444 0.100 20.571
getPhyloTreeRef 20.402 0.028 20.455
plotMutSigProfile 18.754 0.148 18.929
mutHeatmap 17.973 0.039 18.038
compareCCF 17.475 0.299 17.790
calNeiDist 17.391 0.100 17.509
compareTree 15.939 0.064 16.023
calJSI 15.690 0.064 15.768
plotPhyloTree 14.647 0.124 14.791
fitSignatures 14.430 0.108 14.560
ccfAUC 14.342 0.124 14.478
mutCluster 13.920 0.152 14.089
mutTrunkBranch 13.844 0.092 13.955
plotMutProfile 13.404 0.072 13.486
triMatrix 13.383 0.092 13.491
testNeutral 13.301 0.072 13.385
classifyMut 12.709 0.151 12.870
getMafPatient 12.163 0.144 12.335
getMafData 11.284 0.032 11.330
mathScore 10.902 0.060 10.967
getSampleInfo 10.824 0.063 10.901
getNonSyn_vc 10.862 0.020 10.894
subMaf 10.837 0.039 10.882
readMaf 10.689 0.020 10.714
getMafRef 10.615 0.088 10.716
* checking for unstated dependencies in vignettes ... OK
* checking package vignettes ... OK
* checking running R code from vignettes ... SKIPPED
* checking re-building of vignette outputs ... SKIPPED
* checking PDF version of manual ... OK
* DONE
Status: 1 WARNING, 3 NOTEs
See
‘/home/biocbuild/bbs-3.19-bioc/meat/MesKit.Rcheck/00check.log’
for details.
MesKit.Rcheck/00install.out
############################################################################## ############################################################################## ### ### Running command: ### ### /home/biocbuild/R/R-beta-2024-04-15_r86425/bin/R CMD INSTALL MesKit ### ############################################################################## ############################################################################## * installing to library ‘/home/biocbuild/R/R-beta-2024-04-15_r86425/site-library’ * installing *source* package ‘MesKit’ ... ** using staged installation ** R ** inst ** byte-compile and prepare package for lazy loading Warning: replacing previous import ‘ape::degree’ by ‘circlize::degree’ when loading ‘MesKit’ Warning: replacing previous import ‘ape::where’ by ‘dplyr::where’ when loading ‘MesKit’ ** help *** installing help indices ** building package indices ** installing vignettes ** testing if installed package can be loaded from temporary location Warning: replacing previous import ‘ape::degree’ by ‘circlize::degree’ when loading ‘MesKit’ Warning: replacing previous import ‘ape::where’ by ‘dplyr::where’ when loading ‘MesKit’ ** testing if installed package can be loaded from final location Warning: replacing previous import ‘ape::degree’ by ‘circlize::degree’ when loading ‘MesKit’ Warning: replacing previous import ‘ape::where’ by ‘dplyr::where’ when loading ‘MesKit’ ** testing if installed package keeps a record of temporary installation path * DONE (MesKit)
MesKit.Rcheck/MesKit-Ex.timings
| name | user | system | elapsed | |
| calFst | 23.864 | 0.323 | 24.261 | |
| calJSI | 15.690 | 0.064 | 15.768 | |
| calNeiDist | 17.391 | 0.100 | 17.509 | |
| ccfAUC | 14.342 | 0.124 | 14.478 | |
| classifyMut | 12.709 | 0.151 | 12.870 | |
| cna2gene | 23.833 | 0.388 | 24.226 | |
| compareCCF | 17.475 | 0.299 | 17.790 | |
| compareTree | 15.939 | 0.064 | 16.023 | |
| fitSignatures | 14.430 | 0.108 | 14.560 | |
| getBinaryMatrix | 21.200 | 0.108 | 21.335 | |
| getBootstrapValue | 21.264 | 0.123 | 21.414 | |
| getBranchType | 21.426 | 0.048 | 21.505 | |
| getCCFMatrix | 21.241 | 0.048 | 21.316 | |
| getMafData | 11.284 | 0.032 | 11.330 | |
| getMafPatient | 12.163 | 0.144 | 12.335 | |
| getMafRef | 10.615 | 0.088 | 10.716 | |
| getMutBranches | 20.371 | 0.211 | 20.609 | |
| getNonSyn_vc | 10.862 | 0.020 | 10.894 | |
| getPhyloTree | 20.444 | 0.100 | 20.571 | |
| getPhyloTreePatient | 20.522 | 0.100 | 20.648 | |
| getPhyloTreeRef | 20.402 | 0.028 | 20.455 | |
| getPhyloTreeTsbLabel | 20.493 | 0.072 | 20.591 | |
| getSampleInfo | 10.824 | 0.063 | 10.901 | |
| getTree | 20.663 | 0.128 | 20.813 | |
| getTreeMethod | 20.687 | 0.056 | 20.763 | |
| mathScore | 10.902 | 0.060 | 10.967 | |
| mutCluster | 13.920 | 0.152 | 14.089 | |
| mutHeatmap | 17.973 | 0.039 | 18.038 | |
| mutTrunkBranch | 13.844 | 0.092 | 13.955 | |
| plotCNA | 3.682 | 0.000 | 3.670 | |
| plotMutProfile | 13.404 | 0.072 | 13.486 | |
| plotMutSigProfile | 18.754 | 0.148 | 18.929 | |
| plotPhyloTree | 14.647 | 0.124 | 14.791 | |
| readMaf | 10.689 | 0.020 | 10.714 | |
| readSegment | 0.600 | 0.004 | 0.597 | |
| runMesKit | 0 | 0 | 0 | |
| subMaf | 10.837 | 0.039 | 10.882 | |
| testNeutral | 13.301 | 0.072 | 13.385 | |
| triMatrix | 13.383 | 0.092 | 13.491 | |