| Back to Multiple platform build/check report for BioC 3.19: simplified long |
|
This page was generated on 2024-05-09 11:40:59 -0400 (Thu, 09 May 2024).
| Hostname | OS | Arch (*) | R version | Installed pkgs |
|---|---|---|---|---|
| nebbiolo1 | Linux (Ubuntu 22.04.3 LTS) | x86_64 | 4.4.0 (2024-04-24) -- "Puppy Cup" | 4748 |
| palomino3 | Windows Server 2022 Datacenter | x64 | 4.4.0 (2024-04-24 ucrt) -- "Puppy Cup" | 4484 |
| lconway | macOS 12.7.1 Monterey | x86_64 | 4.4.0 (2024-04-24) -- "Puppy Cup" | 4514 |
| kunpeng2 | Linux (openEuler 22.03 LTS-SP1) | aarch64 | 4.4.0 beta (2024-04-15 r86425) -- "Puppy Cup" | 4480 |
| Click on any hostname to see more info about the system (e.g. compilers) (*) as reported by 'uname -p', except on Windows and Mac OS X | ||||
| Package 1038/2300 | Hostname | OS / Arch | INSTALL | BUILD | CHECK | BUILD BIN | ||||||||
| InPAS 2.12.0 (landing page) Jianhong Ou
| nebbiolo1 | Linux (Ubuntu 22.04.3 LTS) / x86_64 | OK | OK | WARNINGS | |||||||||
| palomino3 | Windows Server 2022 Datacenter / x64 | OK | OK | WARNINGS | OK | |||||||||
| lconway | macOS 12.7.1 Monterey / x86_64 | OK | OK | WARNINGS | OK | |||||||||
| kunpeng2 | Linux (openEuler 22.03 LTS-SP1) / aarch64 | OK | OK | WARNINGS | ||||||||||
| kjohnson3 | macOS 13.6.5 Ventura / arm64 | see weekly results here | ||||||||||||
|
To the developers/maintainers of the InPAS package: - Allow up to 24 hours (and sometimes 48 hours) for your latest push to git@git.bioconductor.org:packages/InPAS.git to reflect on this report. See Troubleshooting Build Report for more information. - Use the following Renviron settings to reproduce errors and warnings. - If 'R CMD check' started to fail recently on the Linux builder(s) over a missing dependency, add the missing dependency to 'Suggests:' in your DESCRIPTION file. See Renviron.bioc for more information. - See Martin Grigorov's blog post for how to debug Linux ARM64 related issues on a x86_64 host. |
| Package: InPAS |
| Version: 2.12.0 |
| Command: /home/biocbuild/R/R-beta-2024-04-15_r86425/bin/R CMD check --install=check:InPAS.install-out.txt --library=/home/biocbuild/R/R-beta-2024-04-15_r86425/site-library --no-vignettes --timings InPAS_2.12.0.tar.gz |
| StartedAt: 2024-05-09 08:34:00 -0000 (Thu, 09 May 2024) |
| EndedAt: 2024-05-09 08:42:05 -0000 (Thu, 09 May 2024) |
| EllapsedTime: 484.8 seconds |
| RetCode: 0 |
| Status: WARNINGS |
| CheckDir: InPAS.Rcheck |
| Warnings: 1 |
##############################################################################
##############################################################################
###
### Running command:
###
### /home/biocbuild/R/R-beta-2024-04-15_r86425/bin/R CMD check --install=check:InPAS.install-out.txt --library=/home/biocbuild/R/R-beta-2024-04-15_r86425/site-library --no-vignettes --timings InPAS_2.12.0.tar.gz
###
##############################################################################
##############################################################################
* using log directory ‘/home/biocbuild/bbs-3.19-bioc/meat/InPAS.Rcheck’
* using R version 4.4.0 beta (2024-04-15 r86425)
* using platform: aarch64-unknown-linux-gnu
* R was compiled by
gcc (GCC) 10.3.1
GNU Fortran (GCC) 10.3.1
* running under: openEuler 22.03 (LTS-SP1)
* using session charset: UTF-8
* using option ‘--no-vignettes’
* checking for file ‘InPAS/DESCRIPTION’ ... OK
* this is package ‘InPAS’ version ‘2.12.0’
* package encoding: UTF-8
* checking package namespace information ... OK
* checking package dependencies ... OK
* checking if this is a source package ... OK
* checking if there is a namespace ... OK
* checking for hidden files and directories ... OK
* checking for portable file names ... OK
* checking for sufficient/correct file permissions ... OK
* checking whether package ‘InPAS’ can be installed ... OK
* checking installed package size ... OK
* checking package directory ... OK
* checking ‘build’ directory ... OK
* checking DESCRIPTION meta-information ... OK
* checking top-level files ... OK
* checking for left-over files ... OK
* checking index information ... OK
* checking package subdirectories ... OK
* checking code files for non-ASCII characters ... OK
* checking R files for syntax errors ... OK
* checking whether the package can be loaded ... OK
* checking whether the package can be loaded with stated dependencies ... OK
* checking whether the package can be unloaded cleanly ... OK
* checking whether the namespace can be loaded with stated dependencies ... OK
* checking whether the namespace can be unloaded cleanly ... OK
* checking loading without being on the library search path ... OK
* checking whether startup messages can be suppressed ... OK
* checking dependencies in R code ... NOTE
There are ::: calls to the package's namespace in its code. A package
almost never needs to use ::: for its own objects:
‘adjust_distalCPs’ ‘adjust_proximalCPs’ ‘adjust_proximalCPsByNBC’
‘adjust_proximalCPsByPWM’ ‘calculate_mse’ ‘find_valleyBySpline’
‘get_PAscore’ ‘get_PAscore2’ ‘remove_convergentUTR3s’
‘search_distalCPs’ ‘search_proximalCPs’
* checking S3 generic/method consistency ... OK
* checking replacement functions ... OK
* checking foreign function calls ... OK
* checking R code for possible problems ... OK
* checking Rd files ... OK
* checking Rd metadata ... OK
* checking Rd cross-references ... WARNING
Missing link or links in Rd file 'get_ssRleCov.Rd':
‘[BSgenome:BSgenomeForge]{BSgenome::forgeBSgenomeDataPkg()}’
Missing link or links in Rd file 'set_globals.Rd':
‘[BSgenome:BSgenomeForge]{BSgenome::forgeBSgenomeDataPkg()}’
See section 'Cross-references' in the 'Writing R Extensions' manual.
* checking for missing documentation entries ... OK
* checking for code/documentation mismatches ... OK
* checking Rd \usage sections ... NOTE
Documented arguments not in \usage in Rd file 'get_UTR3TotalCov.Rd':
‘gcCompensationensation’
Functions with \usage entries need to have the appropriate \alias
entries, and all their arguments documented.
The \usage entries must correspond to syntactically valid R code.
See chapter ‘Writing R documentation files’ in the ‘Writing R
Extensions’ manual.
* checking Rd contents ... OK
* checking for unstated dependencies in examples ... OK
* checking contents of ‘data’ directory ... OK
* checking data for non-ASCII characters ... OK
* checking LazyData ... OK
* checking data for ASCII and uncompressed saves ... OK
* checking files in ‘vignettes’ ... OK
* checking examples ... OK
Examples with CPU (user + system) or elapsed time > 5s
user system elapsed
get_usage4plot 32.091 0.439 32.549
get_chromosomes 9.455 0.127 9.576
extract_UTR3Anno 9.317 0.216 9.556
* checking for unstated dependencies in ‘tests’ ... OK
* checking tests ...
Running ‘runTests.R’
OK
* checking for unstated dependencies in vignettes ... OK
* checking package vignettes ... OK
* checking running R code from vignettes ... SKIPPED
* checking re-building of vignette outputs ... SKIPPED
* checking PDF version of manual ... OK
* DONE
Status: 1 WARNING, 2 NOTEs
See
‘/home/biocbuild/bbs-3.19-bioc/meat/InPAS.Rcheck/00check.log’
for details.
InPAS.Rcheck/00install.out
############################################################################## ############################################################################## ### ### Running command: ### ### /home/biocbuild/R/R-beta-2024-04-15_r86425/bin/R CMD INSTALL InPAS ### ############################################################################## ############################################################################## * installing to library ‘/home/biocbuild/R/R-beta-2024-04-15_r86425/site-library’ * installing *source* package ‘InPAS’ ... ** using staged installation ** R ** data *** moving datasets to lazyload DB ** inst ** byte-compile and prepare package for lazy loading ** help *** installing help indices ** building package indices ** installing vignettes ** testing if installed package can be loaded from temporary location ** testing if installed package can be loaded from final location ** testing if installed package keeps a record of temporary installation path * DONE (InPAS)
InPAS.Rcheck/tests/runTests.Rout
R version 4.4.0 beta (2024-04-15 r86425) -- "Puppy Cup"
Copyright (C) 2024 The R Foundation for Statistical Computing
Platform: aarch64-unknown-linux-gnu
R is free software and comes with ABSOLUTELY NO WARRANTY.
You are welcome to redistribute it under certain conditions.
Type 'license()' or 'licence()' for distribution details.
R is a collaborative project with many contributors.
Type 'contributors()' for more information and
'citation()' on how to cite R or R packages in publications.
Type 'demo()' for some demos, 'help()' for on-line help, or
'help.start()' for an HTML browser interface to help.
Type 'q()' to quit R.
> pkgs_required <- c(
+ "BSgenome.Mmusculus.UCSC.mm10",
+ "TxDb.Mmusculus.UCSC.mm10.knownGene",
+ "EnsDb.Mmusculus.v79",
+ "rtracklayer",
+ "GenomicRanges",
+ "RUnit",
+ "limma", "future.apply"
+ )
> for (pkg in pkgs_required)
+ {
+ require(pkg, character.only = TRUE) || stop(pkg, " can't be loaded!")
+ }
Loading required package: BSgenome.Mmusculus.UCSC.mm10
Loading required package: BSgenome
Loading required package: BiocGenerics
Attaching package: 'BiocGenerics'
The following objects are masked from 'package:stats':
IQR, mad, sd, var, xtabs
The following objects are masked from 'package:base':
Filter, Find, Map, Position, Reduce, anyDuplicated, aperm, append,
as.data.frame, basename, cbind, colnames, dirname, do.call,
duplicated, eval, evalq, get, grep, grepl, intersect, is.unsorted,
lapply, mapply, match, mget, order, paste, pmax, pmax.int, pmin,
pmin.int, rank, rbind, rownames, sapply, setdiff, table, tapply,
union, unique, unsplit, which.max, which.min
Loading required package: S4Vectors
Loading required package: stats4
Attaching package: 'S4Vectors'
The following object is masked from 'package:utils':
findMatches
The following objects are masked from 'package:base':
I, expand.grid, unname
Loading required package: IRanges
Loading required package: GenomeInfoDb
Loading required package: GenomicRanges
Loading required package: Biostrings
Loading required package: XVector
Attaching package: 'Biostrings'
The following object is masked from 'package:base':
strsplit
Loading required package: BiocIO
Loading required package: rtracklayer
Attaching package: 'rtracklayer'
The following object is masked from 'package:BiocIO':
FileForFormat
Loading required package: TxDb.Mmusculus.UCSC.mm10.knownGene
Loading required package: GenomicFeatures
Loading required package: AnnotationDbi
Loading required package: Biobase
Welcome to Bioconductor
Vignettes contain introductory material; view with
'browseVignettes()'. To cite Bioconductor, see
'citation("Biobase")', and for packages 'citation("pkgname")'.
Loading required package: EnsDb.Mmusculus.v79
Loading required package: ensembldb
Loading required package: AnnotationFilter
Attaching package: 'ensembldb'
The following object is masked from 'package:stats':
filter
Loading required package: RUnit
Loading required package: limma
Attaching package: 'limma'
The following object is masked from 'package:BiocGenerics':
plotMA
Loading required package: future.apply
Loading required package: future
Attaching package: 'future'
The following object is masked from 'package:AnnotationFilter':
value
>
> BiocGenerics:::testPackage("InPAS")
InPAS : Version 2.12.0
For more information see our website : https://bioconductor.org/packages/release/bioc/vignettes/InPAS/inst/doc/InPAS.html
If you encounter a bug, please report : https://github.com/jianhong/InPAS/InPAS/issues
coverage per sample per chromosome start at Thu May 9 08:41:47 2024.
coverage per sample per chromosome done at Thu May 9 08:41:47 2024.
total coverage start at Thu May 9 08:41:47 2024.
total coverage done at Thu May 9 08:41:47 2024.
backgroud around 3utr done at Thu May 9 08:41:47 2024.
utr3 TotalCov done at Thu May 9 08:41:47 2024.
chromsome chr1 coverage merged.
Preparation for CPsite search done at Thu May 9 08:41:47 2024.
No readable configuration file found
Created registry in '/home/biocbuild/tmp/Rtmpfbb2XV/006.CPsites.out_chr1' using cluster functions 'Interactive'
Adding 1 jobs ...
Submitting 1 jobs in 1 chunks using cluster functions 'Interactive' ...
coverage per sample per chromosome start at Thu May 9 08:41:58 2024.
coverage per sample per chromosome done at Thu May 9 08:41:58 2024.
total coverage start at Thu May 9 08:41:58 2024.
total coverage done at Thu May 9 08:41:59 2024.
backgroud around 3utr done at Thu May 9 08:41:59 2024.
utr3 TotalCov done at Thu May 9 08:41:59 2024.
chromsome chr1 coverage merged.
Preparation for CPsite search done at Thu May 9 08:41:59 2024.
No readable configuration file found
Created registry in '/home/biocbuild/tmp/Rtmpfbb2XV/006.CPsites.out_chr1' using cluster functions 'Interactive'
Adding 1 jobs ...
Submitting 1 jobs in 1 chunks using cluster functions 'Interactive' ...
Error in get_ssRleCov(bedgraph = filenames[i], tag = tags[i], genome = genome, :
seqlevelsStyle of genome is different from bedgraph file.
RUNIT TEST PROTOCOL -- Thu May 9 08:42:01 2024
***********************************************
Number of test functions: 3
Number of errors: 0
Number of failures: 0
1 Test Suite :
InPAS RUnit Tests - 3 test functions, 0 errors, 0 failures
Number of test functions: 3
Number of errors: 0
Number of failures: 0
>
> proc.time()
user system elapsed
41.316 1.527 42.924
InPAS.Rcheck/InPAS-Ex.timings
| name | user | system | elapsed | |
| addInPASTxDb | 0.378 | 0.012 | 0.391 | |
| assemble_allCov | 0.002 | 0.000 | 0.002 | |
| extract_UTR3Anno | 9.317 | 0.216 | 9.556 | |
| filter_testOut | 0.159 | 0.008 | 0.169 | |
| gcComp | 0 | 0 | 0 | |
| gcContents | 0 | 0 | 0 | |
| getInPASTxDb | 0.207 | 0.008 | 0.215 | |
| get_UTR3eSet | 0.008 | 0.000 | 0.007 | |
| get_chromosomes | 9.455 | 0.127 | 9.576 | |
| get_seqLen | 0.261 | 0.010 | 0.272 | |
| get_ssRleCov | 0.001 | 0.000 | 0.001 | |
| get_usage4plot | 32.091 | 0.439 | 32.549 | |
| parse_TxDb | 3.314 | 0.008 | 3.330 | |
| run_coverageQC | 0.003 | 0.000 | 0.003 | |
| run_singleGroupAnalysis | 0.014 | 0.000 | 0.014 | |
| run_singleSampleAnalysis | 0.001 | 0.004 | 0.005 | |
| search_CPs | 0.007 | 0.000 | 0.006 | |
| setup_CPsSearch | 0.003 | 0.000 | 0.003 | |
| setup_GSEA | 0.038 | 0.000 | 0.037 | |
| setup_sqlitedb | 0.001 | 0.000 | 0.001 | |
| test_dPDUI | 0.032 | 0.000 | 0.032 | |