| Back to Multiple platform build/check report for BioC 3.19: simplified long |
|
This page was generated on 2024-10-18 20:42 -0400 (Fri, 18 Oct 2024).
| Hostname | OS | Arch (*) | R version | Installed pkgs |
|---|---|---|---|---|
| nebbiolo1 | Linux (Ubuntu 22.04.3 LTS) | x86_64 | 4.4.1 (2024-06-14) -- "Race for Your Life" | 4763 |
| palomino7 | Windows Server 2022 Datacenter | x64 | 4.4.1 (2024-06-14 ucrt) -- "Race for Your Life" | 4500 |
| merida1 | macOS 12.7.5 Monterey | x86_64 | 4.4.1 (2024-06-14) -- "Race for Your Life" | 4530 |
| kjohnson1 | macOS 13.6.6 Ventura | arm64 | 4.4.1 (2024-06-14) -- "Race for Your Life" | 4480 |
| Click on any hostname to see more info about the system (e.g. compilers) (*) as reported by 'uname -p', except on Windows and Mac OS X | ||||
| Package 833/2300 | Hostname | OS / Arch | INSTALL | BUILD | CHECK | BUILD BIN | ||||||||
| GenomicFiles 1.40.0 (landing page) Bioconductor Package Maintainer
| nebbiolo1 | Linux (Ubuntu 22.04.3 LTS) / x86_64 | OK | OK | WARNINGS | |||||||||
| palomino7 | Windows Server 2022 Datacenter / x64 | OK | OK | WARNINGS | OK | |||||||||
| merida1 | macOS 12.7.5 Monterey / x86_64 | OK | OK | WARNINGS | OK | |||||||||
| kjohnson1 | macOS 13.6.6 Ventura / arm64 | OK | OK | WARNINGS | OK | |||||||||
|
To the developers/maintainers of the GenomicFiles package: - Allow up to 24 hours (and sometimes 48 hours) for your latest push to git@git.bioconductor.org:packages/GenomicFiles.git to reflect on this report. See Troubleshooting Build Report for more information. - Use the following Renviron settings to reproduce errors and warnings. - If 'R CMD check' started to fail recently on the Linux builder(s) over a missing dependency, add the missing dependency to 'Suggests:' in your DESCRIPTION file. See Renviron.bioc for more information. |
| Package: GenomicFiles |
| Version: 1.40.0 |
| Command: /Library/Frameworks/R.framework/Resources/bin/R CMD check --install=check:GenomicFiles.install-out.txt --library=/Library/Frameworks/R.framework/Resources/library --no-vignettes --timings GenomicFiles_1.40.0.tar.gz |
| StartedAt: 2024-10-17 22:49:57 -0400 (Thu, 17 Oct 2024) |
| EndedAt: 2024-10-17 22:57:32 -0400 (Thu, 17 Oct 2024) |
| EllapsedTime: 454.8 seconds |
| RetCode: 0 |
| Status: WARNINGS |
| CheckDir: GenomicFiles.Rcheck |
| Warnings: 1 |
##############################################################################
##############################################################################
###
### Running command:
###
### /Library/Frameworks/R.framework/Resources/bin/R CMD check --install=check:GenomicFiles.install-out.txt --library=/Library/Frameworks/R.framework/Resources/library --no-vignettes --timings GenomicFiles_1.40.0.tar.gz
###
##############################################################################
##############################################################################
* using log directory ‘/Users/biocbuild/bbs-3.19-bioc/meat/GenomicFiles.Rcheck’
* using R version 4.4.1 (2024-06-14)
* using platform: aarch64-apple-darwin20
* R was compiled by
Apple clang version 14.0.0 (clang-1400.0.29.202)
GNU Fortran (GCC) 12.2.0
* running under: macOS Ventura 13.6.6
* using session charset: UTF-8
* using option ‘--no-vignettes’
* checking for file ‘GenomicFiles/DESCRIPTION’ ... OK
* this is package ‘GenomicFiles’ version ‘1.40.0’
* checking package namespace information ... OK
* checking package dependencies ... NOTE
Depends: includes the non-default packages:
'BiocGenerics', 'MatrixGenerics', 'GenomicRanges',
'SummarizedExperiment', 'BiocParallel', 'Rsamtools', 'rtracklayer'
Adding so many packages to the search path is excessive and importing
selectively is preferable.
* checking if this is a source package ... OK
* checking if there is a namespace ... OK
* checking for hidden files and directories ... OK
* checking for portable file names ... OK
* checking for sufficient/correct file permissions ... OK
* checking whether package ‘GenomicFiles’ can be installed ... OK
* checking installed package size ... OK
* checking package directory ... OK
* checking ‘build’ directory ... OK
* checking DESCRIPTION meta-information ... OK
* checking top-level files ... OK
* checking for left-over files ... OK
* checking index information ... OK
* checking package subdirectories ... OK
* checking code files for non-ASCII characters ... OK
* checking R files for syntax errors ... OK
* checking whether the package can be loaded ... OK
* checking whether the package can be loaded with stated dependencies ... OK
* checking whether the package can be unloaded cleanly ... OK
* checking whether the namespace can be loaded with stated dependencies ... OK
* checking whether the namespace can be unloaded cleanly ... OK
* checking whether startup messages can be suppressed ... OK
* checking dependencies in R code ... NOTE
Unexported object imported by a ':::' call: ‘S4Vectors:::selectSome’
See the note in ?`:::` about the use of this operator.
* checking S3 generic/method consistency ... OK
* checking replacement functions ... OK
* checking foreign function calls ... OK
* checking R code for possible problems ... OK
* checking Rd files ... WARNING
checkRd: (5) GenomicFiles-class.Rd:40-43: \item in \describe must have non-empty label
checkRd: (5) VcfStack-class.Rd:61-89: \item in \describe must have non-empty label
checkRd: (5) VcfStack-class.Rd:90-105: \item in \describe must have non-empty label
checkRd: (5) pack-methods.Rd:57-61: \item in \describe must have non-empty label
checkRd: (-1) reduceByFile-methods.Rd:132-139: Lost braces in \itemize; \value handles \item{}{} directly
checkRd: (-1) reduceByFile-methods.Rd:140-143: Lost braces in \itemize; \value handles \item{}{} directly
checkRd: (-1) reduceByRange-methods.Rd:143-150: Lost braces in \itemize; \value handles \item{}{} directly
checkRd: (-1) reduceByRange-methods.Rd:151-154: Lost braces in \itemize; \value handles \item{}{} directly
checkRd: (-1) registry-utils.Rd:45-59: Lost braces in \itemize; meant \describe ?
checkRd: (-1) registry-utils.Rd:60-63: Lost braces in \itemize; meant \describe ?
checkRd: (-1) registry-utils.Rd:64-68: Lost braces in \itemize; meant \describe ?
* checking Rd metadata ... OK
* checking Rd cross-references ... OK
* checking for missing documentation entries ... OK
* checking for code/documentation mismatches ... OK
* checking Rd \usage sections ... OK
* checking Rd contents ... OK
* checking for unstated dependencies in examples ... OK
* checking files in ‘vignettes’ ... OK
* checking examples ... OK
Examples with CPU (user + system) or elapsed time > 5s
user system elapsed
reduceByFile-methods 15.648 5.091 6.705
reduceByRange-methods 12.264 5.875 8.941
VcfStack-class 8.584 2.582 10.217
GenomicFiles-class 8.303 1.959 7.471
reduceByYield 4.553 1.455 40.746
* checking for unstated dependencies in ‘tests’ ... OK
* checking tests ...
Running ‘GenomicFiles_unit_tests.R’
OK
* checking for unstated dependencies in vignettes ... OK
* checking package vignettes ... OK
* checking running R code from vignettes ... SKIPPED
* checking re-building of vignette outputs ... SKIPPED
* checking PDF version of manual ... OK
* DONE
Status: 1 WARNING, 2 NOTEs
See
‘/Users/biocbuild/bbs-3.19-bioc/meat/GenomicFiles.Rcheck/00check.log’
for details.
GenomicFiles.Rcheck/00install.out
############################################################################## ############################################################################## ### ### Running command: ### ### /Library/Frameworks/R.framework/Resources/bin/R CMD INSTALL GenomicFiles ### ############################################################################## ############################################################################## * installing to library ‘/Library/Frameworks/R.framework/Versions/4.4-arm64/Resources/library’ * installing *source* package ‘GenomicFiles’ ... ** using staged installation ** R ** inst ** byte-compile and prepare package for lazy loading ** help *** installing help indices ** building package indices ** installing vignettes ** testing if installed package can be loaded from temporary location ** testing if installed package can be loaded from final location ** testing if installed package keeps a record of temporary installation path * DONE (GenomicFiles)
GenomicFiles.Rcheck/tests/GenomicFiles_unit_tests.Rout
R version 4.4.1 (2024-06-14) -- "Race for Your Life"
Copyright (C) 2024 The R Foundation for Statistical Computing
Platform: aarch64-apple-darwin20
R is free software and comes with ABSOLUTELY NO WARRANTY.
You are welcome to redistribute it under certain conditions.
Type 'license()' or 'licence()' for distribution details.
R is a collaborative project with many contributors.
Type 'contributors()' for more information and
'citation()' on how to cite R or R packages in publications.
Type 'demo()' for some demos, 'help()' for on-line help, or
'help.start()' for an HTML browser interface to help.
Type 'q()' to quit R.
> BiocGenerics:::testPackage("GenomicFiles")
Attaching package: 'BiocGenerics'
The following objects are masked from 'package:stats':
IQR, mad, sd, var, xtabs
The following objects are masked from 'package:base':
Filter, Find, Map, Position, Reduce, anyDuplicated, aperm, append,
as.data.frame, basename, cbind, colnames, dirname, do.call,
duplicated, eval, evalq, get, grep, grepl, intersect, is.unsorted,
lapply, mapply, match, mget, order, paste, pmax, pmax.int, pmin,
pmin.int, rank, rbind, rownames, sapply, setdiff, table, tapply,
union, unique, unsplit, which.max, which.min
Attaching package: 'MatrixGenerics'
The following objects are masked from 'package:matrixStats':
colAlls, colAnyNAs, colAnys, colAvgsPerRowSet, colCollapse,
colCounts, colCummaxs, colCummins, colCumprods, colCumsums,
colDiffs, colIQRDiffs, colIQRs, colLogSumExps, colMadDiffs,
colMads, colMaxs, colMeans2, colMedians, colMins, colOrderStats,
colProds, colQuantiles, colRanges, colRanks, colSdDiffs, colSds,
colSums2, colTabulates, colVarDiffs, colVars, colWeightedMads,
colWeightedMeans, colWeightedMedians, colWeightedSds,
colWeightedVars, rowAlls, rowAnyNAs, rowAnys, rowAvgsPerColSet,
rowCollapse, rowCounts, rowCummaxs, rowCummins, rowCumprods,
rowCumsums, rowDiffs, rowIQRDiffs, rowIQRs, rowLogSumExps,
rowMadDiffs, rowMads, rowMaxs, rowMeans2, rowMedians, rowMins,
rowOrderStats, rowProds, rowQuantiles, rowRanges, rowRanks,
rowSdDiffs, rowSds, rowSums2, rowTabulates, rowVarDiffs, rowVars,
rowWeightedMads, rowWeightedMeans, rowWeightedMedians,
rowWeightedSds, rowWeightedVars
Attaching package: 'S4Vectors'
The following object is masked from 'package:utils':
findMatches
The following objects are masked from 'package:base':
I, expand.grid, unname
Welcome to Bioconductor
Vignettes contain introductory material; view with
'browseVignettes()'. To cite Bioconductor, see
'citation("Biobase")', and for packages 'citation("pkgname")'.
Attaching package: 'Biobase'
The following object is masked from 'package:MatrixGenerics':
rowMedians
The following objects are masked from 'package:matrixStats':
anyMissing, rowMedians
Attaching package: 'Biostrings'
The following object is masked from 'package:base':
strsplit
RUNIT TEST PROTOCOL -- Thu Oct 17 22:57:21 2024
***********************************************
Number of test functions: 20
Number of errors: 0
Number of failures: 0
1 Test Suite :
GenomicFiles RUnit Tests - 20 test functions, 0 errors, 0 failures
Number of test functions: 20
Number of errors: 0
Number of failures: 0
Warning message:
In valid.GenomicRanges.seqinfo(x, suggest.trim = TRUE) :
GRanges object contains 1 out-of-bound range located on sequence 19.
Note that ranges located on a sequence whose length is unknown (NA) or
on a circular sequence are not considered out-of-bound (use
seqlengths() and isCircular() to get the lengths and circularity flags
of the underlying sequences). You can use trim() to trim these ranges.
See ?`trim,GenomicRanges-method` for more information.
>
> proc.time()
user system elapsed
55.896 5.390 58.571
GenomicFiles.Rcheck/GenomicFiles-Ex.timings
| name | user | system | elapsed | |
| GenomicFiles-class | 8.303 | 1.959 | 7.471 | |
| VcfStack-class | 8.584 | 2.582 | 10.217 | |
| pack-methods | 0.948 | 0.101 | 1.057 | |
| reduceByFile-methods | 15.648 | 5.091 | 6.705 | |
| reduceByRange-methods | 12.264 | 5.875 | 8.941 | |
| reduceByYield | 4.553 | 1.455 | 40.746 | |
| registry-utils | 0.001 | 0.001 | 0.000 | |
| unpack-methods | 0.969 | 0.628 | 0.893 | |