Back to Multiple platform build/check report for BioC 3.19: simplified long |
|
This page was generated on 2024-10-18 20:42 -0400 (Fri, 18 Oct 2024).
Hostname | OS | Arch (*) | R version | Installed pkgs |
---|---|---|---|---|
nebbiolo1 | Linux (Ubuntu 22.04.3 LTS) | x86_64 | 4.4.1 (2024-06-14) -- "Race for Your Life" | 4763 |
palomino7 | Windows Server 2022 Datacenter | x64 | 4.4.1 (2024-06-14 ucrt) -- "Race for Your Life" | 4500 |
merida1 | macOS 12.7.5 Monterey | x86_64 | 4.4.1 (2024-06-14) -- "Race for Your Life" | 4530 |
kjohnson1 | macOS 13.6.6 Ventura | arm64 | 4.4.1 (2024-06-14) -- "Race for Your Life" | 4480 |
Click on any hostname to see more info about the system (e.g. compilers) (*) as reported by 'uname -p', except on Windows and Mac OS X |
Package 830/2300 | Hostname | OS / Arch | INSTALL | BUILD | CHECK | BUILD BIN | ||||||||
GenomicDataCommons 1.28.2 (landing page) Sean Davis
| nebbiolo1 | Linux (Ubuntu 22.04.3 LTS) / x86_64 | OK | OK | OK | |||||||||
palomino7 | Windows Server 2022 Datacenter / x64 | OK | OK | OK | OK | |||||||||
merida1 | macOS 12.7.5 Monterey / x86_64 | OK | OK | OK | OK | |||||||||
kjohnson1 | macOS 13.6.6 Ventura / arm64 | OK | ERROR | skipped | skipped | |||||||||
To the developers/maintainers of the GenomicDataCommons package: - Allow up to 24 hours (and sometimes 48 hours) for your latest push to git@git.bioconductor.org:packages/GenomicDataCommons.git to reflect on this report. See Troubleshooting Build Report for more information. - Use the following Renviron settings to reproduce errors and warnings. - If 'R CMD check' started to fail recently on the Linux builder(s) over a missing dependency, add the missing dependency to 'Suggests:' in your DESCRIPTION file. See Renviron.bioc for more information. |
Package: GenomicDataCommons |
Version: 1.28.2 |
Command: /Library/Frameworks/R.framework/Resources/bin/R CMD build --keep-empty-dirs --no-resave-data GenomicDataCommons |
StartedAt: 2024-10-17 01:05:42 -0400 (Thu, 17 Oct 2024) |
EndedAt: 2024-10-17 01:14:42 -0400 (Thu, 17 Oct 2024) |
EllapsedTime: 540.0 seconds |
RetCode: 1 |
Status: ERROR |
PackageFile: None |
PackageFileSize: NA |
############################################################################## ############################################################################## ### ### Running command: ### ### /Library/Frameworks/R.framework/Resources/bin/R CMD build --keep-empty-dirs --no-resave-data GenomicDataCommons ### ############################################################################## ############################################################################## * checking for file ‘GenomicDataCommons/DESCRIPTION’ ... OK * preparing ‘GenomicDataCommons’: * checking DESCRIPTION meta-information ... OK * installing the package to build vignettes * creating vignettes ... ERROR --- re-building ‘overview.Rmd’ using rmarkdown 2024-10-17 01:06:15.847 R[44974:388946071] XType: Using static font registry. Quitting from lines 734-746 [filesRNAseqGeneGBM] (overview.Rmd) Error: processing vignette 'overview.Rmd' failed with diagnostics: No method asJSON S3 class: formula --- failed re-building ‘overview.Rmd’ --- re-building ‘questions-and-answers.Rmd’ using rmarkdown --- finished re-building ‘questions-and-answers.Rmd’ --- re-building ‘somatic_mutations.Rmd’ using rmarkdown --- finished re-building ‘somatic_mutations.Rmd’ SUMMARY: processing the following file failed: ‘overview.Rmd’ Error: Vignette re-building failed. Execution halted