Back to Multiple platform build/check report for BioC 3.19: simplified long |
|
This page was generated on 2024-06-11 14:43 -0400 (Tue, 11 Jun 2024).
Hostname | OS | Arch (*) | R version | Installed pkgs |
---|---|---|---|---|
nebbiolo1 | Linux (Ubuntu 22.04.3 LTS) | x86_64 | 4.4.0 (2024-04-24) -- "Puppy Cup" | 4757 |
palomino3 | Windows Server 2022 Datacenter | x64 | 4.4.0 (2024-04-24 ucrt) -- "Puppy Cup" | 4491 |
lconway | macOS 12.7.1 Monterey | x86_64 | 4.4.0 (2024-04-24) -- "Puppy Cup" | 4522 |
kjohnson3 | macOS 13.6.5 Ventura | arm64 | 4.4.0 (2024-04-24) -- "Puppy Cup" | 4468 |
Click on any hostname to see more info about the system (e.g. compilers) (*) as reported by 'uname -p', except on Windows and Mac OS X |
Package 825/2300 | Hostname | OS / Arch | INSTALL | BUILD | CHECK | BUILD BIN | ||||||||
GenomAutomorphism 1.6.0 (landing page) Robersy Sanchez
| nebbiolo1 | Linux (Ubuntu 22.04.3 LTS) / x86_64 | OK | OK | WARNINGS | |||||||||
palomino3 | Windows Server 2022 Datacenter / x64 | OK | OK | WARNINGS | OK | |||||||||
lconway | macOS 12.7.1 Monterey / x86_64 | OK | OK | WARNINGS | OK | |||||||||
kjohnson3 | macOS 13.6.5 Ventura / arm64 | OK | OK | ERROR | OK | |||||||||
To the developers/maintainers of the GenomAutomorphism package: - Allow up to 24 hours (and sometimes 48 hours) for your latest push to git@git.bioconductor.org:packages/GenomAutomorphism.git to reflect on this report. See Troubleshooting Build Report for more information. - Use the following Renviron settings to reproduce errors and warnings. - If 'R CMD check' started to fail recently on the Linux builder(s) over a missing dependency, add the missing dependency to 'Suggests:' in your DESCRIPTION file. See Renviron.bioc for more information. |
Package: GenomAutomorphism |
Version: 1.6.0 |
Command: /Library/Frameworks/R.framework/Resources/bin/R CMD check --install=check:GenomAutomorphism.install-out.txt --library=/Library/Frameworks/R.framework/Resources/library --no-vignettes --timings GenomAutomorphism_1.6.0.tar.gz |
StartedAt: 2024-06-10 16:41:49 -0400 (Mon, 10 Jun 2024) |
EndedAt: 2024-06-10 16:53:12 -0400 (Mon, 10 Jun 2024) |
EllapsedTime: 683.0 seconds |
RetCode: 1 |
Status: ERROR |
CheckDir: GenomAutomorphism.Rcheck |
Warnings: NA |
############################################################################## ############################################################################## ### ### Running command: ### ### /Library/Frameworks/R.framework/Resources/bin/R CMD check --install=check:GenomAutomorphism.install-out.txt --library=/Library/Frameworks/R.framework/Resources/library --no-vignettes --timings GenomAutomorphism_1.6.0.tar.gz ### ############################################################################## ############################################################################## * using log directory ‘/Users/biocbuild/bbs-3.19-bioc/meat/GenomAutomorphism.Rcheck’ * using R version 4.4.0 (2024-04-24) * using platform: aarch64-apple-darwin20 * R was compiled by Apple clang version 14.0.0 (clang-1400.0.29.202) GNU Fortran (GCC) 12.2.0 * running under: macOS Ventura 13.6.5 * using session charset: UTF-8 * using option ‘--no-vignettes’ * checking for file ‘GenomAutomorphism/DESCRIPTION’ ... OK * this is package ‘GenomAutomorphism’ version ‘1.6.0’ * package encoding: UTF-8 * checking package namespace information ... OK * checking package dependencies ... OK * checking if this is a source package ... OK * checking if there is a namespace ... OK * checking for hidden files and directories ... OK * checking for portable file names ... OK * checking for sufficient/correct file permissions ... OK * checking whether package ‘GenomAutomorphism’ can be installed ... OK * checking installed package size ... OK * checking package directory ... OK * checking ‘build’ directory ... OK * checking DESCRIPTION meta-information ... OK * checking top-level files ... OK * checking for left-over files ... OK * checking index information ... OK * checking package subdirectories ... OK * checking code files for non-ASCII characters ... OK * checking R files for syntax errors ... OK * checking whether the package can be loaded ... OK * checking whether the package can be loaded with stated dependencies ... OK * checking whether the package can be unloaded cleanly ... OK * checking whether the namespace can be loaded with stated dependencies ... OK * checking whether the namespace can be unloaded cleanly ... OK * checking dependencies in R code ... OK * checking S3 generic/method consistency ... OK * checking replacement functions ... OK * checking foreign function calls ... OK * checking R code for possible problems ... OK * checking Rd files ... OK * checking Rd metadata ... OK * checking Rd cross-references ... OK * checking for missing documentation entries ... WARNING Undocumented S4 methods: generic '[' and siglist 'AutomorphismList,ANY' generic '[' and siglist 'ListCodonMatrix,ANY' generic '[' and siglist 'MatrixSeq,ANY' generic '[[' and siglist 'AutomorphismList' generic '[[' and siglist 'ListCodonMatrix' generic 'names<-' and siglist 'AutomorphismList' generic 'names<-' and siglist 'MatrixSeq' All user-level objects in a package (including S4 classes and methods) should have documentation entries. See chapter ‘Writing R documentation files’ in the ‘Writing R Extensions’ manual. * checking for code/documentation mismatches ... OK * checking Rd \usage sections ... OK * checking Rd contents ... OK * checking for unstated dependencies in examples ... OK * checking contents of ‘data’ directory ... OK * checking data for non-ASCII characters ... OK * checking data for ASCII and uncompressed saves ... OK * checking files in ‘vignettes’ ... OK * checking examples ... OK Examples with CPU (user + system) or elapsed time > 5s user system elapsed automorphisms 9.428 0.247 103.857 aminoacid_dist 4.783 0.906 20.331 autZ64 3.431 0.083 33.674 autZ125 2.666 0.068 29.141 aut3D 2.471 0.119 36.128 autZ5 2.121 0.074 33.335 codon_dist_matrix 0.056 0.023 12.324 * checking for unstated dependencies in ‘tests’ ... OK * checking tests ... Running ‘spelling.R’ Running ‘testthat.R’ ERROR Running the tests in ‘tests/testthat.R’ failed. Last 13 lines of output: > library(GenomAutomorphism) > > test_check("GenomAutomorphism") [ FAIL 1 | WARN 0 | SKIP 0 | PASS 32 ] ══ Failed tests ════════════════════════════════════════════════════════════════ ── Failure ('test-aa_mutmat.R:7:6'): multiplication works ────────────────────── mat && aa is not TRUE `actual`: FALSE `expected`: TRUE [ FAIL 1 | WARN 0 | SKIP 0 | PASS 32 ] Error: Test failures Execution halted * checking for unstated dependencies in vignettes ... OK * checking package vignettes ... OK * checking running R code from vignettes ... SKIPPED * checking re-building of vignette outputs ... SKIPPED * checking PDF version of manual ... OK * DONE Status: 1 ERROR, 1 WARNING See ‘/Users/biocbuild/bbs-3.19-bioc/meat/GenomAutomorphism.Rcheck/00check.log’ for details.
GenomAutomorphism.Rcheck/00install.out
############################################################################## ############################################################################## ### ### Running command: ### ### /Library/Frameworks/R.framework/Resources/bin/R CMD INSTALL GenomAutomorphism ### ############################################################################## ############################################################################## * installing to library ‘/Library/Frameworks/R.framework/Versions/4.4-arm64/Resources/library’ * installing *source* package ‘GenomAutomorphism’ ... ** using staged installation ** R ** data ** inst ** byte-compile and prepare package for lazy loading ** help *** installing help indices *** copying figures ** building package indices ** installing vignettes ** testing if installed package can be loaded from temporary location ** testing if installed package can be loaded from final location ** testing if installed package keeps a record of temporary installation path * DONE (GenomAutomorphism)
GenomAutomorphism.Rcheck/tests/spelling.Rout
R version 4.4.0 (2024-04-24) -- "Puppy Cup" Copyright (C) 2024 The R Foundation for Statistical Computing Platform: aarch64-apple-darwin20 R is free software and comes with ABSOLUTELY NO WARRANTY. You are welcome to redistribute it under certain conditions. Type 'license()' or 'licence()' for distribution details. R is a collaborative project with many contributors. Type 'contributors()' for more information and 'citation()' on how to cite R or R packages in publications. Type 'demo()' for some demos, 'help()' for on-line help, or 'help.start()' for an HTML browser interface to help. Type 'q()' to quit R. > if (requireNamespace("spelling", quietly = TRUE)) { + spelling::spell_check_test( + vignettes = TRUE, error = FALSE, + skip_on_cran = TRUE + ) + } NULL > > proc.time() user system elapsed 0.191 0.080 0.518
GenomAutomorphism.Rcheck/tests/testthat.Rout.fail
R version 4.4.0 (2024-04-24) -- "Puppy Cup" Copyright (C) 2024 The R Foundation for Statistical Computing Platform: aarch64-apple-darwin20 R is free software and comes with ABSOLUTELY NO WARRANTY. You are welcome to redistribute it under certain conditions. Type 'license()' or 'licence()' for distribution details. R is a collaborative project with many contributors. Type 'contributors()' for more information and 'citation()' on how to cite R or R packages in publications. Type 'demo()' for some demos, 'help()' for on-line help, or 'help.start()' for an HTML browser interface to help. Type 'q()' to quit R. > library(testthat) > library(GenomAutomorphism) > > test_check("GenomAutomorphism") [ FAIL 1 | WARN 0 | SKIP 0 | PASS 32 ] ══ Failed tests ════════════════════════════════════════════════════════════════ ── Failure ('test-aa_mutmat.R:7:6'): multiplication works ────────────────────── mat && aa is not TRUE `actual`: FALSE `expected`: TRUE [ FAIL 1 | WARN 0 | SKIP 0 | PASS 32 ] Error: Test failures Execution halted
GenomAutomorphism.Rcheck/GenomAutomorphism-Ex.timings
name | user | system | elapsed | |
AutomorphismByCoef | 0.449 | 0.016 | 0.728 | |
AutomorphismList | 2.660 | 0.050 | 4.383 | |
CodonMatrix | 0.229 | 0.004 | 0.344 | |
CodonSeq | 0.530 | 0.019 | 0.801 | |
GRangesMatrixSeq | 0.217 | 0.023 | 0.374 | |
ListCodonMatrix | 0.303 | 0.009 | 0.478 | |
MatrixSeq | 0.115 | 0.007 | 0.176 | |
aa_phychem_index | 0.092 | 0.012 | 0.146 | |
aaindex1 | 0.033 | 0.003 | 0.060 | |
aaindex2 | 0.015 | 0.003 | 0.032 | |
aaindex3 | 0.009 | 0.002 | 0.017 | |
aln | 0.128 | 0.004 | 0.209 | |
aminoacid_dist | 4.783 | 0.906 | 20.331 | |
as.AutomorphismList | 0.502 | 0.046 | 0.781 | |
aut3D | 2.471 | 0.119 | 36.128 | |
autZ125 | 2.666 | 0.068 | 29.141 | |
autZ5 | 2.121 | 0.074 | 33.335 | |
autZ64 | 3.431 | 0.083 | 33.674 | |
autby_coef | 0.277 | 0.007 | 0.450 | |
autm | 0.073 | 0.005 | 0.108 | |
autm_3d | 0.128 | 0.006 | 0.215 | |
autm_z125 | 0.109 | 0.007 | 0.187 | |
automorphismByRanges | 0.153 | 0.007 | 0.232 | |
automorphism_bycoef | 0.136 | 0.010 | 0.222 | |
automorphisms | 9.428 | 0.247 | 103.857 | |
base2codon | 0.118 | 0.005 | 0.211 | |
base2int | 0.007 | 0.002 | 0.012 | |
base_methods | 0.554 | 0.035 | 0.936 | |
brca1_aln | 0.070 | 0.006 | 0.110 | |
brca1_aln2 | 0.093 | 0.008 | 0.157 | |
brca1_autm | 0.361 | 0.006 | 0.557 | |
cdm_z64 | 0.158 | 0.346 | 0.809 | |
codon_coord | 1.500 | 0.019 | 2.243 | |
codon_dist | 0.407 | 0.010 | 0.622 | |
codon_dist_matrix | 0.056 | 0.023 | 12.324 | |
codon_matrix | 0.682 | 0.016 | 1.052 | |
conserved_regions | 0.497 | 0.011 | 0.758 | |
covid_aln | 0.126 | 0.005 | 0.205 | |
covid_autm | 0.099 | 0.004 | 0.127 | |
cyc_aln | 0.157 | 0.006 | 0.234 | |
cyc_autm | 0.331 | 0.007 | 0.513 | |
dna_phyche | 0.007 | 0.002 | 0.009 | |
dna_phychem | 0.003 | 0.001 | 0.003 | |
extract-methods | 0.445 | 0.009 | 0.731 | |
getAutomorphisms | 0.214 | 0.010 | 0.362 | |
get_coord | 0.885 | 0.012 | 1.313 | |
get_mutscore | 0.176 | 0.013 | 0.303 | |
matrices | 0.870 | 0.014 | 1.347 | |
mod | 0.003 | 0.001 | 0.003 | |
modeq | 0.002 | 0.000 | 0.007 | |
modlineq | 0.003 | 0.001 | 0.006 | |
mut_type | 0.001 | 0.000 | 0.002 | |
peptide_phychem_index | 0.110 | 0.010 | 0.173 | |
reexports | 0.144 | 0.007 | 0.230 | |
seqranges | 0.890 | 0.010 | 1.361 | |
slapply | 0.002 | 0.001 | 0.002 | |
sortByChromAndStart | 0.075 | 0.001 | 0.121 | |
str2chr | 0.000 | 0.000 | 0.001 | |
str2dig | 0 | 0 | 0 | |
translation | 1.408 | 0.013 | 1.755 | |