Back to Multiple platform build/check report for BioC 3.19: simplified long |
|
This page was generated on 2024-06-11 14:43 -0400 (Tue, 11 Jun 2024).
Hostname | OS | Arch (*) | R version | Installed pkgs |
---|---|---|---|---|
nebbiolo1 | Linux (Ubuntu 22.04.3 LTS) | x86_64 | 4.4.0 (2024-04-24) -- "Puppy Cup" | 4757 |
palomino3 | Windows Server 2022 Datacenter | x64 | 4.4.0 (2024-04-24 ucrt) -- "Puppy Cup" | 4491 |
lconway | macOS 12.7.1 Monterey | x86_64 | 4.4.0 (2024-04-24) -- "Puppy Cup" | 4522 |
kjohnson3 | macOS 13.6.5 Ventura | arm64 | 4.4.0 (2024-04-24) -- "Puppy Cup" | 4468 |
Click on any hostname to see more info about the system (e.g. compilers) (*) as reported by 'uname -p', except on Windows and Mac OS X |
Package 906/2300 | Hostname | OS / Arch | INSTALL | BUILD | CHECK | BUILD BIN | ||||||||
GRaNIE 1.8.0 (landing page) Christian Arnold
| nebbiolo1 | Linux (Ubuntu 22.04.3 LTS) / x86_64 | OK | OK | WARNINGS | |||||||||
palomino3 | Windows Server 2022 Datacenter / x64 | OK | OK | WARNINGS | OK | |||||||||
lconway | macOS 12.7.1 Monterey / x86_64 | OK | OK | WARNINGS | OK | |||||||||
kjohnson3 | macOS 13.6.5 Ventura / arm64 | OK | OK | WARNINGS | OK | |||||||||
To the developers/maintainers of the GRaNIE package: - Allow up to 24 hours (and sometimes 48 hours) for your latest push to git@git.bioconductor.org:packages/GRaNIE.git to reflect on this report. See Troubleshooting Build Report for more information. - Use the following Renviron settings to reproduce errors and warnings. - If 'R CMD check' started to fail recently on the Linux builder(s) over a missing dependency, add the missing dependency to 'Suggests:' in your DESCRIPTION file. See Renviron.bioc for more information. |
Package: GRaNIE |
Version: 1.8.0 |
Command: /Library/Frameworks/R.framework/Resources/bin/R CMD check --install=check:GRaNIE.install-out.txt --library=/Library/Frameworks/R.framework/Resources/library --no-vignettes --timings GRaNIE_1.8.0.tar.gz |
StartedAt: 2024-06-10 17:45:18 -0400 (Mon, 10 Jun 2024) |
EndedAt: 2024-06-10 17:58:42 -0400 (Mon, 10 Jun 2024) |
EllapsedTime: 803.6 seconds |
RetCode: 0 |
Status: WARNINGS |
CheckDir: GRaNIE.Rcheck |
Warnings: 1 |
############################################################################## ############################################################################## ### ### Running command: ### ### /Library/Frameworks/R.framework/Resources/bin/R CMD check --install=check:GRaNIE.install-out.txt --library=/Library/Frameworks/R.framework/Resources/library --no-vignettes --timings GRaNIE_1.8.0.tar.gz ### ############################################################################## ############################################################################## * using log directory ‘/Users/biocbuild/bbs-3.19-bioc/meat/GRaNIE.Rcheck’ * using R version 4.4.0 (2024-04-24) * using platform: aarch64-apple-darwin20 * R was compiled by Apple clang version 14.0.0 (clang-1400.0.29.202) GNU Fortran (GCC) 12.2.0 * running under: macOS Ventura 13.6.5 * using session charset: UTF-8 * using option ‘--no-vignettes’ * checking for file ‘GRaNIE/DESCRIPTION’ ... OK * this is package ‘GRaNIE’ version ‘1.8.0’ * package encoding: UTF-8 * checking package namespace information ... OK * checking package dependencies ... OK * checking if this is a source package ... OK * checking if there is a namespace ... OK * checking for hidden files and directories ... OK * checking for portable file names ... OK * checking for sufficient/correct file permissions ... OK * checking whether package ‘GRaNIE’ can be installed ... OK * checking installed package size ... OK * checking package directory ... OK * checking ‘build’ directory ... OK * checking DESCRIPTION meta-information ... OK * checking top-level files ... OK * checking for left-over files ... OK * checking index information ... OK * checking package subdirectories ... OK * checking code files for non-ASCII characters ... OK * checking R files for syntax errors ... OK * checking whether the package can be loaded ... OK * checking whether the package can be loaded with stated dependencies ... OK * checking whether the package can be unloaded cleanly ... OK * checking whether the namespace can be loaded with stated dependencies ... OK * checking whether the namespace can be unloaded cleanly ... OK * checking whether startup messages can be suppressed ... OK * checking dependencies in R code ... WARNING Missing or unexported object: 'AnnotationHub::getAnnotationHub' * checking S3 generic/method consistency ... OK * checking replacement functions ... OK * checking foreign function calls ... OK * checking R code for possible problems ... NOTE .getAnnotationHub: no visible global function definition for 'is' .performIHW: no visible binding for global variable 'adj_pvalue' .retrieveAnnotationData: no visible global function definition for 'is' Undefined global functions or variables: adj_pvalue is Consider adding importFrom("methods", "is") to your NAMESPACE file (and ensure that your DESCRIPTION Imports field contains 'methods'). * checking Rd files ... NOTE checkRd: (-1) addData.Rd:36: Lost braces; missing escapes or markup? 36 | The required format must be {chr}:{start}-{end}", with {chr} denoting the abbreviated chromosome name, and {start} and {end} the begin and end | ^ checkRd: (-1) addData.Rd:36: Lost braces; missing escapes or markup? 36 | The required format must be {chr}:{start}-{end}", with {chr} denoting the abbreviated chromosome name, and {start} and {end} the begin and end | ^ checkRd: (-1) addData.Rd:36: Lost braces; missing escapes or markup? 36 | The required format must be {chr}:{start}-{end}", with {chr} denoting the abbreviated chromosome name, and {start} and {end} the begin and end | ^ checkRd: (-1) addData.Rd:36: Lost braces; missing escapes or markup? 36 | The required format must be {chr}:{start}-{end}", with {chr} denoting the abbreviated chromosome name, and {start} and {end} the begin and end | ^ checkRd: (-1) addData.Rd:36: Lost braces; missing escapes or markup? 36 | The required format must be {chr}:{start}-{end}", with {chr} denoting the abbreviated chromosome name, and {start} and {end} the begin and end | ^ checkRd: (-1) addData.Rd:36: Lost braces; missing escapes or markup? 36 | The required format must be {chr}:{start}-{end}", with {chr} denoting the abbreviated chromosome name, and {start} and {end} the begin and end | ^ * checking Rd metadata ... OK * checking Rd cross-references ... OK * checking for missing documentation entries ... OK * checking for code/documentation mismatches ... OK * checking Rd \usage sections ... OK * checking Rd contents ... OK * checking for unstated dependencies in examples ... OK * checking files in ‘vignettes’ ... OK * checking examples ... OK Examples with CPU (user + system) or elapsed time > 5s user system elapsed generateStatsSummary 8.611 0.235 14.136 addConnections_TF_peak 7.095 0.903 14.359 addSNPData 7.256 0.398 13.837 plotPCA_all 7.045 0.174 11.490 plotCommunitiesStats 5.160 0.131 7.099 visualizeGRN 4.945 0.133 8.025 plotDiagnosticPlots_peakGene 4.717 0.170 7.864 addConnections_peak_gene 3.826 0.103 6.587 plotDiagnosticPlots_TFPeaks 3.776 0.147 6.383 nGenes 3.786 0.107 6.220 plotCommunitiesEnrichment 3.705 0.176 6.284 calculateCommunitiesStats 3.754 0.122 6.207 getGRNConnections 3.747 0.102 6.171 calculateCommunitiesEnrichment 3.554 0.152 6.082 plotGeneralGraphStats 3.161 0.101 5.334 * checking for unstated dependencies in vignettes ... OK * checking package vignettes ... OK * checking running R code from vignettes ... SKIPPED * checking re-building of vignette outputs ... SKIPPED * checking PDF version of manual ... OK * DONE Status: 1 WARNING, 2 NOTEs See ‘/Users/biocbuild/bbs-3.19-bioc/meat/GRaNIE.Rcheck/00check.log’ for details.
GRaNIE.Rcheck/00install.out
############################################################################## ############################################################################## ### ### Running command: ### ### /Library/Frameworks/R.framework/Resources/bin/R CMD INSTALL GRaNIE ### ############################################################################## ############################################################################## * installing to library ‘/Library/Frameworks/R.framework/Versions/4.4-arm64/Resources/library’ * installing *source* package ‘GRaNIE’ ... ** using staged installation ** R ** byte-compile and prepare package for lazy loading ** help *** installing help indices *** copying figures ** building package indices ** installing vignettes ** testing if installed package can be loaded from temporary location ** testing if installed package can be loaded from final location ** testing if installed package keeps a record of temporary installation path * DONE (GRaNIE)
GRaNIE.Rcheck/GRaNIE-Ex.timings
name | user | system | elapsed | |
AR_classification_wrapper | 0 | 0 | 0 | |
addConnections_TF_peak | 7.095 | 0.903 | 14.359 | |
addConnections_peak_gene | 3.826 | 0.103 | 6.587 | |
addData | 0 | 0 | 0 | |
addSNPData | 7.256 | 0.398 | 13.837 | |
addTFBS | 0 | 0 | 0 | |
add_TF_gene_correlation | 2.135 | 0.086 | 3.826 | |
add_featureVariation | 0 | 0 | 0 | |
build_eGRN_graph | 2.269 | 0.098 | 4.089 | |
calculateCommunitiesEnrichment | 3.554 | 0.152 | 6.082 | |
calculateCommunitiesStats | 3.754 | 0.122 | 6.207 | |
calculateGeneralEnrichment | 2.244 | 0.082 | 3.889 | |
calculateTFEnrichment | 2.552 | 0.094 | 4.446 | |
changeOutputDirectory | 2.006 | 0.079 | 3.854 | |
deleteIntermediateData | 2.032 | 0.095 | 3.829 | |
filterConnectionsForPlotting | 1.963 | 0.085 | 4.016 | |
filterData | 2.664 | 0.106 | 4.976 | |
filterGRNAndConnectGenes | 1.984 | 0.086 | 3.698 | |
generateStatsSummary | 8.611 | 0.235 | 14.136 | |
getCounts | 2.254 | 0.083 | 3.992 | |
getGRNConnections | 3.747 | 0.102 | 6.171 | |
getGRNSummary | 2.695 | 0.095 | 4.604 | |
getParameters | 2.002 | 0.095 | 3.527 | |
getTopNodes | 2.025 | 0.091 | 3.626 | |
initializeGRN | 0.021 | 0.004 | 0.041 | |
loadExampleObject | 2.189 | 0.084 | 3.822 | |
nGenes | 3.786 | 0.107 | 6.220 | |
nPeaks | 2.129 | 0.086 | 3.702 | |
nTFs | 2.027 | 0.080 | 3.589 | |
overlapPeaksAndTFBS | 2.001 | 0.092 | 3.532 | |
performAllNetworkAnalyses | 0.000 | 0.001 | 0.001 | |
plotCommunitiesEnrichment | 3.705 | 0.176 | 6.284 | |
plotCommunitiesStats | 5.160 | 0.131 | 7.099 | |
plotCorrelations | 2.333 | 0.137 | 4.165 | |
plotDiagnosticPlots_TFPeaks | 3.776 | 0.147 | 6.383 | |
plotDiagnosticPlots_peakGene | 4.717 | 0.170 | 7.864 | |
plotGeneralEnrichment | 2.373 | 0.093 | 4.241 | |
plotGeneralGraphStats | 3.161 | 0.101 | 5.334 | |
plotPCA_all | 7.045 | 0.174 | 11.490 | |
plotTFEnrichment | 2.646 | 0.093 | 4.477 | |
plot_stats_connectionSummary | 2.863 | 0.119 | 4.887 | |
visualizeGRN | 4.945 | 0.133 | 8.025 | |