| Back to Multiple platform build/check report for BioC 3.19: simplified long |
|
This page was generated on 2024-05-09 11:40:46 -0400 (Thu, 09 May 2024).
| Hostname | OS | Arch (*) | R version | Installed pkgs |
|---|---|---|---|---|
| nebbiolo1 | Linux (Ubuntu 22.04.3 LTS) | x86_64 | 4.4.0 (2024-04-24) -- "Puppy Cup" | 4748 |
| palomino3 | Windows Server 2022 Datacenter | x64 | 4.4.0 (2024-04-24 ucrt) -- "Puppy Cup" | 4484 |
| lconway | macOS 12.7.1 Monterey | x86_64 | 4.4.0 (2024-04-24) -- "Puppy Cup" | 4514 |
| kunpeng2 | Linux (openEuler 22.03 LTS-SP1) | aarch64 | 4.4.0 beta (2024-04-15 r86425) -- "Puppy Cup" | 4480 |
| Click on any hostname to see more info about the system (e.g. compilers) (*) as reported by 'uname -p', except on Windows and Mac OS X | ||||
| Package 574/2300 | Hostname | OS / Arch | INSTALL | BUILD | CHECK | BUILD BIN | ||||||||
| DiffLogo 2.28.0 (landing page) Hendrik Treutler
| nebbiolo1 | Linux (Ubuntu 22.04.3 LTS) / x86_64 | OK | OK | WARNINGS | |||||||||
| palomino3 | Windows Server 2022 Datacenter / x64 | OK | OK | WARNINGS | OK | |||||||||
| lconway | macOS 12.7.1 Monterey / x86_64 | OK | OK | WARNINGS | OK | |||||||||
| kunpeng2 | Linux (openEuler 22.03 LTS-SP1) / aarch64 | OK | OK | WARNINGS | ||||||||||
| kjohnson3 | macOS 13.6.5 Ventura / arm64 | see weekly results here | ||||||||||||
|
To the developers/maintainers of the DiffLogo package: - Allow up to 24 hours (and sometimes 48 hours) for your latest push to git@git.bioconductor.org:packages/DiffLogo.git to reflect on this report. See Troubleshooting Build Report for more information. - Use the following Renviron settings to reproduce errors and warnings. - If 'R CMD check' started to fail recently on the Linux builder(s) over a missing dependency, add the missing dependency to 'Suggests:' in your DESCRIPTION file. See Renviron.bioc for more information. - See Martin Grigorov's blog post for how to debug Linux ARM64 related issues on a x86_64 host. |
| Package: DiffLogo |
| Version: 2.28.0 |
| Command: /home/biocbuild/R/R-beta-2024-04-15_r86425/bin/R CMD check --install=check:DiffLogo.install-out.txt --library=/home/biocbuild/R/R-beta-2024-04-15_r86425/site-library --no-vignettes --timings DiffLogo_2.28.0.tar.gz |
| StartedAt: 2024-05-09 06:49:42 -0000 (Thu, 09 May 2024) |
| EndedAt: 2024-05-09 06:50:15 -0000 (Thu, 09 May 2024) |
| EllapsedTime: 33.0 seconds |
| RetCode: 0 |
| Status: WARNINGS |
| CheckDir: DiffLogo.Rcheck |
| Warnings: 1 |
##############################################################################
##############################################################################
###
### Running command:
###
### /home/biocbuild/R/R-beta-2024-04-15_r86425/bin/R CMD check --install=check:DiffLogo.install-out.txt --library=/home/biocbuild/R/R-beta-2024-04-15_r86425/site-library --no-vignettes --timings DiffLogo_2.28.0.tar.gz
###
##############################################################################
##############################################################################
* using log directory ‘/home/biocbuild/bbs-3.19-bioc/meat/DiffLogo.Rcheck’
* using R version 4.4.0 beta (2024-04-15 r86425)
* using platform: aarch64-unknown-linux-gnu
* R was compiled by
gcc (GCC) 10.3.1
GNU Fortran (GCC) 10.3.1
* running under: openEuler 22.03 (LTS-SP1)
* using session charset: UTF-8
* using option ‘--no-vignettes’
* checking for file ‘DiffLogo/DESCRIPTION’ ... OK
* checking extension type ... Package
* this is package ‘DiffLogo’ version ‘2.28.0’
* checking package namespace information ... NOTE
Found export directive that requires package ‘methods’:
‘exportClasses’
Remove all such namespace directives (if obsolete) or ensure that the
DESCRIPTION Depends or Imports field contains ‘methods’.
* checking package dependencies ... OK
* checking if this is a source package ... OK
* checking if there is a namespace ... OK
* checking for hidden files and directories ... OK
* checking for portable file names ... OK
* checking for sufficient/correct file permissions ... OK
* checking whether package ‘DiffLogo’ can be installed ... OK
* checking installed package size ... OK
* checking package directory ... OK
* checking ‘build’ directory ... OK
* checking DESCRIPTION meta-information ... OK
* checking top-level files ... OK
* checking for left-over files ... OK
* checking index information ... OK
* checking package subdirectories ... OK
* checking code files for non-ASCII characters ... OK
* checking R files for syntax errors ... OK
* checking whether the package can be loaded ... OK
* checking whether the package can be loaded with stated dependencies ... OK
* checking whether the package can be unloaded cleanly ... OK
* checking whether the namespace can be loaded with stated dependencies ... WARNING
Warning: S4 exports specified in 'NAMESPACE' but not defined in package ‘DiffLogo’
* checking whether the namespace can be unloaded cleanly ... OK
* checking loading without being on the library search path ... OK
* checking dependencies in R code ... OK
* checking S3 generic/method consistency ... OK
* checking replacement functions ... OK
* checking foreign function calls ... OK
* checking R code for possible problems ... NOTE
diffLogo: no visible global function definition for ‘is’
preconditionTransformPWM: no visible global function definition for
‘is’
Undefined global functions or variables:
is
Consider adding
importFrom("methods", "is")
to your NAMESPACE file (and ensure that your DESCRIPTION Imports field
contains 'methods').
* checking Rd files ... OK
* checking Rd metadata ... OK
* checking Rd cross-references ... OK
* checking for missing documentation entries ... OK
* checking for code/documentation mismatches ... OK
* checking Rd \usage sections ... OK
* checking Rd contents ... OK
* checking for unstated dependencies in examples ... OK
* checking files in ‘vignettes’ ... OK
* checking examples ... OK
* checking for unstated dependencies in ‘tests’ ... OK
* checking tests ...
Running ‘testthat.R’
OK
* checking for unstated dependencies in vignettes ... OK
* checking package vignettes ... OK
* checking running R code from vignettes ... SKIPPED
* checking re-building of vignette outputs ... SKIPPED
* checking PDF version of manual ... OK
* DONE
Status: 1 WARNING, 2 NOTEs
See
‘/home/biocbuild/bbs-3.19-bioc/meat/DiffLogo.Rcheck/00check.log’
for details.
DiffLogo.Rcheck/00install.out
############################################################################## ############################################################################## ### ### Running command: ### ### /home/biocbuild/R/R-beta-2024-04-15_r86425/bin/R CMD INSTALL DiffLogo ### ############################################################################## ############################################################################## * installing to library ‘/home/biocbuild/R/R-beta-2024-04-15_r86425/site-library’ * installing *source* package ‘DiffLogo’ ... ** using staged installation ** R ** inst ** byte-compile and prepare package for lazy loading ** help *** installing help indices ** building package indices ** installing vignettes ** testing if installed package can be loaded from temporary location ** testing if installed package can be loaded from final location ** testing if installed package keeps a record of temporary installation path * DONE (DiffLogo)
DiffLogo.Rcheck/tests/testthat.Rout
R version 4.4.0 beta (2024-04-15 r86425) -- "Puppy Cup" Copyright (C) 2024 The R Foundation for Statistical Computing Platform: aarch64-unknown-linux-gnu R is free software and comes with ABSOLUTELY NO WARRANTY. You are welcome to redistribute it under certain conditions. Type 'license()' or 'licence()' for distribution details. R is a collaborative project with many contributors. Type 'contributors()' for more information and 'citation()' on how to cite R or R packages in publications. Type 'demo()' for some demos, 'help()' for on-line help, or 'help.start()' for an HTML browser interface to help. Type 'q()' to quit R. > > proc.time() user system elapsed 0.179 0.046 0.209
DiffLogo.Rcheck/DiffLogo-Ex.timings
| name | user | system | elapsed | |
| ASN | 0.001 | 0.000 | 0.000 | |
| Alphabet | 0 | 0 | 0 | |
| DNA | 0.001 | 0.000 | 0.000 | |
| FULL_ALPHABET | 0 | 0 | 0 | |
| RNA | 0 | 0 | 0 | |
| calculatePvalue | 0.035 | 0.000 | 0.035 | |
| createDiffLogoObject | 0.067 | 0.005 | 0.075 | |
| diffLogo | 0.060 | 0.004 | 0.064 | |
| diffLogoFromPwm | 0.051 | 0.007 | 0.059 | |
| diffLogoTable | 1.663 | 0.123 | 1.791 | |
| diffLogoTableConfiguration | 0.001 | 0.000 | 0.000 | |
| differenceOfICs | 0.239 | 0.008 | 0.247 | |
| drawDiffLogoTable | 1.563 | 0.032 | 1.598 | |
| enrichDiffLogoObjectWithPvalues | 0.241 | 0.000 | 0.242 | |
| enrichDiffLogoTableWithPvalues | 4.042 | 0.004 | 4.052 | |
| extendPwmsFromAlignmentVector | 0.065 | 0.000 | 0.067 | |
| getAlphabetFromCharacters | 0.001 | 0.000 | 0.001 | |
| getAlphabetFromSequences | 0.001 | 0.000 | 0.000 | |
| getPwmFromAlignment | 0.376 | 0.000 | 0.377 | |
| getPwmFromAlignmentFile | 0.007 | 0.000 | 0.006 | |
| getPwmFromFastaFile | 0.012 | 0.004 | 0.016 | |
| getPwmFromFile | 0.004 | 0.000 | 0.003 | |
| getPwmFromHomerFile | 0.003 | 0.000 | 0.003 | |
| getPwmFromPfmOrJasparFile | 0.003 | 0.000 | 0.004 | |
| getPwmFromPwmFile | 0.003 | 0.000 | 0.003 | |
| getSequencesFromAlignmentFile | 0.002 | 0.000 | 0.002 | |
| getSequencesFromFastaFile | 0.002 | 0.000 | 0.002 | |
| informationContent | 0.071 | 0.000 | 0.071 | |
| lossOfAbsICDifferences | 0.057 | 0.004 | 0.061 | |
| multipleLocalPwmsAlignment | 0.047 | 0.000 | 0.047 | |
| normalizePWM | 0 | 0 | 0 | |
| normalizedDifferenceOfProbabilities | 0.06 | 0.00 | 0.06 | |
| prepareDiffLogoTable | 1.263 | 0.020 | 1.284 | |
| probabilities | 0.048 | 0.000 | 0.048 | |
| seqLogo | 0.042 | 0.000 | 0.042 | |
| shannonDivergence | 0.054 | 0.004 | 0.058 | |
| sumOfAbsICDifferences | 0.058 | 0.000 | 0.059 | |
| sumOfAbsProbabilityDifferences | 0.059 | 0.000 | 0.059 | |
| sumProbabilities | 0.043 | 0.000 | 0.042 | |