| Back to Multiple platform build/check report for BioC 3.19: simplified long |
|
This page was generated on 2024-10-18 20:41 -0400 (Fri, 18 Oct 2024).
| Hostname | OS | Arch (*) | R version | Installed pkgs |
|---|---|---|---|---|
| nebbiolo1 | Linux (Ubuntu 22.04.3 LTS) | x86_64 | 4.4.1 (2024-06-14) -- "Race for Your Life" | 4763 |
| palomino7 | Windows Server 2022 Datacenter | x64 | 4.4.1 (2024-06-14 ucrt) -- "Race for Your Life" | 4500 |
| merida1 | macOS 12.7.5 Monterey | x86_64 | 4.4.1 (2024-06-14) -- "Race for Your Life" | 4530 |
| kjohnson1 | macOS 13.6.6 Ventura | arm64 | 4.4.1 (2024-06-14) -- "Race for Your Life" | 4480 |
| Click on any hostname to see more info about the system (e.g. compilers) (*) as reported by 'uname -p', except on Windows and Mac OS X | ||||
| Package 348/2300 | Hostname | OS / Arch | INSTALL | BUILD | CHECK | BUILD BIN | ||||||||
| ChromSCape 1.14.0 (landing page) Pacome Prompsy
| nebbiolo1 | Linux (Ubuntu 22.04.3 LTS) / x86_64 | OK | OK | WARNINGS | |||||||||
| palomino7 | Windows Server 2022 Datacenter / x64 | OK | OK | WARNINGS | OK | |||||||||
| merida1 | macOS 12.7.5 Monterey / x86_64 | OK | OK | WARNINGS | OK | |||||||||
| kjohnson1 | macOS 13.6.6 Ventura / arm64 | OK | OK | WARNINGS | OK | |||||||||
|
To the developers/maintainers of the ChromSCape package: - Allow up to 24 hours (and sometimes 48 hours) for your latest push to git@git.bioconductor.org:packages/ChromSCape.git to reflect on this report. See Troubleshooting Build Report for more information. - Use the following Renviron settings to reproduce errors and warnings. - If 'R CMD check' started to fail recently on the Linux builder(s) over a missing dependency, add the missing dependency to 'Suggests:' in your DESCRIPTION file. See Renviron.bioc for more information. |
| Package: ChromSCape |
| Version: 1.14.0 |
| Command: /Library/Frameworks/R.framework/Resources/bin/R CMD check --install=check:ChromSCape.install-out.txt --library=/Library/Frameworks/R.framework/Resources/library --no-vignettes --timings ChromSCape_1.14.0.tar.gz |
| StartedAt: 2024-10-17 16:08:07 -0400 (Thu, 17 Oct 2024) |
| EndedAt: 2024-10-17 16:24:57 -0400 (Thu, 17 Oct 2024) |
| EllapsedTime: 1009.8 seconds |
| RetCode: 0 |
| Status: WARNINGS |
| CheckDir: ChromSCape.Rcheck |
| Warnings: 3 |
##############################################################################
##############################################################################
###
### Running command:
###
### /Library/Frameworks/R.framework/Resources/bin/R CMD check --install=check:ChromSCape.install-out.txt --library=/Library/Frameworks/R.framework/Resources/library --no-vignettes --timings ChromSCape_1.14.0.tar.gz
###
##############################################################################
##############################################################################
* using log directory ‘/Users/biocbuild/bbs-3.19-bioc/meat/ChromSCape.Rcheck’
* using R version 4.4.1 (2024-06-14)
* using platform: aarch64-apple-darwin20
* R was compiled by
Apple clang version 14.0.0 (clang-1400.0.29.202)
GNU Fortran (GCC) 12.2.0
* running under: macOS Ventura 13.6.6
* using session charset: UTF-8
* using option ‘--no-vignettes’
* checking for file ‘ChromSCape/DESCRIPTION’ ... OK
* this is package ‘ChromSCape’ version ‘1.14.0’
* package encoding: UTF-8
* checking package namespace information ... OK
* checking package dependencies ... OK
* checking if this is a source package ... OK
* checking if there is a namespace ... OK
* checking for hidden files and directories ... NOTE
Found the following hidden files and directories:
.BBSoptions
These were most likely included in error. See section ‘Package
structure’ in the ‘Writing R Extensions’ manual.
* checking for portable file names ... OK
* checking for sufficient/correct file permissions ... OK
* checking whether package ‘ChromSCape’ can be installed ... OK
* used C++ compiler: ‘Apple clang version 15.0.0 (clang-1500.0.40.1)’
* used SDK: ‘MacOSX11.3.sdk’
* checking installed package size ... OK
* checking package directory ... OK
* checking ‘build’ directory ... OK
* checking DESCRIPTION meta-information ... OK
* checking top-level files ... OK
* checking for left-over files ... OK
* checking index information ... OK
* checking package subdirectories ... OK
* checking code files for non-ASCII characters ... OK
* checking R files for syntax errors ... OK
* checking whether the package can be loaded ... OK
* checking whether the package can be loaded with stated dependencies ... OK
* checking whether the package can be unloaded cleanly ... OK
* checking whether the namespace can be loaded with stated dependencies ... OK
* checking whether the namespace can be unloaded cleanly ... OK
* checking whether startup messages can be suppressed ... OK
* checking dependencies in R code ... WARNING
'library' or 'require' call not declared from: ‘dplyr’
'library' or 'require' call to ‘dplyr’ in package code.
Please use :: or requireNamespace() instead.
See section 'Suggested packages' in the 'Writing R Extensions' manual.
* checking S3 generic/method consistency ... OK
* checking replacement functions ... OK
* checking foreign function calls ... OK
* checking R code for possible problems ... NOTE
bams_to_matrix_indexes: no visible binding for global variable
‘files_dir_list’
enrich_TF_ChEA3_genes: no visible binding for global variable
‘CheA3_TF_nTargets’
filter_correlated_cell_scExp: no visible binding for global variable
‘run_tsne’
generate_analysis: no visible global function definition for ‘head’
generate_analysis: no visible binding for global variable ‘k’
generate_analysis: no visible binding for global variable
‘clusterConsensus’
get_most_variable_cyto: no visible binding for global variable
‘cytoBand’
get_most_variable_cyto: no visible binding for global variable
‘Fri_cyto’
num_cell_after_QC_filt_scExp: no visible binding for global variable
‘sample_id’
num_cell_after_QC_filt_scExp: no visible binding for global variable
‘total_counts’
num_cell_scExp: no visible binding for global variable ‘sample_id’
num_cell_scExp: no visible binding for global variable ‘total_counts’
plot_correlation_PCA_scExp: no visible binding for global variable
‘Component’
plot_coverage_BigWig: no visible binding for global variable ‘molecule’
plot_coverage_BigWig: no visible binding for global variable
‘orientation’
plot_coverage_BigWig: no visible binding for global variable ‘Gene’
plot_gain_or_loss_barplots: no visible binding for global variable
‘Gain_or_Loss’
plot_gain_or_loss_barplots: no visible binding for global variable
‘ncells’
plot_gain_or_loss_barplots: no visible binding for global variable
‘cytoBand’
plot_most_contributing_features: no visible binding for global variable
‘genes’
plot_percent_active_feature_scExp: no visible binding for global
variable ‘group’
plot_percent_active_feature_scExp: no visible binding for global
variable ‘percent_active’
plot_pie_most_contributing_chr: no visible binding for global variable
‘absolute_value’
plot_reduced_dim_scExp: no visible binding for global variable ‘V1’
plot_reduced_dim_scExp: no visible binding for global variable ‘V2’
plot_reduced_dim_scExp: no visible binding for global variable
‘cluster’
plot_top_TF_scExp: no visible binding for global variable ‘TF’
rebin_helper: no visible binding for global variable ‘new_row’
rebin_helper: no visible binding for global variable ‘origin_value’
rebin_matrix: no visible binding for global variable ‘group’
subset_bam_call_peaks: no visible binding for global variable
‘merged_bam’
Undefined global functions or variables:
CheA3_TF_nTargets Component Fri_cyto Gain_or_Loss Gene TF V1 V2
absolute_value cluster clusterConsensus cytoBand files_dir_list genes
group head k merged_bam molecule ncells new_row orientation
origin_value percent_active run_tsne sample_id total_counts
Consider adding
importFrom("utils", "head")
to your NAMESPACE file.
* checking Rd files ... NOTE
prepare_Rd: raw_counts_to_sparse_matrix.Rd:6-8: Dropping empty section \source
* checking Rd metadata ... OK
* checking Rd cross-references ... OK
* checking for missing documentation entries ... OK
* checking for code/documentation mismatches ... WARNING
Codoc mismatches from Rd file 'generate_analysis.Rd':
generate_analysis
Code: function(input_data_folder, analysis_name = "Analysis_1",
output_directory = "./", input_data_type = c("scBED",
"DenseMatrix", "SparseMatrix", "scBAM")[1],
feature_count_on = c("bins", "genebody", "peaks")[1],
feature_count_parameter = 50000, rebin_sparse_matrix =
FALSE, ref_genome = c("hg38", "mm10")[1], run =
c("filter", "CNA", "cluster", "consensus", "coverage",
"DA", "GSA", "report")[c(1, 3, 5, 6, 7, 8)],
min_reads_per_cell = 1000, max_quantile_read_per_cell
= 99, n_top_features = 40000, norm_type = "CPM",
subsample_n = NULL, exclude_regions = NULL, n_clust =
NULL, corr_threshold = 99, percent_correlation = 1,
maxK = 10, qval.th = 0.1, logFC.th = 1,
enrichment_qval = 0.1, doBatchCorr = FALSE, batch_sels
= NULL, control_samples_CNA = NULL, genes_to_plot =
c("Krt8", "Krt5", "Tgfb1", "Foxq1", "Cdkn2b",
"Cdkn2a", "chr7:15000000-20000000"))
Docs: function(input_data_folder, analysis_name = "Analysis_1",
output_directory = "./", input_data_type = c("scBED",
"DenseMatrix", "SparseMatrix", "scBAM")[1],
rebin_sparse_matrix = FALSE, feature_count_on =
c("bins", "genebody", "peaks")[1],
feature_count_parameter = 50000, ref_genome =
c("hg38", "mm10")[1], run = c("filter", "CNA",
"cluster", "consensus", "peak_call", "coverage", "DA",
"GSA", "report")[c(1, 3, 6, 7, 8, 9)],
min_reads_per_cell = 1000, max_quantile_read_per_cell
= 99, n_top_features = 40000, norm_type = "CPM",
subsample_n = NULL, exclude_regions = NULL, n_clust =
NULL, corr_threshold = 99, percent_correlation = 1,
maxK = 10, qval.th = 0.1, logFC.th = 1,
enrichment_qval = 0.1, doBatchCorr = FALSE, batch_sels
= NULL, control_samples_CNA = NULL, genes_to_plot =
c("Krt8", "Krt5", "Tgfb1", "Foxq1", "Cdkn2b",
"Cdkn2a", "chr7:15000000-20000000"))
Mismatches in argument names:
Position: 5 Code: feature_count_on Docs: rebin_sparse_matrix
Position: 6 Code: feature_count_parameter Docs: feature_count_on
Position: 7 Code: rebin_sparse_matrix Docs: feature_count_parameter
Mismatches in argument default values:
Name: 'run'
Code: c("filter", "CNA", "cluster", "consensus", "coverage", "DA",
"GSA", "report")[c(1, 3, 5, 6, 7, 8)]
Docs: c("filter", "CNA", "cluster", "consensus", "peak_call", "coverage",
"DA", "GSA", "report")[c(1, 3, 6, 7, 8, 9)]
* checking Rd \usage sections ... WARNING
Undocumented arguments in Rd file 'rebin_matrix.Rd'
‘rebin_function’
Functions with \usage entries need to have the appropriate \alias
entries, and all their arguments documented.
The \usage entries must correspond to syntactically valid R code.
See chapter ‘Writing R documentation files’ in the ‘Writing R
Extensions’ manual.
* checking Rd contents ... OK
* checking for unstated dependencies in examples ... OK
* checking contents of ‘data’ directory ... OK
* checking data for non-ASCII characters ... OK
* checking data for ASCII and uncompressed saves ... OK
* checking line endings in C/C++/Fortran sources/headers ... OK
* checking compiled code ... NOTE
Note: information on .o files is not available
* checking files in ‘vignettes’ ... OK
* checking examples ... OK
Examples with CPU (user + system) or elapsed time > 5s
user system elapsed
plot_gain_or_loss_barplots 57.136 0.552 62.219
get_pathway_mat_scExp 47.582 6.213 61.027
calculate_CNA 27.841 1.500 30.310
plot_reduced_dim_scExp_CNA 28.375 0.282 29.587
get_most_variable_cyto 27.438 0.519 31.542
calculate_logRatio_CNA 26.549 0.810 28.975
calculate_cyto_mat 26.070 0.761 27.784
calculate_gain_or_loss 25.574 0.669 27.730
get_cyto_features 22.669 0.446 24.475
num_cell_after_cor_filt_scExp 14.371 0.113 16.277
filter_correlated_cell_scExp 14.167 0.112 15.080
preprocessing_filtering_and_reduction 11.358 0.183 11.783
create_scDataset_raw 9.199 0.605 10.064
import_scExp 8.896 0.440 10.489
rebin_matrix 9.037 0.119 29.105
CompareWilcox 7.823 0.753 8.230
CompareedgeRGLM 6.464 0.873 7.573
differential_activation 6.570 0.073 6.842
consensus_clustering_scExp 5.194 0.802 6.194
choose_cluster_scExp 4.169 0.867 5.281
enrich_TF_ChEA3_scExp 1.097 0.092 5.537
* checking for unstated dependencies in ‘tests’ ... OK
* checking tests ...
Running ‘testthat.R’
OK
* checking for unstated dependencies in vignettes ... OK
* checking package vignettes ... OK
* checking running R code from vignettes ... SKIPPED
* checking re-building of vignette outputs ... SKIPPED
* checking PDF version of manual ... OK
* DONE
Status: 3 WARNINGs, 4 NOTEs
See
‘/Users/biocbuild/bbs-3.19-bioc/meat/ChromSCape.Rcheck/00check.log’
for details.
ChromSCape.Rcheck/00install.out
############################################################################## ############################################################################## ### ### Running command: ### ### /Library/Frameworks/R.framework/Resources/bin/R CMD INSTALL ChromSCape ### ############################################################################## ############################################################################## * installing to library ‘/Library/Frameworks/R.framework/Versions/4.4-arm64/Resources/library’ * installing *source* package ‘ChromSCape’ ... ** using staged installation ** libs using C++ compiler: ‘Apple clang version 15.0.0 (clang-1500.0.40.1)’ using SDK: ‘MacOSX11.3.sdk’ clang++ -arch arm64 -std=gnu++17 -I"/Library/Frameworks/R.framework/Resources/include" -DNDEBUG -I'/Library/Frameworks/R.framework/Versions/4.4-arm64/Resources/library/Rcpp/include' -I/opt/R/arm64/include -fPIC -falign-functions=64 -Wall -g -O2 -c RcppExports.cpp -o RcppExports.o clang++ -arch arm64 -std=gnu++17 -I"/Library/Frameworks/R.framework/Resources/include" -DNDEBUG -I'/Library/Frameworks/R.framework/Versions/4.4-arm64/Resources/library/Rcpp/include' -I/opt/R/arm64/include -fPIC -falign-functions=64 -Wall -g -O2 -c as_dist.cpp -o as_dist.o clang++ -arch arm64 -std=gnu++17 -dynamiclib -Wl,-headerpad_max_install_names -undefined dynamic_lookup -L/Library/Frameworks/R.framework/Resources/lib -L/opt/R/arm64/lib -o ChromSCape.so RcppExports.o as_dist.o -F/Library/Frameworks/R.framework/.. -framework R -Wl,-framework -Wl,CoreFoundation installing to /Library/Frameworks/R.framework/Versions/4.4-arm64/Resources/library/00LOCK-ChromSCape/00new/ChromSCape/libs ** R ** data ** inst ** byte-compile and prepare package for lazy loading ** help *** installing help indices ** building package indices ** installing vignettes ** testing if installed package can be loaded from temporary location ** checking absolute paths in shared objects and dynamic libraries ** testing if installed package can be loaded from final location ** testing if installed package keeps a record of temporary installation path * DONE (ChromSCape)
ChromSCape.Rcheck/tests/testthat.Rout
R version 4.4.1 (2024-06-14) -- "Race for Your Life"
Copyright (C) 2024 The R Foundation for Statistical Computing
Platform: aarch64-apple-darwin20
R is free software and comes with ABSOLUTELY NO WARRANTY.
You are welcome to redistribute it under certain conditions.
Type 'license()' or 'licence()' for distribution details.
R is a collaborative project with many contributors.
Type 'contributors()' for more information and
'citation()' on how to cite R or R packages in publications.
Type 'demo()' for some demos, 'help()' for on-line help, or
'help.start()' for an HTML browser interface to help.
Type 'q()' to quit R.
> library(testthat)
> library(ChromSCape)
>
> test_check("ChromSCape")
[ FAIL 0 | WARN 2 | SKIP 0 | PASS 11 ]
[ FAIL 0 | WARN 2 | SKIP 0 | PASS 11 ]
>
> proc.time()
user system elapsed
50.760 3.584 56.294
ChromSCape.Rcheck/ChromSCape-Ex.timings
| name | user | system | elapsed | |
| CheA3_TF_nTargets | 0.012 | 0.003 | 0.014 | |
| CompareWilcox | 7.823 | 0.753 | 8.230 | |
| CompareedgeRGLM | 6.464 | 0.873 | 7.573 | |
| annotToCol2 | 1.192 | 0.027 | 1.244 | |
| calculate_CNA | 27.841 | 1.500 | 30.310 | |
| calculate_cyto_mat | 26.070 | 0.761 | 27.784 | |
| calculate_gain_or_loss | 25.574 | 0.669 | 27.730 | |
| calculate_logRatio_CNA | 26.549 | 0.810 | 28.975 | |
| choose_cluster_scExp | 4.169 | 0.867 | 5.281 | |
| colors_scExp | 0.458 | 0.012 | 0.483 | |
| consensus_clustering_scExp | 5.194 | 0.802 | 6.194 | |
| correlation_and_hierarchical_clust_scExp | 0.478 | 0.011 | 0.504 | |
| create_project_folder | 0.002 | 0.002 | 0.004 | |
| create_scDataset_raw | 9.199 | 0.605 | 10.064 | |
| create_scExp | 0.789 | 0.027 | 0.877 | |
| define_feature | 0.204 | 0.015 | 0.226 | |
| detect_samples | 1.740 | 0.048 | 1.873 | |
| differential_activation | 6.570 | 0.073 | 6.842 | |
| differential_analysis_scExp | 3.386 | 0.033 | 3.536 | |
| enrich_TF_ChEA3_genes | 0.556 | 0.089 | 2.482 | |
| enrich_TF_ChEA3_scExp | 1.097 | 0.092 | 5.537 | |
| exclude_features_scExp | 0.754 | 0.026 | 0.800 | |
| feature_annotation_scExp | 2.155 | 0.095 | 2.299 | |
| filter_correlated_cell_scExp | 14.167 | 0.112 | 15.080 | |
| filter_scExp | 0.899 | 0.038 | 1.078 | |
| find_clusters_louvain_scExp | 0.549 | 0.336 | 0.826 | |
| find_top_features | 0.487 | 0.096 | 0.640 | |
| gene_set_enrichment_analysis_scExp | 0.341 | 0.022 | 0.375 | |
| generate_analysis | 0.000 | 0.001 | 0.000 | |
| generate_coverage_tracks | 0.000 | 0.001 | 0.001 | |
| generate_report | 0 | 0 | 0 | |
| getExperimentNames | 0.369 | 0.027 | 0.433 | |
| getMainExperiment | 0.392 | 0.031 | 0.439 | |
| get_cyto_features | 22.669 | 0.446 | 24.475 | |
| get_genomic_coordinates | 0.649 | 0.037 | 0.785 | |
| get_most_variable_cyto | 27.438 | 0.519 | 31.542 | |
| get_pathway_mat_scExp | 47.582 | 6.213 | 61.027 | |
| has_genomic_coordinates | 1.117 | 0.057 | 1.360 | |
| import_scExp | 8.896 | 0.440 | 10.489 | |
| inter_correlation_scExp | 0.507 | 0.032 | 0.605 | |
| intra_correlation_scExp | 0.471 | 0.030 | 0.561 | |
| launchApp | 0 | 0 | 0 | |
| normalize_scExp | 0.658 | 0.053 | 0.798 | |
| num_cell_after_QC_filt_scExp | 0.755 | 0.064 | 0.909 | |
| num_cell_after_cor_filt_scExp | 14.371 | 0.113 | 16.277 | |
| num_cell_before_cor_filt_scExp | 0.336 | 0.018 | 0.398 | |
| num_cell_in_cluster_scExp | 0.600 | 0.016 | 0.674 | |
| num_cell_scExp | 0.593 | 0.025 | 0.697 | |
| plot_cluster_consensus_scExp | 1.092 | 0.053 | 1.304 | |
| plot_correlation_PCA_scExp | 1.230 | 0.024 | 1.380 | |
| plot_coverage_BigWig | 0.327 | 0.010 | 0.377 | |
| plot_differential_summary_scExp | 0.365 | 0.014 | 0.423 | |
| plot_differential_volcano_scExp | 0.429 | 0.017 | 0.521 | |
| plot_distribution_scExp | 0.612 | 0.032 | 0.667 | |
| plot_gain_or_loss_barplots | 57.136 | 0.552 | 62.219 | |
| plot_heatmap_scExp | 0.471 | 0.021 | 0.512 | |
| plot_inter_correlation_scExp | 0.711 | 0.019 | 0.754 | |
| plot_intra_correlation_scExp | 0.722 | 0.022 | 0.764 | |
| plot_most_contributing_features | 0.603 | 0.021 | 0.655 | |
| plot_percent_active_feature_scExp | 2.030 | 0.039 | 2.146 | |
| plot_pie_most_contributing_chr | 0.439 | 0.017 | 0.467 | |
| plot_reduced_dim_scExp | 2.998 | 0.054 | 3.315 | |
| plot_reduced_dim_scExp_CNA | 28.375 | 0.282 | 29.587 | |
| plot_top_TF_scExp | 0.651 | 0.024 | 0.689 | |
| plot_violin_feature_scExp | 2.055 | 0.053 | 2.194 | |
| preprocess_CPM | 0.718 | 0.037 | 0.779 | |
| preprocess_RPKM | 0.694 | 0.035 | 0.743 | |
| preprocess_TFIDF | 0.684 | 0.065 | 0.769 | |
| preprocess_TPM | 0.653 | 0.047 | 0.714 | |
| preprocess_feature_size_only | 0.679 | 0.069 | 0.764 | |
| preprocessing_filtering_and_reduction | 11.358 | 0.183 | 11.783 | |
| read_sparse_matrix | 0.000 | 0.000 | 0.001 | |
| rebin_matrix | 9.037 | 0.119 | 29.105 | |
| reduce_dims_scExp | 2.128 | 0.045 | 2.225 | |
| scExp | 1.264 | 0.038 | 1.339 | |
| subsample_scExp | 0.931 | 0.024 | 0.992 | |
| subset_bam_call_peaks | 0 | 0 | 0 | |
| summary_DA | 0.362 | 0.009 | 0.384 | |
| swapAltExp_sameColData | 0.479 | 0.018 | 0.509 | |
| table_enriched_genes_scExp | 0.352 | 0.013 | 0.374 | |
| wrapper_Signac_FeatureMatrix | 0 | 0 | 0 | |