Back to Multiple platform build/check report for BioC 3.19: simplified long |
|
This page was generated on 2024-06-11 14:43 -0400 (Tue, 11 Jun 2024).
Hostname | OS | Arch (*) | R version | Installed pkgs |
---|---|---|---|---|
nebbiolo1 | Linux (Ubuntu 22.04.3 LTS) | x86_64 | 4.4.0 (2024-04-24) -- "Puppy Cup" | 4757 |
palomino3 | Windows Server 2022 Datacenter | x64 | 4.4.0 (2024-04-24 ucrt) -- "Puppy Cup" | 4491 |
lconway | macOS 12.7.1 Monterey | x86_64 | 4.4.0 (2024-04-24) -- "Puppy Cup" | 4522 |
kjohnson3 | macOS 13.6.5 Ventura | arm64 | 4.4.0 (2024-04-24) -- "Puppy Cup" | 4468 |
Click on any hostname to see more info about the system (e.g. compilers) (*) as reported by 'uname -p', except on Windows and Mac OS X |
Package 295/2300 | Hostname | OS / Arch | INSTALL | BUILD | CHECK | BUILD BIN | ||||||||
CellaRepertorium 1.14.0 (landing page) Andrew McDavid
| nebbiolo1 | Linux (Ubuntu 22.04.3 LTS) / x86_64 | OK | ERROR | skipped | |||||||||
palomino3 | Windows Server 2022 Datacenter / x64 | OK | ERROR | skipped | skipped | |||||||||
lconway | macOS 12.7.1 Monterey / x86_64 | OK | ERROR | skipped | skipped | |||||||||
kjohnson3 | macOS 13.6.5 Ventura / arm64 | OK | ERROR | skipped | skipped | |||||||||
To the developers/maintainers of the CellaRepertorium package: - Allow up to 24 hours (and sometimes 48 hours) for your latest push to git@git.bioconductor.org:packages/CellaRepertorium.git to reflect on this report. See Troubleshooting Build Report for more information. - Use the following Renviron settings to reproduce errors and warnings. - If 'R CMD check' started to fail recently on the Linux builder(s) over a missing dependency, add the missing dependency to 'Suggests:' in your DESCRIPTION file. See Renviron.bioc for more information. |
Package: CellaRepertorium |
Version: 1.14.0 |
Command: /Library/Frameworks/R.framework/Resources/bin/R CMD build --keep-empty-dirs --no-resave-data CellaRepertorium |
StartedAt: 2024-06-09 19:08:12 -0400 (Sun, 09 Jun 2024) |
EndedAt: 2024-06-09 19:10:05 -0400 (Sun, 09 Jun 2024) |
EllapsedTime: 113.3 seconds |
RetCode: 1 |
Status: ERROR |
PackageFile: None |
PackageFileSize: NA |
############################################################################## ############################################################################## ### ### Running command: ### ### /Library/Frameworks/R.framework/Resources/bin/R CMD build --keep-empty-dirs --no-resave-data CellaRepertorium ### ############################################################################## ############################################################################## * checking for file ‘CellaRepertorium/DESCRIPTION’ ... OK * preparing ‘CellaRepertorium’: * checking DESCRIPTION meta-information ... OK * cleaning src * installing the package to process help pages * creating vignettes ... ERROR --- re-building ‘cdr3_clustering.Rmd’ using rmarkdown 2024-06-09 19:09:08.471 R[64805:32170514] XType: Using static font registry. Quitting from lines 202-208 [unnamed-chunk-17] (cdr3_clustering.Rmd) Error: processing vignette 'cdr3_clustering.Rmd' failed with diagnostics: ℹ In index: 1. ℹ With name: TRA. Caused by error in `.make_numeric_version()`: ! invalid non-character version specification 'x' (type: double) --- failed re-building ‘cdr3_clustering.Rmd’ --- re-building ‘cr-overview.Rmd’ using rmarkdown --- finished re-building ‘cr-overview.Rmd’ --- re-building ‘mouse_tcell_qc.Rmd’ using rmarkdown --- finished re-building ‘mouse_tcell_qc.Rmd’ --- re-building ‘repertoire_and_expression.Rmd’ using rmarkdown --- finished re-building ‘repertoire_and_expression.Rmd’ SUMMARY: processing the following file failed: ‘cdr3_clustering.Rmd’ Error: Vignette re-building failed. Execution halted