| Back to Multiple platform build/check report for BioC 3.19: simplified long |
|
This page was generated on 2024-10-18 20:38 -0400 (Fri, 18 Oct 2024).
| Hostname | OS | Arch (*) | R version | Installed pkgs |
|---|---|---|---|---|
| nebbiolo1 | Linux (Ubuntu 22.04.3 LTS) | x86_64 | 4.4.1 (2024-06-14) -- "Race for Your Life" | 4763 |
| palomino7 | Windows Server 2022 Datacenter | x64 | 4.4.1 (2024-06-14 ucrt) -- "Race for Your Life" | 4500 |
| merida1 | macOS 12.7.5 Monterey | x86_64 | 4.4.1 (2024-06-14) -- "Race for Your Life" | 4530 |
| kjohnson1 | macOS 13.6.6 Ventura | arm64 | 4.4.1 (2024-06-14) -- "Race for Your Life" | 4480 |
| Click on any hostname to see more info about the system (e.g. compilers) (*) as reported by 'uname -p', except on Windows and Mac OS X | ||||
| Package 271/2300 | Hostname | OS / Arch | INSTALL | BUILD | CHECK | BUILD BIN | ||||||||
| CancerSubtypes 1.30.3 (landing page) Taosheng Xu
| nebbiolo1 | Linux (Ubuntu 22.04.3 LTS) / x86_64 | OK | OK | WARNINGS | |||||||||
| palomino7 | Windows Server 2022 Datacenter / x64 | OK | OK | WARNINGS | OK | |||||||||
| merida1 | macOS 12.7.5 Monterey / x86_64 | OK | OK | WARNINGS | OK | |||||||||
| kjohnson1 | macOS 13.6.6 Ventura / arm64 | OK | OK | WARNINGS | OK | |||||||||
|
To the developers/maintainers of the CancerSubtypes package: - Allow up to 24 hours (and sometimes 48 hours) for your latest push to git@git.bioconductor.org:packages/CancerSubtypes.git to reflect on this report. See Troubleshooting Build Report for more information. - Use the following Renviron settings to reproduce errors and warnings. - If 'R CMD check' started to fail recently on the Linux builder(s) over a missing dependency, add the missing dependency to 'Suggests:' in your DESCRIPTION file. See Renviron.bioc for more information. |
| Package: CancerSubtypes |
| Version: 1.30.3 |
| Command: /home/biocbuild/bbs-3.19-bioc/R/bin/R CMD check --install=check:CancerSubtypes.install-out.txt --library=/home/biocbuild/bbs-3.19-bioc/R/site-library --timings CancerSubtypes_1.30.3.tar.gz |
| StartedAt: 2024-10-16 22:26:24 -0400 (Wed, 16 Oct 2024) |
| EndedAt: 2024-10-16 22:29:02 -0400 (Wed, 16 Oct 2024) |
| EllapsedTime: 158.4 seconds |
| RetCode: 0 |
| Status: WARNINGS |
| CheckDir: CancerSubtypes.Rcheck |
| Warnings: 1 |
##############################################################################
##############################################################################
###
### Running command:
###
### /home/biocbuild/bbs-3.19-bioc/R/bin/R CMD check --install=check:CancerSubtypes.install-out.txt --library=/home/biocbuild/bbs-3.19-bioc/R/site-library --timings CancerSubtypes_1.30.3.tar.gz
###
##############################################################################
##############################################################################
* using log directory ‘/home/biocbuild/bbs-3.19-bioc/meat/CancerSubtypes.Rcheck’
* using R version 4.4.1 (2024-06-14)
* using platform: x86_64-pc-linux-gnu
* R was compiled by
gcc (Ubuntu 11.4.0-1ubuntu1~22.04) 11.4.0
GNU Fortran (Ubuntu 11.4.0-1ubuntu1~22.04) 11.4.0
* running under: Ubuntu 22.04.5 LTS
* using session charset: UTF-8
* checking for file ‘CancerSubtypes/DESCRIPTION’ ... OK
* checking extension type ... Package
* this is package ‘CancerSubtypes’ version ‘1.30.3’
* checking package namespace information ... OK
* checking package dependencies ... OK
* checking if this is a source package ... OK
* checking if there is a namespace ... OK
* checking for hidden files and directories ... OK
* checking for portable file names ... OK
* checking for sufficient/correct file permissions ... OK
* checking whether package ‘CancerSubtypes’ can be installed ... OK
* checking installed package size ... OK
* checking package directory ... OK
* checking ‘build’ directory ... OK
* checking DESCRIPTION meta-information ... OK
* checking top-level files ... OK
* checking for left-over files ... OK
* checking index information ... OK
* checking package subdirectories ... OK
* checking code files for non-ASCII characters ... OK
* checking R files for syntax errors ... OK
* checking whether the package can be loaded ... OK
* checking whether the package can be loaded with stated dependencies ... OK
* checking whether the package can be unloaded cleanly ... OK
* checking whether the namespace can be loaded with stated dependencies ... OK
* checking whether the namespace can be unloaded cleanly ... OK
* checking loading without being on the library search path ... OK
* checking whether startup messages can be suppressed ... OK
* checking dependencies in R code ... OK
* checking S3 generic/method consistency ... OK
* checking replacement functions ... OK
* checking foreign function calls ... OK
* checking R code for possible problems ... NOTE
displayClusters: no visible global function definition for ‘grey’
plotiCluster: no visible global function definition for ‘gray’
Undefined global functions or variables:
gray grey
Consider adding
importFrom("grDevices", "gray", "grey")
to your NAMESPACE file.
* checking Rd files ... OK
* checking Rd metadata ... OK
* checking Rd cross-references ... WARNING
Missing link or links in Rd file 'ExecuteiCluster.Rd':
‘iCluster2’
See section 'Cross-references' in the 'Writing R Extensions' manual.
* checking for missing documentation entries ... OK
* checking for code/documentation mismatches ... OK
* checking Rd \usage sections ... OK
* checking Rd contents ... OK
* checking for unstated dependencies in examples ... OK
* checking contents of ‘data’ directory ... OK
* checking data for non-ASCII characters ... OK
* checking data for ASCII and uncompressed saves ... OK
* checking installed files from ‘inst/doc’ ... OK
* checking files in ‘vignettes’ ... OK
* checking examples ... OK
Examples with CPU (user + system) or elapsed time > 5s
user system elapsed
sigclustTest 21.991 0.148 22.138
ExecuteSNF.CC 14.327 0.255 14.584
survAnalysis 8.257 0.108 8.365
ExecuteCNMF 7.402 0.521 12.414
ExecuteCC 5.404 0.153 5.510
FSbyCox 5.126 0.053 5.180
* checking for unstated dependencies in ‘tests’ ... OK
* checking tests ...
Running ‘runTests.R’
OK
* checking for unstated dependencies in vignettes ... NOTE
'library' or 'require' call not declared from: ‘RTCGA.mRNA’
* checking package vignettes ... OK
* checking re-building of vignette outputs ... OK
* checking PDF version of manual ... OK
* DONE
Status: 1 WARNING, 2 NOTEs
See
‘/home/biocbuild/bbs-3.19-bioc/meat/CancerSubtypes.Rcheck/00check.log’
for details.
CancerSubtypes.Rcheck/00install.out
############################################################################## ############################################################################## ### ### Running command: ### ### /home/biocbuild/bbs-3.19-bioc/R/bin/R CMD INSTALL CancerSubtypes ### ############################################################################## ############################################################################## * installing to library ‘/home/biocbuild/bbs-3.19-bioc/R/site-library’ * installing *source* package ‘CancerSubtypes’ ... ** using staged installation ** R ** data ** inst ** byte-compile and prepare package for lazy loading ** help *** installing help indices ** building package indices ** installing vignettes ** testing if installed package can be loaded from temporary location Warning in fun(libname, pkgname) : Package 'CancerSubtypes' is deprecated and will be removed from Bioconductor version 3.20 ** testing if installed package can be loaded from final location Warning in fun(libname, pkgname) : Package 'CancerSubtypes' is deprecated and will be removed from Bioconductor version 3.20 ** testing if installed package keeps a record of temporary installation path * DONE (CancerSubtypes)
CancerSubtypes.Rcheck/tests/runTests.Rout
R version 4.4.1 (2024-06-14) -- "Race for Your Life"
Copyright (C) 2024 The R Foundation for Statistical Computing
Platform: x86_64-pc-linux-gnu
R is free software and comes with ABSOLUTELY NO WARRANTY.
You are welcome to redistribute it under certain conditions.
Type 'license()' or 'licence()' for distribution details.
R is a collaborative project with many contributors.
Type 'contributors()' for more information and
'citation()' on how to cite R or R packages in publications.
Type 'demo()' for some demos, 'help()' for on-line help, or
'help.start()' for an HTML browser interface to help.
Type 'q()' to quit R.
> #BiocGenerics:::testPackage("CancerSubtypes")
>
> proc.time()
user system elapsed
0.136 0.047 0.173
CancerSubtypes.Rcheck/CancerSubtypes-Ex.timings
| name | user | system | elapsed | |
| DiffExp.limma | 0.272 | 0.012 | 0.284 | |
| ExecuteCC | 5.404 | 0.153 | 5.510 | |
| ExecuteCNMF | 7.402 | 0.521 | 12.414 | |
| ExecuteSNF.CC | 14.327 | 0.255 | 14.584 | |
| ExecuteSNF | 0.607 | 0.015 | 0.622 | |
| ExecuteWSNF | 1.691 | 0.036 | 1.728 | |
| ExecuteiCluster | 3.170 | 0.022 | 3.192 | |
| FSbyCox | 5.126 | 0.053 | 5.180 | |
| FSbyMAD | 0.138 | 0.008 | 0.146 | |
| FSbyPCA | 0.122 | 0.000 | 0.121 | |
| FSbyVar | 0.049 | 0.000 | 0.048 | |
| GeneExp | 0.013 | 0.000 | 0.013 | |
| Ranking | 0.025 | 0.000 | 0.025 | |
| affinityMatrix | 0.019 | 0.000 | 0.019 | |
| data.checkDistribution | 0.204 | 0.000 | 0.205 | |
| data.imputation | 0.005 | 0.000 | 0.005 | |
| data.normalization | 0.081 | 0.004 | 0.085 | |
| dist2 | 0.008 | 0.003 | 0.012 | |
| drawHeatmap | 3.389 | 0.084 | 3.473 | |
| miRNAExp | 0.005 | 0.000 | 0.005 | |
| saveFigure | 0.983 | 0.008 | 0.991 | |
| sigclustTest | 21.991 | 0.148 | 22.138 | |
| silhouette_SimilarityMatrix | 0.241 | 0.000 | 0.241 | |
| spectralAlg | 0.005 | 0.000 | 0.004 | |
| status | 0.002 | 0.000 | 0.001 | |
| survAnalysis | 8.257 | 0.108 | 8.365 | |
| time | 0.000 | 0.002 | 0.001 | |