Back to First build/check report with an "external build node"

This page was generated on 2023-06-01 18:17:20 -0400 (Thu, 01 Jun 2023).

HostnameOSArch (*)R versionInstalled pkgs
xps15Linux (Ubuntu 23.04)x86_644.3.0 Patched (2023-05-23 r84466) -- "Already Tomorrow" 544
Click on any hostname to see more info about the system (e.g. compilers)      (*) as reported by 'uname -p', except on Windows and Mac OS X

CHECK results for VariantAnnotation on xps15


To the developers/maintainers of the VariantAnnotation package:
Use the following Renviron settings to reproduce errors and warnings.

Note: If "R CMD check" recently failed on the Linux builder over a missing dependency, add the missing dependency to "Suggests" in your DESCRIPTION file. See the Renviron.bioc for details.

raw results

Package 87/91HostnameOS / ArchINSTALLBUILDCHECKBUILD BIN
VariantAnnotation 1.47.0  (landing page)
Bioconductor Package Maintainer
Snapshot Date: 2023-06-01 15:10:15 -0400 (Thu, 01 Jun 2023)
git_url: https://git.bioconductor.org/packages/VariantAnnotation
git_branch: devel
git_last_commit: a203349
git_last_commit_date: 2023-04-25 10:20:30 -0400 (Tue, 25 Apr 2023)
xps15Linux (Ubuntu 23.04) / x86_64  OK    OK    WARNINGS  

Summary

Package: VariantAnnotation
Version: 1.47.0
Command: /home/hpages/bbs-3.18-bioc/R/bin/R CMD check --install=check:VariantAnnotation.install-out.txt --library=/home/hpages/bbs-3.18-bioc-testing/Rlibs --timings VariantAnnotation_1.47.0.tar.gz
StartedAt: 2023-06-01 13:28:48 -0700 (Thu, 01 Jun 2023)
EndedAt: 2023-06-01 13:39:54 -0700 (Thu, 01 Jun 2023)
EllapsedTime: 666.5 seconds
RetCode: 0
Status:   WARNINGS  
CheckDir: VariantAnnotation.Rcheck
Warnings: 2

Command output

##############################################################################
##############################################################################
###
### Running command:
###
###   /home/hpages/bbs-3.18-bioc/R/bin/R CMD check --install=check:VariantAnnotation.install-out.txt --library=/home/hpages/bbs-3.18-bioc-testing/Rlibs --timings VariantAnnotation_1.47.0.tar.gz
###
##############################################################################
##############################################################################


* using log directory ‘/home/hpages/bbs-3.18-bioc-testing/meat/VariantAnnotation.Rcheck’
* using R version 4.3.0 Patched (2023-05-23 r84466)
* using platform: x86_64-pc-linux-gnu (64-bit)
* R was compiled by
    gcc (Ubuntu 12.2.0-17ubuntu1) 12.2.0
    GNU Fortran (Ubuntu 12.2.0-17ubuntu1) 12.2.0
* running under: Ubuntu 23.04
* using session charset: UTF-8
* checking for file ‘VariantAnnotation/DESCRIPTION’ ... OK
* checking extension type ... Package
* this is package ‘VariantAnnotation’ version ‘1.47.0’
* checking package namespace information ... OK
* checking package dependencies ... NOTE
Depends: includes the non-default packages:
  'BiocGenerics', 'MatrixGenerics', 'GenomeInfoDb', 'GenomicRanges',
  'SummarizedExperiment', 'Rsamtools'
Adding so many packages to the search path is excessive and importing
selectively is preferable.
* checking if this is a source package ... OK
* checking if there is a namespace ... OK
* checking for hidden files and directories ... OK
* checking for portable file names ... OK
* checking for sufficient/correct file permissions ... OK
* checking whether package ‘VariantAnnotation’ can be installed ... OK
* used C compiler: ‘gcc (Ubuntu 12.2.0-17ubuntu1) 12.2.0’
* checking installed package size ... NOTE
  installed size is  7.0Mb
  sub-directories of 1Mb or more:
    R         2.2Mb
    extdata   1.2Mb
    libs      3.1Mb
* checking package directory ... OK
* checking ‘build’ directory ... OK
* checking DESCRIPTION meta-information ... OK
* checking top-level files ... OK
* checking for left-over files ... OK
* checking index information ... OK
* checking package subdirectories ... OK
* checking R files for non-ASCII characters ... OK
* checking R files for syntax errors ... OK
* checking whether the package can be loaded ... OK
* checking whether the package can be loaded with stated dependencies ... OK
* checking whether the package can be unloaded cleanly ... OK
* checking whether the namespace can be loaded with stated dependencies ... OK
* checking whether the namespace can be unloaded cleanly ... OK
* checking loading without being on the library search path ... OK
* checking dependencies in R code ... NOTE
Unexported objects imported by ':::' calls:
  ‘BiocGenerics:::replaceSlots’ ‘BiocGenerics:::testPackage’
  ‘S4Vectors:::expandByColumnSet’ ‘S4Vectors:::labeledLine’
  ‘S4Vectors:::recycleVector’ ‘S4Vectors:::selectSome’
  ‘SummarizedExperiment:::.SummarizedExperiment.charbound’
  ‘SummarizedExperiment:::.cbind.DataFrame’
  ‘rtracklayer:::checkArgFormat’
  See the note in ?`:::` about the use of this operator.
* checking S3 generic/method consistency ... OK
* checking replacement functions ... OK
* checking foreign function calls ... OK
* checking R code for possible problems ... NOTE
VRangesForMatching: no visible binding for global variable ‘REF’
VRangesForMatching: no visible binding for global variable ‘ALT’
Undefined global functions or variables:
  ALT REF
* checking Rd files ... WARNING
checkRd: (5) PROVEANDb-class.Rd:24-27: \item in \describe must have non-empty label
checkRd: (5) PROVEANDb-class.Rd:28-32: \item in \describe must have non-empty label
checkRd: (5) PROVEANDb-class.Rd:33-37: \item in \describe must have non-empty label
checkRd: (5) PROVEANDb-class.Rd:38-42: \item in \describe must have non-empty label
checkRd: (5) PROVEANDb-class.Rd:43-49: \item in \describe must have non-empty label
checkRd: (5) PolyPhenDb-class.Rd:25-28: \item in \describe must have non-empty label
checkRd: (5) PolyPhenDb-class.Rd:29-33: \item in \describe must have non-empty label
checkRd: (5) PolyPhenDb-class.Rd:34-38: \item in \describe must have non-empty label
checkRd: (5) PolyPhenDb-class.Rd:39-45: \item in \describe must have non-empty label
checkRd: (5) PolyPhenDb-class.Rd:46-52: \item in \describe must have non-empty label
checkRd: (5) SIFTDb-class.Rd:24-27: \item in \describe must have non-empty label
checkRd: (5) SIFTDb-class.Rd:28-32: \item in \describe must have non-empty label
checkRd: (5) SIFTDb-class.Rd:33-37: \item in \describe must have non-empty label
checkRd: (5) SIFTDb-class.Rd:38-44: \item in \describe must have non-empty label
checkRd: (5) VCF-class.Rd:107-109: \item in \describe must have non-empty label
checkRd: (5) VCF-class.Rd:110-121: \item in \describe must have non-empty label
checkRd: (5) VCF-class.Rd:129-170: \item in \describe must have non-empty label
checkRd: (5) VCF-class.Rd:171-177: \item in \describe must have non-empty label
checkRd: (5) VCF-class.Rd:178-183: \item in \describe must have non-empty label
checkRd: (5) VCF-class.Rd:184-188: \item in \describe must have non-empty label
checkRd: (5) VCF-class.Rd:189-197: \item in \describe must have non-empty label
checkRd: (5) VCF-class.Rd:198-204: \item in \describe must have non-empty label
checkRd: (5) VCF-class.Rd:205-211: \item in \describe must have non-empty label
checkRd: (5) VCF-class.Rd:212-216: \item in \describe must have non-empty label
checkRd: (5) VCF-class.Rd:217-221: \item in \describe must have non-empty label
checkRd: (5) VCF-class.Rd:222-226: \item in \describe must have non-empty label
checkRd: (5) VCF-class.Rd:227-240: \item in \describe must have non-empty label
checkRd: (5) VCF-class.Rd:241-246: \item in \describe must have non-empty label
checkRd: (5) VCF-class.Rd:254-258: \item in \describe must have non-empty label
checkRd: (5) VCF-class.Rd:259-266: \item in \describe must have non-empty label
checkRd: (5) VCF-class.Rd:267-284: \item in \describe must have non-empty label
checkRd: (5) VCF-class.Rd:291-304: \item in \describe must have non-empty label
checkRd: (5) VCFHeader-class.Rd:47-51: \item in \describe must have non-empty label
checkRd: (5) VCFHeader-class.Rd:58-61: \item in \describe must have non-empty label
checkRd: (5) VCFHeader-class.Rd:62-66: \item in \describe must have non-empty label
checkRd: (5) VCFHeader-class.Rd:67-86: \item in \describe must have non-empty label
checkRd: (5) VCFHeader-class.Rd:87-94: \item in \describe must have non-empty label
checkRd: (5) VCFHeader-class.Rd:95-100: \item in \describe must have non-empty label
checkRd: (5) VCFHeader-class.Rd:101-106: \item in \describe must have non-empty label
checkRd: (5) VCFHeader-class.Rd:107-111: \item in \describe must have non-empty label
checkRd: (5) VCFHeader-class.Rd:112-118: \item in \describe must have non-empty label
checkRd: (5) VRanges-class.Rd:146-178: \item in \describe must have non-empty label
checkRd: (5) VRanges-class.Rd:179-224: \item in \describe must have non-empty label
checkRd: (5) VRanges-class.Rd:232-265: \item in \describe must have non-empty label
checkRd: (5) VRanges-class.Rd:266-268: \item in \describe must have non-empty label
checkRd: (5) VRanges-class.Rd:269-281: \item in \describe must have non-empty label
checkRd: (5) VRanges-class.Rd:290-292: \item in \describe must have non-empty label
checkRd: (5) VRanges-class.Rd:293-295: \item in \describe must have non-empty label
checkRd: (5) VRanges-class.Rd:296-299: \item in \describe must have non-empty label
checkRd: (5) VRanges-class.Rd:300-303: \item in \describe must have non-empty label
checkRd: (5) VRanges-class.Rd:304-307: \item in \describe must have non-empty label
checkRd: (5) VRanges-class.Rd:308-310: \item in \describe must have non-empty label
checkRd: (5) VRanges-class.Rd:311-314: \item in \describe must have non-empty label
checkRd: (5) VRanges-class.Rd:315-319: \item in \describe must have non-empty label
checkRd: (5) VRanges-class.Rd:320-322: \item in \describe must have non-empty label
checkRd: (5) VRanges-class.Rd:323-326: \item in \describe must have non-empty label
checkRd: (5) VRanges-class.Rd:327-330: \item in \describe must have non-empty label
checkRd: (5) VRanges-class.Rd:336-339: \item in \describe must have non-empty label
checkRd: (5) VRanges-class.Rd:340-344: \item in \describe must have non-empty label
checkRd: (5) VRanges-class.Rd:345-349: \item in \describe must have non-empty label
checkRd: (5) VRanges-class.Rd:355-358: \item in \describe must have non-empty label
checkRd: (5) VRanges-class.Rd:359-372: \item in \describe must have non-empty label
checkRd: (5) VRangesList-class.Rd:35-38: \item in \describe must have non-empty label
checkRd: (5) VRangesList-class.Rd:44-47: \item in \describe must have non-empty label
checkRd: (5) VRangesList-class.Rd:48-52: \item in \describe must have non-empty label
checkRd: (5) VRangesList-class.Rd:58-62: \item in \describe must have non-empty label
checkRd: (5) VariantType-class.Rd:134-138: \item in \describe must have non-empty label
checkRd: (5) VariantType-class.Rd:139-143: \item in \describe must have non-empty label
checkRd: (5) VariantType-class.Rd:144-149: \item in \describe must have non-empty label
checkRd: (5) VariantType-class.Rd:150-154: \item in \describe must have non-empty label
checkRd: (5) VariantType-class.Rd:155-159: \item in \describe must have non-empty label
checkRd: (5) VcfFile-class.Rd:31-34: \item in \describe must have non-empty label
checkRd: (5) VcfFile-class.Rd:35-37: \item in \describe must have non-empty label
checkRd: (5) VcfFile-class.Rd:42-43: \item in \describe must have non-empty label
checkRd: (5) VcfFile-class.Rd:44-45: \item in \describe must have non-empty label
checkRd: (5) VcfFile-class.Rd:46-47: \item in \describe must have non-empty label
checkRd: (5) VcfFile-class.Rd:48-49: \item in \describe must have non-empty label
checkRd: (5) VcfFile-class.Rd:50-51: \item in \describe must have non-empty label
checkRd: (5) VcfFile-class.Rd:52-54: \item in \describe must have non-empty label
checkRd: (5) VcfFile-class.Rd:59-60: \item in \describe must have non-empty label
checkRd: (5) VcfFile-class.Rd:61-62: \item in \describe must have non-empty label
checkRd: (5) VcfFile-class.Rd:67-69: \item in \describe must have non-empty label
* checking Rd metadata ... OK
* checking Rd cross-references ... OK
* checking for missing documentation entries ... OK
* checking for code/documentation mismatches ... OK
* checking Rd \usage sections ... OK
* checking Rd contents ... OK
* checking for unstated dependencies in examples ... OK
* checking line endings in C/C++/Fortran sources/headers ... OK
* checking line endings in Makefiles ... OK
* checking compilation flags in Makevars ... OK
* checking for GNU extensions in Makefiles ... NOTE
GNU make is a SystemRequirements.
* checking for portable use of $(BLAS_LIBS) and $(LAPACK_LIBS) ... OK
* checking use of PKG_*FLAGS in Makefiles ... OK
* checking compiled code ... WARNING
Note: information on .o files is not available
File ‘/home/hpages/bbs-3.18-bioc-testing/Rlibs/VariantAnnotation/libs/VariantAnnotation.so’:
  Found ‘__sprintf_chk’, possibly from ‘sprintf’ (C)
  Found ‘abort’, possibly from ‘abort’ (C)
  Found ‘exit’, possibly from ‘exit’ (C)
  Found ‘stderr’, possibly from ‘stderr’ (C)
  Found ‘stdout’, possibly from ‘stdout’ (C)
File ‘VariantAnnotation/libs/VariantAnnotation.so’:
  Found non-API calls to R: ‘R_GetConnection’, ‘R_WriteConnection’

Compiled code should not call entry points which might terminate R nor
write to stdout/stderr instead of to the console, nor use Fortran I/O
nor system RNGs nor [v]sprintf. The detected symbols are linked into
the code but might come from libraries and not actually be called.
Compiled code should not call non-API entry points in R.

See ‘Writing portable packages’ in the ‘Writing R Extensions’ manual.
* checking files in ‘vignettes’ ... OK
* checking examples ... OK
Examples with CPU (user + system) or elapsed time > 5s
                            user system elapsed
locateVariants-methods    19.371  0.368  19.743
predictCoding-methods     15.938  0.104  16.043
summarizeVariants-methods  6.055  0.000   6.056
PROVEANDb-class            3.711  0.545   5.306
filterVcf-methods          2.350  0.084   6.164
* checking for unstated dependencies in ‘tests’ ... OK
* checking tests ...
  Running ‘VariantAnnotation_unit_tests.R’
 OK
* checking for unstated dependencies in vignettes ... OK
* checking package vignettes in ‘inst/doc’ ... OK
* checking running R code from vignettes ...
  ‘VariantAnnotation.Rnw’... OK
  ‘filterVcf.Rnw’... OK
 OK
* checking re-building of vignette outputs ... OK
* checking PDF version of manual ... OK
* DONE

Status: 2 WARNINGs, 5 NOTEs
See
  ‘/home/hpages/bbs-3.18-bioc-testing/meat/VariantAnnotation.Rcheck/00check.log’
for details.



Installation output

VariantAnnotation.Rcheck/00install.out

##############################################################################
##############################################################################
###
### Running command:
###
###   /home/hpages/bbs-3.18-bioc/R/bin/R CMD INSTALL VariantAnnotation
###
##############################################################################
##############################################################################


* installing to library ‘/home/hpages/bbs-3.18-bioc-testing/Rlibs’
* installing *source* package ‘VariantAnnotation’ ...
** using staged installation
** libs
using C compiler: ‘gcc (Ubuntu 12.2.0-17ubuntu1) 12.2.0’
gcc -I"/home/hpages/bbs-3.18-bioc/R/include" -DNDEBUG -D_FILE_OFFSET_BITS=64 -I'/home/hpages/bbs-3.18-bioc-testing/Rlibs/S4Vectors/include' -I'/home/hpages/bbs-3.18-bioc-testing/Rlibs/IRanges/include' -I'/home/hpages/bbs-3.18-bioc-testing/Rlibs/XVector/include' -I'/home/hpages/bbs-3.18-bioc-testing/Rlibs/Biostrings/include' -I'/home/hpages/bbs-3.18-bioc-testing/Rlibs/Rhtslib/include' -I/usr/local/include    -fpic  -g -O2  -Wall -c Biostrings_stubs.c -o Biostrings_stubs.o
gcc -I"/home/hpages/bbs-3.18-bioc/R/include" -DNDEBUG -D_FILE_OFFSET_BITS=64 -I'/home/hpages/bbs-3.18-bioc-testing/Rlibs/S4Vectors/include' -I'/home/hpages/bbs-3.18-bioc-testing/Rlibs/IRanges/include' -I'/home/hpages/bbs-3.18-bioc-testing/Rlibs/XVector/include' -I'/home/hpages/bbs-3.18-bioc-testing/Rlibs/Biostrings/include' -I'/home/hpages/bbs-3.18-bioc-testing/Rlibs/Rhtslib/include' -I/usr/local/include    -fpic  -g -O2  -Wall -c IRanges_stubs.c -o IRanges_stubs.o
gcc -I"/home/hpages/bbs-3.18-bioc/R/include" -DNDEBUG -D_FILE_OFFSET_BITS=64 -I'/home/hpages/bbs-3.18-bioc-testing/Rlibs/S4Vectors/include' -I'/home/hpages/bbs-3.18-bioc-testing/Rlibs/IRanges/include' -I'/home/hpages/bbs-3.18-bioc-testing/Rlibs/XVector/include' -I'/home/hpages/bbs-3.18-bioc-testing/Rlibs/Biostrings/include' -I'/home/hpages/bbs-3.18-bioc-testing/Rlibs/Rhtslib/include' -I/usr/local/include    -fpic  -g -O2  -Wall -c R_init_VariantAnnotation.c -o R_init_VariantAnnotation.o
gcc -I"/home/hpages/bbs-3.18-bioc/R/include" -DNDEBUG -D_FILE_OFFSET_BITS=64 -I'/home/hpages/bbs-3.18-bioc-testing/Rlibs/S4Vectors/include' -I'/home/hpages/bbs-3.18-bioc-testing/Rlibs/IRanges/include' -I'/home/hpages/bbs-3.18-bioc-testing/Rlibs/XVector/include' -I'/home/hpages/bbs-3.18-bioc-testing/Rlibs/Biostrings/include' -I'/home/hpages/bbs-3.18-bioc-testing/Rlibs/Rhtslib/include' -I/usr/local/include    -fpic  -g -O2  -Wall -c XVector_stubs.c -o XVector_stubs.o
gcc -I"/home/hpages/bbs-3.18-bioc/R/include" -DNDEBUG -D_FILE_OFFSET_BITS=64 -I'/home/hpages/bbs-3.18-bioc-testing/Rlibs/S4Vectors/include' -I'/home/hpages/bbs-3.18-bioc-testing/Rlibs/IRanges/include' -I'/home/hpages/bbs-3.18-bioc-testing/Rlibs/XVector/include' -I'/home/hpages/bbs-3.18-bioc-testing/Rlibs/Biostrings/include' -I'/home/hpages/bbs-3.18-bioc-testing/Rlibs/Rhtslib/include' -I/usr/local/include    -fpic  -g -O2  -Wall -c dna_hash.c -o dna_hash.o
gcc -I"/home/hpages/bbs-3.18-bioc/R/include" -DNDEBUG -D_FILE_OFFSET_BITS=64 -I'/home/hpages/bbs-3.18-bioc-testing/Rlibs/S4Vectors/include' -I'/home/hpages/bbs-3.18-bioc-testing/Rlibs/IRanges/include' -I'/home/hpages/bbs-3.18-bioc-testing/Rlibs/XVector/include' -I'/home/hpages/bbs-3.18-bioc-testing/Rlibs/Biostrings/include' -I'/home/hpages/bbs-3.18-bioc-testing/Rlibs/Rhtslib/include' -I/usr/local/include    -fpic  -g -O2  -Wall -c rle.c -o rle.o
gcc -I"/home/hpages/bbs-3.18-bioc/R/include" -DNDEBUG -D_FILE_OFFSET_BITS=64 -I'/home/hpages/bbs-3.18-bioc-testing/Rlibs/S4Vectors/include' -I'/home/hpages/bbs-3.18-bioc-testing/Rlibs/IRanges/include' -I'/home/hpages/bbs-3.18-bioc-testing/Rlibs/XVector/include' -I'/home/hpages/bbs-3.18-bioc-testing/Rlibs/Biostrings/include' -I'/home/hpages/bbs-3.18-bioc-testing/Rlibs/Rhtslib/include' -I/usr/local/include    -fpic  -g -O2  -Wall -c strhash.c -o strhash.o
gcc -I"/home/hpages/bbs-3.18-bioc/R/include" -DNDEBUG -D_FILE_OFFSET_BITS=64 -I'/home/hpages/bbs-3.18-bioc-testing/Rlibs/S4Vectors/include' -I'/home/hpages/bbs-3.18-bioc-testing/Rlibs/IRanges/include' -I'/home/hpages/bbs-3.18-bioc-testing/Rlibs/XVector/include' -I'/home/hpages/bbs-3.18-bioc-testing/Rlibs/Biostrings/include' -I'/home/hpages/bbs-3.18-bioc-testing/Rlibs/Rhtslib/include' -I/usr/local/include    -fpic  -g -O2  -Wall -c utilities.c -o utilities.o
gcc -I"/home/hpages/bbs-3.18-bioc/R/include" -DNDEBUG -D_FILE_OFFSET_BITS=64 -I'/home/hpages/bbs-3.18-bioc-testing/Rlibs/S4Vectors/include' -I'/home/hpages/bbs-3.18-bioc-testing/Rlibs/IRanges/include' -I'/home/hpages/bbs-3.18-bioc-testing/Rlibs/XVector/include' -I'/home/hpages/bbs-3.18-bioc-testing/Rlibs/Biostrings/include' -I'/home/hpages/bbs-3.18-bioc-testing/Rlibs/Rhtslib/include' -I/usr/local/include    -fpic  -g -O2  -Wall -c vcffile.c -o vcffile.o
gcc -I"/home/hpages/bbs-3.18-bioc/R/include" -DNDEBUG -D_FILE_OFFSET_BITS=64 -I'/home/hpages/bbs-3.18-bioc-testing/Rlibs/S4Vectors/include' -I'/home/hpages/bbs-3.18-bioc-testing/Rlibs/IRanges/include' -I'/home/hpages/bbs-3.18-bioc-testing/Rlibs/XVector/include' -I'/home/hpages/bbs-3.18-bioc-testing/Rlibs/Biostrings/include' -I'/home/hpages/bbs-3.18-bioc-testing/Rlibs/Rhtslib/include' -I/usr/local/include    -fpic  -g -O2  -Wall -c vcftype.c -o vcftype.o
gcc -I"/home/hpages/bbs-3.18-bioc/R/include" -DNDEBUG -D_FILE_OFFSET_BITS=64 -I'/home/hpages/bbs-3.18-bioc-testing/Rlibs/S4Vectors/include' -I'/home/hpages/bbs-3.18-bioc-testing/Rlibs/IRanges/include' -I'/home/hpages/bbs-3.18-bioc-testing/Rlibs/XVector/include' -I'/home/hpages/bbs-3.18-bioc-testing/Rlibs/Biostrings/include' -I'/home/hpages/bbs-3.18-bioc-testing/Rlibs/Rhtslib/include' -I/usr/local/include    -fpic  -g -O2  -Wall -c writevcf.c -o writevcf.o
gcc -shared -L/usr/local/lib -o VariantAnnotation.so Biostrings_stubs.o IRanges_stubs.o R_init_VariantAnnotation.o XVector_stubs.o dna_hash.o rle.o strhash.o utilities.o vcffile.o vcftype.o writevcf.o /home/hpages/bbs-3.18-bioc-testing/Rlibs/Rhtslib/usrlib/libhts.a -lcurl
installing to /home/hpages/bbs-3.18-bioc-testing/Rlibs/00LOCK-VariantAnnotation/00new/VariantAnnotation/libs
** R
** inst
** byte-compile and prepare package for lazy loading
Creating a new generic function for ‘tabulate’ in package ‘VariantAnnotation’
** help
*** installing help indices
** building package indices
** installing vignettes
** testing if installed package can be loaded from temporary location
** checking absolute paths in shared objects and dynamic libraries
** testing if installed package can be loaded from final location
** testing if installed package keeps a record of temporary installation path
* DONE (VariantAnnotation)

Tests output

VariantAnnotation.Rcheck/tests/VariantAnnotation_unit_tests.Rout


R version 4.3.0 Patched (2023-05-23 r84466) -- "Already Tomorrow"
Copyright (C) 2023 The R Foundation for Statistical Computing
Platform: x86_64-pc-linux-gnu (64-bit)

R is free software and comes with ABSOLUTELY NO WARRANTY.
You are welcome to redistribute it under certain conditions.
Type 'license()' or 'licence()' for distribution details.

R is a collaborative project with many contributors.
Type 'contributors()' for more information and
'citation()' on how to cite R or R packages in publications.

Type 'demo()' for some demos, 'help()' for on-line help, or
'help.start()' for an HTML browser interface to help.
Type 'q()' to quit R.

> require("VariantAnnotation") || stop("unable to load VariantAnnotation package")
Loading required package: VariantAnnotation
Loading required package: BiocGenerics

Attaching package: 'BiocGenerics'

The following objects are masked from 'package:stats':

    IQR, mad, sd, var, xtabs

The following objects are masked from 'package:base':

    Filter, Find, Map, Position, Reduce, anyDuplicated, aperm, append,
    as.data.frame, basename, cbind, colnames, dirname, do.call,
    duplicated, eval, evalq, get, grep, grepl, intersect, is.unsorted,
    lapply, mapply, match, mget, order, paste, pmax, pmax.int, pmin,
    pmin.int, rank, rbind, rownames, sapply, setdiff, sort, table,
    tapply, union, unique, unsplit, which.max, which.min

Loading required package: MatrixGenerics
Loading required package: matrixStats

Attaching package: 'MatrixGenerics'

The following objects are masked from 'package:matrixStats':

    colAlls, colAnyNAs, colAnys, colAvgsPerRowSet, colCollapse,
    colCounts, colCummaxs, colCummins, colCumprods, colCumsums,
    colDiffs, colIQRDiffs, colIQRs, colLogSumExps, colMadDiffs,
    colMads, colMaxs, colMeans2, colMedians, colMins, colOrderStats,
    colProds, colQuantiles, colRanges, colRanks, colSdDiffs, colSds,
    colSums2, colTabulates, colVarDiffs, colVars, colWeightedMads,
    colWeightedMeans, colWeightedMedians, colWeightedSds,
    colWeightedVars, rowAlls, rowAnyNAs, rowAnys, rowAvgsPerColSet,
    rowCollapse, rowCounts, rowCummaxs, rowCummins, rowCumprods,
    rowCumsums, rowDiffs, rowIQRDiffs, rowIQRs, rowLogSumExps,
    rowMadDiffs, rowMads, rowMaxs, rowMeans2, rowMedians, rowMins,
    rowOrderStats, rowProds, rowQuantiles, rowRanges, rowRanks,
    rowSdDiffs, rowSds, rowSums2, rowTabulates, rowVarDiffs, rowVars,
    rowWeightedMads, rowWeightedMeans, rowWeightedMedians,
    rowWeightedSds, rowWeightedVars

Loading required package: GenomeInfoDb
Loading required package: S4Vectors
Loading required package: stats4

Attaching package: 'S4Vectors'

The following object is masked from 'package:utils':

    findMatches

The following objects are masked from 'package:base':

    I, expand.grid, unname

Loading required package: IRanges
Loading required package: GenomicRanges
Loading required package: SummarizedExperiment
Loading required package: Biobase
Welcome to Bioconductor

    Vignettes contain introductory material; view with
    'browseVignettes()'. To cite Bioconductor, see
    'citation("Biobase")', and for packages 'citation("pkgname")'.


Attaching package: 'Biobase'

The following object is masked from 'package:MatrixGenerics':

    rowMedians

The following objects are masked from 'package:matrixStats':

    anyMissing, rowMedians

Loading required package: Rsamtools
Loading required package: Biostrings
Loading required package: XVector

Attaching package: 'Biostrings'

The following object is masked from 'package:base':

    strsplit


Attaching package: 'VariantAnnotation'

The following object is masked from 'package:base':

    tabulate

[1] TRUE
> VariantAnnotation:::.test()
Loading required package: RSQLite
[W::tbx_parse1] VCF INFO/END=2827680 is smaller than POS at 1:2827692
This tag will be ignored. Note: only one invalid END tag will be reported.
[W::bcf_hdr_register_hrec] The definition of Flag "INFO/TS" is invalid, forcing Number=0
[W::bcf_hdr_register_hrec] The definition of Flag "INFO/TS" is invalid, forcing Number=0
starting prefilter
prefiltering 10376 records
prefiltered to /tmp/RtmpfxCtul/file8d4f91f263213
compressing and indexing '/tmp/RtmpfxCtul/file8d4f91f263213'
starting filter
filtering 10376 records
completed filtering
compressing and indexing '/tmp/RtmpfxCtul/file8d4f95e159f4a'
Loading required package: survival
Loading required package: Matrix

Attaching package: 'Matrix'

The following object is masked from 'package:VariantAnnotation':

    expand

The following object is masked from 'package:S4Vectors':

    expand

[W::bcf_hdr_check_sanity] GL should be declared as Number=G
non-single nucleotide variations are set to NA
non-single nucleotide variations are set to NA
non-single nucleotide variations are set to NA
non-single nucleotide variations are set to NA
non-single nucleotide variations are set to NA
non-single nucleotide variations are set to NA
Loading required package: GenomicFeatures
Loading required package: AnnotationDbi
'select()' returned 1:1 mapping between keys and columns
Loading required package: BSgenome
Loading required package: rtracklayer
'select()' returned many:1 mapping between keys and columns
[W::bcf_hdr_check_sanity] PL should be declared as Number=G


RUNIT TEST PROTOCOL -- Thu Jun  1 13:36:32 2023 
*********************************************** 
Number of test functions: 100 
Number of errors: 0 
Number of failures: 0 

 
1 Test Suite : 
VariantAnnotation RUnit Tests - 100 test functions, 0 errors, 0 failures
Number of test functions: 100 
Number of errors: 0 
Number of failures: 0 
There were 41 warnings (use warnings() to see them)
> 
> proc.time()
   user  system elapsed 
105.920   1.938 108.397 

Example timings

VariantAnnotation.Rcheck/VariantAnnotation-Ex.timings

nameusersystemelapsed
GLtoGP1.1960.3121.544
PROVEANDb-class3.7110.5455.306
PolyPhenDb-class1.4240.0241.480
SIFTDb-class0.0000.0000.001
ScanVcfParam-class0.8830.0110.907
VCF-class1.4870.0731.572
VCFHeader-class0.1060.0000.106
VRanges-class0.4310.0000.431
VRangesList-class0.4060.0030.420
VariantType-class0.0070.0000.006
VcfFile-class0.5420.0040.559
filterVcf-methods2.3500.0846.164
genotypeToSnpMatrix-methods1.1950.1241.320
getTranscriptSeqs-methods000
indexVcf-method0.0110.0000.021
isSNV-methods0.8590.0000.859
locateVariants-methods19.371 0.36819.743
predictCoding-methods15.938 0.10416.043
probabilityToSnpMatrix0.0010.0000.001
readVcf-methods3.2740.0003.273
scanVcf-methods0.2130.0040.216
seqinfo-method0.0640.0000.064
snpSummary0.2740.0040.277
summarizeVariants-methods6.0550.0006.056
writeVcf-methods1.4940.0001.494