| Back to Mac ARM64 build report for BioC 3.18 |
|
This page was generated on 2024-04-18 11:32:12 -0400 (Thu, 18 Apr 2024).
| Hostname | OS | Arch (*) | R version | Installed pkgs |
|---|---|---|---|---|
| kjohnson1 | macOS 13.6.1 Ventura | arm64 | 4.3.3 (2024-02-29) -- "Angel Food Cake" | 4388 |
| Click on any hostname to see more info about the system (e.g. compilers) (*) as reported by 'uname -p', except on Windows and Mac OS X | ||||
| Package 1022/2266 | Hostname | OS / Arch | INSTALL | BUILD | CHECK | BUILD BIN | ||||||||
| infinityFlow 1.12.0 (landing page) Etienne Becht
| kjohnson1 | macOS 13.6.1 Ventura / arm64 | OK | ERROR | skipped | skipped | ||||||||
|
To the developers/maintainers of the infinityFlow package: - Use the following Renviron settings to reproduce errors and warnings. - If 'R CMD check' started to fail recently on the Linux builder(s) over a missing dependency, add the missing dependency to 'Suggests:' in your DESCRIPTION file. See Renviron.bioc for more information. |
| Package: infinityFlow |
| Version: 1.12.0 |
| Command: /Library/Frameworks/R.framework/Resources/bin/R CMD build --keep-empty-dirs --no-resave-data infinityFlow |
| StartedAt: 2024-04-16 20:21:41 -0400 (Tue, 16 Apr 2024) |
| EndedAt: 2024-04-16 20:24:00 -0400 (Tue, 16 Apr 2024) |
| EllapsedTime: 139.5 seconds |
| RetCode: 1 |
| Status: ERROR |
| PackageFile: None |
| PackageFileSize: NA |
############################################################################## ############################################################################## ### ### Running command: ### ### /Library/Frameworks/R.framework/Resources/bin/R CMD build --keep-empty-dirs --no-resave-data infinityFlow ### ############################################################################## ############################################################################## * checking for file ‘infinityFlow/DESCRIPTION’ ... OK * preparing ‘infinityFlow’: * checking DESCRIPTION meta-information ... OK * installing the package to build vignettes * creating vignettes ... ERROR --- re-building ‘basic_usage.Rmd’ using rmarkdown Quitting from lines 210-222 [pipeline execution] (basic_usage.Rmd) Error: processing vignette 'basic_usage.Rmd' failed with diagnostics: function 'as_cholmod_sparse' not provided by package 'Matrix' --- failed re-building ‘basic_usage.Rmd’ --- re-building ‘training_non_default_regression_models.Rmd’ using rmarkdown Quitting from lines 157-174 [pipeline execution] (training_non_default_regression_models.Rmd) Error: processing vignette 'training_non_default_regression_models.Rmd' failed with diagnostics: function 'as_cholmod_sparse' not provided by package 'Matrix' --- failed re-building ‘training_non_default_regression_models.Rmd’ SUMMARY: processing the following files failed: ‘basic_usage.Rmd’ ‘training_non_default_regression_models.Rmd’ Error: Vignette re-building failed. Execution halted