| Back to Mac ARM64 build report for BioC 3.18 |
|
This page was generated on 2024-04-18 11:32:09 -0400 (Thu, 18 Apr 2024).
| Hostname | OS | Arch (*) | R version | Installed pkgs |
|---|---|---|---|---|
| kjohnson1 | macOS 13.6.1 Ventura | arm64 | 4.3.3 (2024-02-29) -- "Angel Food Cake" | 4388 |
| Click on any hostname to see more info about the system (e.g. compilers) (*) as reported by 'uname -p', except on Windows and Mac OS X | ||||
| Package 512/2266 | Hostname | OS / Arch | INSTALL | BUILD | CHECK | BUILD BIN | ||||||||
Francisco Jose Campos Laborie
| kjohnson1 | macOS 13.6.1 Ventura / arm64 | OK | ERROR | skipped | skipped | ||||||||
|
To the developers/maintainers of the deco package: - Use the following Renviron settings to reproduce errors and warnings. - If 'R CMD check' started to fail recently on the Linux builder(s) over a missing dependency, add the missing dependency to 'Suggests:' in your DESCRIPTION file. See Renviron.bioc for more information. |
| Package: deco |
| Version: 1.18.0 |
| Command: /Library/Frameworks/R.framework/Resources/bin/R CMD build --keep-empty-dirs --no-resave-data deco |
| StartedAt: 2024-04-16 16:37:04 -0400 (Tue, 16 Apr 2024) |
| EndedAt: 2024-04-16 16:38:17 -0400 (Tue, 16 Apr 2024) |
| EllapsedTime: 72.6 seconds |
| RetCode: 1 |
| Status: ERROR |
| PackageFile: None |
| PackageFileSize: NA |
############################################################################## ############################################################################## ### ### Running command: ### ### /Library/Frameworks/R.framework/Resources/bin/R CMD build --keep-empty-dirs --no-resave-data deco ### ############################################################################## ############################################################################## * checking for file ‘deco/DESCRIPTION’ ... OK * preparing ‘deco’: * checking DESCRIPTION meta-information ... OK * installing the package to build vignettes * creating vignettes ... ERROR --- re-building ‘DECO.Rmd’ using rmarkdown Quitting from lines 204-218 [unnamed-chunk-8] (DECO.Rmd) Error: processing vignette 'DECO.Rmd' failed with diagnostics: 'length = 700' in coercion to 'logical(1)' --- failed re-building ‘DECO.Rmd’ SUMMARY: processing the following file failed: ‘DECO.Rmd’ Error: Vignette re-building failed. Execution halted