| Back to Mac ARM64 build report for BioC 3.18 | 
 | 
This page was generated on 2024-04-18 11:32:08 -0400 (Thu, 18 Apr 2024).
| Hostname | OS | Arch (*) | R version | Installed pkgs | 
|---|---|---|---|---|
| kjohnson1 | macOS 13.6.1 Ventura | arm64 | 4.3.3 (2024-02-29) -- "Angel Food Cake" | 4388 | 
| Click on any hostname to see more info about the system (e.g. compilers) (*) as reported by 'uname -p', except on Windows and Mac OS X | ||||
| Package 438/2266 | Hostname | OS / Arch | INSTALL | BUILD | CHECK | BUILD BIN | ||||||||
| corral 1.12.0  (landing page) Lauren Hsu 
 | kjohnson1 | macOS 13.6.1 Ventura / arm64 | OK | ERROR | skipped | skipped | ||||||||
| To the developers/maintainers of the corral package: - Use the following Renviron settings to reproduce errors and warnings. - If 'R CMD check' started to fail recently on the Linux builder(s) over a missing dependency, add the missing dependency to 'Suggests:' in your DESCRIPTION file. See Renviron.bioc for more information. | 
| Package: corral | 
| Version: 1.12.0 | 
| Command: /Library/Frameworks/R.framework/Resources/bin/R CMD build --keep-empty-dirs --no-resave-data corral | 
| StartedAt: 2024-04-16 16:08:39 -0400 (Tue, 16 Apr 2024) | 
| EndedAt: 2024-04-16 16:13:22 -0400 (Tue, 16 Apr 2024) | 
| EllapsedTime: 282.6 seconds | 
| RetCode: 1 | 
| Status: ERROR | 
| PackageFile: None | 
| PackageFileSize: NA | 
############################################################################## ############################################################################## ### ### Running command: ### ### /Library/Frameworks/R.framework/Resources/bin/R CMD build --keep-empty-dirs --no-resave-data corral ### ############################################################################## ############################################################################## * checking for file ‘corral/DESCRIPTION’ ... OK * preparing ‘corral’: * checking DESCRIPTION meta-information ... OK * installing the package to build vignettes * creating vignettes ... ERROR --- re-building ‘corral_dimred.Rmd’ using rmarkdown 2024-04-16 16:12:02.941 R[75895:449159316] XType: Using static font registry. Quitting from lines 97-127 [unnamed-chunk-5] (corral_dimred.Rmd) Error: processing vignette 'corral_dimred.Rmd' failed with diagnostics: function 'as_cholmod_sparse' not provided by package 'Matrix' --- failed re-building ‘corral_dimred.Rmd’ --- re-building ‘corralm_alignment.Rmd’ using rmarkdown --- finished re-building ‘corralm_alignment.Rmd’ SUMMARY: processing the following file failed: ‘corral_dimred.Rmd’ Error: Vignette re-building failed. Execution halted