| Back to Mac ARM64 build report for BioC 3.18 |
|
This page was generated on 2024-04-18 11:32:21 -0400 (Thu, 18 Apr 2024).
| Hostname | OS | Arch (*) | R version | Installed pkgs |
|---|---|---|---|---|
| kjohnson1 | macOS 13.6.1 Ventura | arm64 | 4.3.3 (2024-02-29) -- "Angel Food Cake" | 4388 |
| Click on any hostname to see more info about the system (e.g. compilers) (*) as reported by 'uname -p', except on Windows and Mac OS X | ||||
| Package 2219/2266 | Hostname | OS / Arch | INSTALL | BUILD | CHECK | BUILD BIN | ||||||||
| VariantTools 1.44.0 (landing page) Michael Lawrence
| kjohnson1 | macOS 13.6.1 Ventura / arm64 | OK | OK | WARNINGS | NA | ||||||||
|
To the developers/maintainers of the VariantTools package: - Use the following Renviron settings to reproduce errors and warnings. - If 'R CMD check' started to fail recently on the Linux builder(s) over a missing dependency, add the missing dependency to 'Suggests:' in your DESCRIPTION file. See Renviron.bioc for more information. |
| Package: VariantTools |
| Version: 1.44.0 |
| Command: /Library/Frameworks/R.framework/Resources/bin/R CMD check --install=check:VariantTools.install-out.txt --library=/Library/Frameworks/R.framework/Resources/library --no-vignettes --timings VariantTools_1.44.0.tar.gz |
| StartedAt: 2024-04-18 07:19:49 -0400 (Thu, 18 Apr 2024) |
| EndedAt: 2024-04-18 07:28:21 -0400 (Thu, 18 Apr 2024) |
| EllapsedTime: 512.4 seconds |
| RetCode: 0 |
| Status: WARNINGS |
| CheckDir: VariantTools.Rcheck |
| Warnings: 3 |
##############################################################################
##############################################################################
###
### Running command:
###
### /Library/Frameworks/R.framework/Resources/bin/R CMD check --install=check:VariantTools.install-out.txt --library=/Library/Frameworks/R.framework/Resources/library --no-vignettes --timings VariantTools_1.44.0.tar.gz
###
##############################################################################
##############################################################################
* using log directory ‘/Users/biocbuild/bbs-3.18-bioc-mac-arm64/meat/VariantTools.Rcheck’
* using R version 4.3.3 (2024-02-29)
* using platform: aarch64-apple-darwin20 (64-bit)
* R was compiled by
Apple clang version 14.0.0 (clang-1400.0.29.202)
GNU Fortran (GCC) 12.2.0
* running under: macOS Ventura 13.6.1
* using session charset: UTF-8
* using option ‘--no-vignettes’
* checking for file ‘VariantTools/DESCRIPTION’ ... OK
* checking extension type ... Package
* this is package ‘VariantTools’ version ‘1.44.0’
* checking package namespace information ... OK
* checking package dependencies ... OK
* checking if this is a source package ... OK
* checking if there is a namespace ... OK
* checking for hidden files and directories ... NOTE
Found the following hidden files and directories:
.BBSoptions
These were most likely included in error. See section ‘Package
structure’ in the ‘Writing R Extensions’ manual.
* checking for portable file names ... OK
* checking for sufficient/correct file permissions ... OK
* checking whether package ‘VariantTools’ can be installed ... OK
* checking installed package size ... NOTE
installed size is 6.4Mb
sub-directories of 1Mb or more:
doc 5.4Mb
* checking package directory ... OK
* checking ‘build’ directory ... OK
* checking DESCRIPTION meta-information ... OK
* checking top-level files ... OK
* checking for left-over files ... OK
* checking index information ... OK
* checking package subdirectories ... NOTE
Problems with news in ‘NEWS’:
Cannot process chunk/lines:
Initial release
(start date: 12 September, 2012)
* checking R files for non-ASCII characters ... OK
* checking R files for syntax errors ... OK
* checking whether the package can be loaded ... OK
* checking whether the package can be loaded with stated dependencies ... OK
* checking whether the package can be unloaded cleanly ... OK
* checking whether the namespace can be loaded with stated dependencies ... OK
* checking whether the namespace can be unloaded cleanly ... OK
* checking dependencies in R code ... WARNING
Missing or unexported object: ‘GenomicRanges::genome’
Unexported objects imported by ':::' calls:
‘BiocGenerics:::testPackage’ ‘IRanges:::unlist_as_integer’
See the note in ?`:::` about the use of this operator.
* checking S3 generic/method consistency ... OK
* checking replacement functions ... OK
* checking foreign function calls ... OK
* checking R code for possible problems ... NOTE
LowerFrequencyInOtherFilter : <anonymous>: no visible binding for
global variable ‘control.alt.depth’
LowerFrequencyInOtherFilter : <anonymous>: no visible binding for
global variable ‘control.total.depth’
ReadPositionTTestFilter : <anonymous>: no visible binding for global
variable ‘read.pos.mean’
ReadPositionTTestFilter : <anonymous>: no visible binding for global
variable ‘read.pos.mean.ref’
ReadPositionTTestFilter : <anonymous>: no visible binding for global
variable ‘read.pos.var’
ReadPositionTTestFilter : <anonymous>: no visible binding for global
variable ‘read.pos.var.ref’
ReadPositionTTestFilter : <anonymous>: no visible global function
definition for ‘rawDepth’
StrandFETFilter : <anonymous>: no visible binding for global variable
‘count.plus.ref’
StrandFETFilter : <anonymous>: no visible binding for global variable
‘count.minus.ref’
StrandFETFilter : <anonymous>: no visible binding for global variable
‘count.plus’
StrandFETFilter : <anonymous>: no visible binding for global variable
‘count.minus’
calculateConcordanceMatrix: no visible binding for global variable ‘x’
caseControlFET: no visible binding for global variable
‘control.alt.depth’
caseControlFET: no visible binding for global variable
‘control.total.depth’
variantGR2Vcf: no visible global function definition for
‘variantGRangesIsDeprecated’
variantGR2Vcf: no visible global function definition for
‘makeVRangesFromVariantGRanges’
callVariants,GenomicRanges: no visible global function definition for
‘variantGRangesIsDeprecated’
callVariants,GenomicRanges: no visible global function definition for
‘variantGRangesToVRanges’
Undefined global functions or variables:
control.alt.depth control.total.depth count.minus count.minus.ref
count.plus count.plus.ref makeVRangesFromVariantGRanges rawDepth
read.pos.mean read.pos.mean.ref read.pos.var read.pos.var.ref
variantGRangesIsDeprecated variantGRangesToVRanges x
* checking Rd files ... WARNING
./man/tallyVariants.Rd: non-ASCII input and no declared encoding
problem found in ‘tallyVariants.Rd’
* checking Rd metadata ... OK
* checking Rd cross-references ... OK
* checking for missing documentation entries ... OK
* checking for code/documentation mismatches ... OK
* checking Rd \usage sections ... OK
* checking Rd contents ... OK
* checking for unstated dependencies in examples ... OK
* checking contents of ‘data’ directory ... OK
* checking data for non-ASCII characters ... OK
* checking data for ASCII and uncompressed saves ... OK
* checking sizes of PDF files under ‘inst/doc’ ... OK
* checking installed files from ‘inst/doc’ ... NOTE
The following directories should probably not be installed:
‘fig’
Consider the use of a .Rinstignore file: see ‘Writing R Extensions’,
or move the vignette sources from ‘inst/doc’ to ‘vignettes’.
* checking files in ‘vignettes’ ... OK
* checking examples ... WARNING
Found the following significant warnings:
Warning: 'applyPileups' is deprecated.
Deprecated functions may be defunct as soon as of the next release of
R.
See ?Deprecated.
Examples with CPU (user + system) or elapsed time > 5s
user system elapsed
callGenotypes 74.502 5.798 57.550
callSampleSpecificVariants 7.683 2.978 4.434
callVariants 3.785 1.469 2.124
tallyVariants 3.649 1.520 2.029
* checking for unstated dependencies in ‘tests’ ... OK
* checking tests ...
Running ‘VariantTools_unit_tests.R’
OK
* checking for unstated dependencies in vignettes ... OK
* checking package vignettes in ‘inst/doc’ ... OK
* checking running R code from vignettes ... SKIPPED
* checking re-building of vignette outputs ... SKIPPED
* checking PDF version of manual ... OK
* DONE
Status: 3 WARNINGs, 5 NOTEs
See
‘/Users/biocbuild/bbs-3.18-bioc-mac-arm64/meat/VariantTools.Rcheck/00check.log’
for details.
VariantTools.Rcheck/00install.out
############################################################################## ############################################################################## ### ### Running command: ### ### /Library/Frameworks/R.framework/Resources/bin/R CMD INSTALL VariantTools ### ############################################################################## ############################################################################## * installing to library ‘/Library/Frameworks/R.framework/Versions/4.3-arm64/Resources/library’ * installing *source* package ‘VariantTools’ ... ** using staged installation ** R ** data ** inst ** byte-compile and prepare package for lazy loading ** help *** installing help indices ** building package indices ** installing vignettes ** testing if installed package can be loaded from temporary location ** testing if installed package can be loaded from final location ** testing if installed package keeps a record of temporary installation path * DONE (VariantTools)
VariantTools.Rcheck/tests/VariantTools_unit_tests.Rout
R version 4.3.3 (2024-02-29) -- "Angel Food Cake"
Copyright (C) 2024 The R Foundation for Statistical Computing
Platform: aarch64-apple-darwin20 (64-bit)
R is free software and comes with ABSOLUTELY NO WARRANTY.
You are welcome to redistribute it under certain conditions.
Type 'license()' or 'licence()' for distribution details.
R is a collaborative project with many contributors.
Type 'contributors()' for more information and
'citation()' on how to cite R or R packages in publications.
Type 'demo()' for some demos, 'help()' for on-line help, or
'help.start()' for an HTML browser interface to help.
Type 'q()' to quit R.
> ##require("VariantTools") || stop("unable to load VariantTools package")
> ##VariantTools:::.test()
>
> proc.time()
user system elapsed
0.231 0.064 0.284
VariantTools.Rcheck/VariantTools-Ex.timings
| name | user | system | elapsed | |
| FilterConstructors | 2.101 | 0.059 | 2.182 | |
| annnotateWithControlDepth | 0.354 | 0.031 | 0.397 | |
| callGenotypes | 74.502 | 5.798 | 57.550 | |
| callSampleSpecificVariants | 7.683 | 2.978 | 4.434 | |
| callVariants | 3.785 | 1.469 | 2.124 | |
| callWildtype | 0.312 | 0.073 | 0.390 | |
| pileupVariants | 0.199 | 0.063 | 0.276 | |
| postFilterVariants | 0.284 | 0.046 | 0.334 | |
| qaVariants | 0.205 | 0.035 | 0.253 | |
| tallyVariants | 3.649 | 1.520 | 2.029 | |
| variantGR2Vcf | 0 | 0 | 0 | |
| vignette | 0.017 | 0.007 | 0.025 | |