| Back to Mac ARM64 build report for BioC 3.18 | 
 | 
This page was generated on 2024-04-18 11:32:21 -0400 (Thu, 18 Apr 2024).
| Hostname | OS | Arch (*) | R version | Installed pkgs | 
|---|---|---|---|---|
| kjohnson1 | macOS 13.6.1 Ventura | arm64 | 4.3.3 (2024-02-29) -- "Angel Food Cake" | 4388 | 
| Click on any hostname to see more info about the system (e.g. compilers) (*) as reported by 'uname -p', except on Windows and Mac OS X | ||||
| Package 2200/2266 | Hostname | OS / Arch | INSTALL | BUILD | CHECK | BUILD BIN | ||||||||
| TypeInfo 1.68.0  (landing page) Duncan Temple Lang 
 | kjohnson1 | macOS 13.6.1 Ventura / arm64 | OK | ERROR | skipped | skipped | ||||||||
| To the developers/maintainers of the TypeInfo package: - Use the following Renviron settings to reproduce errors and warnings. - If 'R CMD check' started to fail recently on the Linux builder(s) over a missing dependency, add the missing dependency to 'Suggests:' in your DESCRIPTION file. See Renviron.bioc for more information. | 
| Package: TypeInfo | 
| Version: 1.68.0 | 
| Command: /Library/Frameworks/R.framework/Resources/bin/R CMD build --keep-empty-dirs --no-resave-data TypeInfo | 
| StartedAt: 2024-04-17 04:29:17 -0400 (Wed, 17 Apr 2024) | 
| EndedAt: 2024-04-17 04:29:28 -0400 (Wed, 17 Apr 2024) | 
| EllapsedTime: 10.3 seconds | 
| RetCode: 1 | 
| Status: ERROR | 
| PackageFile: None | 
| PackageFileSize: NA | 
##############################################################################
##############################################################################
###
### Running command:
###
###   /Library/Frameworks/R.framework/Resources/bin/R CMD build --keep-empty-dirs --no-resave-data TypeInfo
###
##############################################################################
##############################################################################
* checking for file ‘TypeInfo/DESCRIPTION’ ... OK
* preparing ‘TypeInfo’:
* checking DESCRIPTION meta-information ... OK
* installing the package to build vignettes
* creating vignettes ... ERROR
--- re-building ‘TypeInfoNews.Rnw’ using Sweave
Error: processing vignette 'TypeInfoNews.Rnw' failed with diagnostics:
Running 'texi2dvi' on 'TypeInfoNews.tex' failed.
LaTeX errors:
! Missing number, treated as zero.
<to be read again> 
                   {
l.221 
      
! Emergency stop.
<to be read again> 
                   {
l.221 
      
!  ==> Fatal error occurred, no output PDF file produced!
--- failed re-building ‘TypeInfoNews.Rnw’
SUMMARY: processing the following file failed:
  ‘TypeInfoNews.Rnw’
Error: Vignette re-building failed.
Execution halted