Back to Mac ARM64 build report for BioC 3.18 |
|
This page was generated on 2024-04-18 11:32:20 -0400 (Thu, 18 Apr 2024).
Hostname | OS | Arch (*) | R version | Installed pkgs |
---|---|---|---|---|
kjohnson1 | macOS 13.6.1 Ventura | arm64 | 4.3.3 (2024-02-29) -- "Angel Food Cake" | 4388 |
Click on any hostname to see more info about the system (e.g. compilers) (*) as reported by 'uname -p', except on Windows and Mac OS X |
Package 2137/2266 | Hostname | OS / Arch | INSTALL | BUILD | CHECK | BUILD BIN | ||||||||
TimiRGeN 1.12.0 (landing page) Krutik Patel
| kjohnson1 | macOS 13.6.1 Ventura / arm64 | OK | ERROR | skipped | skipped | ||||||||
To the developers/maintainers of the TimiRGeN package: - Use the following Renviron settings to reproduce errors and warnings. - If 'R CMD check' started to fail recently on the Linux builder(s) over a missing dependency, add the missing dependency to 'Suggests:' in your DESCRIPTION file. See Renviron.bioc for more information. |
Package: TimiRGeN |
Version: 1.12.0 |
Command: /Library/Frameworks/R.framework/Resources/bin/R CMD build --keep-empty-dirs --no-resave-data TimiRGeN |
StartedAt: 2024-04-17 04:04:26 -0400 (Wed, 17 Apr 2024) |
EndedAt: 2024-04-17 04:05:46 -0400 (Wed, 17 Apr 2024) |
EllapsedTime: 79.8 seconds |
RetCode: 1 |
Status: ERROR |
PackageFile: None |
PackageFileSize: NA |
############################################################################## ############################################################################## ### ### Running command: ### ### /Library/Frameworks/R.framework/Resources/bin/R CMD build --keep-empty-dirs --no-resave-data TimiRGeN ### ############################################################################## ############################################################################## * checking for file ‘TimiRGeN/DESCRIPTION’ ... OK * preparing ‘TimiRGeN’: * checking DESCRIPTION meta-information ... OK * installing the package to build vignettes * creating vignettes ... ERROR --- re-building ‘TimiRGeN_tutorial.Rmd’ using rmarkdown Quitting from lines 290-292 [wikiMatrix_Real] (TimiRGeN_tutorial.Rmd) Error: processing vignette 'TimiRGeN_tutorial.Rmd' failed with diagnostics: subscript contains invalid names --- failed re-building ‘TimiRGeN_tutorial.Rmd’ SUMMARY: processing the following file failed: ‘TimiRGeN_tutorial.Rmd’ Error: Vignette re-building failed. Execution halted