| Back to Mac ARM64 build report for BioC 3.18 |
|
This page was generated on 2024-04-18 11:32:20 -0400 (Thu, 18 Apr 2024).
| Hostname | OS | Arch (*) | R version | Installed pkgs |
|---|---|---|---|---|
| kjohnson1 | macOS 13.6.1 Ventura | arm64 | 4.3.3 (2024-02-29) -- "Angel Food Cake" | 4388 |
| Click on any hostname to see more info about the system (e.g. compilers) (*) as reported by 'uname -p', except on Windows and Mac OS X | ||||
| Package 2112/2266 | Hostname | OS / Arch | INSTALL | BUILD | CHECK | BUILD BIN | ||||||||
| TCGAbiolinks 2.30.4 (landing page) Tiago Chedraoui Silva
| kjohnson1 | macOS 13.6.1 Ventura / arm64 | OK | ERROR | skipped | skipped | ||||||||
|
To the developers/maintainers of the TCGAbiolinks package: - Use the following Renviron settings to reproduce errors and warnings. - If 'R CMD check' started to fail recently on the Linux builder(s) over a missing dependency, add the missing dependency to 'Suggests:' in your DESCRIPTION file. See Renviron.bioc for more information. |
| Package: TCGAbiolinks |
| Version: 2.30.4 |
| Command: /Library/Frameworks/R.framework/Resources/bin/R CMD build --keep-empty-dirs --no-resave-data TCGAbiolinks |
| StartedAt: 2024-04-17 03:55:44 -0400 (Wed, 17 Apr 2024) |
| EndedAt: 2024-04-17 04:01:33 -0400 (Wed, 17 Apr 2024) |
| EllapsedTime: 348.7 seconds |
| RetCode: 1 |
| Status: ERROR |
| PackageFile: None |
| PackageFileSize: NA |
##############################################################################
##############################################################################
###
### Running command:
###
### /Library/Frameworks/R.framework/Resources/bin/R CMD build --keep-empty-dirs --no-resave-data TCGAbiolinks
###
##############################################################################
##############################################################################
* checking for file ‘TCGAbiolinks/DESCRIPTION’ ... OK
* preparing ‘TCGAbiolinks’:
* checking DESCRIPTION meta-information ... OK
* installing the package to build vignettes
* creating vignettes ... ERROR
--- re-building ‘analysis.Rmd’ using rmarkdown
Error: processing vignette 'analysis.Rmd' failed with diagnostics:
pandoc document conversion failed with error 10
--- failed re-building ‘analysis.Rmd’
--- re-building ‘casestudy.Rmd’ using rmarkdown
--- finished re-building ‘casestudy.Rmd’
--- re-building ‘classifiers.Rmd’ using rmarkdown
--- finished re-building ‘classifiers.Rmd’
--- re-building ‘clinical.Rmd’ using rmarkdown
--- finished re-building ‘clinical.Rmd’
--- re-building ‘download_prepare.Rmd’ using rmarkdown
--- finished re-building ‘download_prepare.Rmd’
--- re-building ‘extension.Rmd’ using rmarkdown
--- finished re-building ‘extension.Rmd’
--- re-building ‘index.Rmd’ using rmarkdown
[WARNING] Could not fetch resource https://maxcdn.bootstrapcdn.com/font-awesome/4.4.0/fonts/fontawesome-webfont.svg?v=4.4.0#fontawesomeregular: HttpExceptionRequest Request {
host = "maxcdn.bootstrapcdn.com"
port = 443
secure = True
requestHeaders = []
path = "/font-awesome/4.4.0/fonts/fontawesome-webfont.svg"
queryString = "?v=4.4.0"
method = "GET"
proxy = Nothing
rawBody = False
redirectCount = 10
responseTimeout = ResponseTimeoutDefault
requestVersion = HTTP/1.1
proxySecureMode = ProxySecureWithConnect
}
(InternalException (HandshakeFailed (Error_Protocol ("certificate rejected: [InvalidSignature SignatureInvalid]",True,CertificateUnknown))))
--- finished re-building ‘index.Rmd’
--- re-building ‘mutation.Rmd’ using rmarkdown
2024-04-17 04:00:09.805 R[40787:450576097] XType: Using static font registry.
--- finished re-building ‘mutation.Rmd’
--- re-building ‘query.Rmd’ using rmarkdown
--- finished re-building ‘query.Rmd’
--- re-building ‘stemness_score.Rmd’ using rmarkdown
--- finished re-building ‘stemness_score.Rmd’
--- re-building ‘subtypes.Rmd’ using rmarkdown
--- finished re-building ‘subtypes.Rmd’
SUMMARY: processing the following file failed:
‘analysis.Rmd’
Error: Vignette re-building failed.
Execution halted