| Back to Mac ARM64 build report for BioC 3.18 |
|
This page was generated on 2024-04-18 11:32:19 -0400 (Thu, 18 Apr 2024).
| Hostname | OS | Arch (*) | R version | Installed pkgs |
|---|---|---|---|---|
| kjohnson1 | macOS 13.6.1 Ventura | arm64 | 4.3.3 (2024-02-29) -- "Angel Food Cake" | 4388 |
| Click on any hostname to see more info about the system (e.g. compilers) (*) as reported by 'uname -p', except on Windows and Mac OS X | ||||
| Package 2034/2266 | Hostname | OS / Arch | INSTALL | BUILD | CHECK | BUILD BIN | ||||||||
| SPLINTER 1.28.0 (landing page) Diana Low
| kjohnson1 | macOS 13.6.1 Ventura / arm64 | OK | ERROR | skipped | skipped | ||||||||
|
To the developers/maintainers of the SPLINTER package: - Use the following Renviron settings to reproduce errors and warnings. - If 'R CMD check' started to fail recently on the Linux builder(s) over a missing dependency, add the missing dependency to 'Suggests:' in your DESCRIPTION file. See Renviron.bioc for more information. |
| Package: SPLINTER |
| Version: 1.28.0 |
| Command: /Library/Frameworks/R.framework/Resources/bin/R CMD build --keep-empty-dirs --no-resave-data SPLINTER |
| StartedAt: 2024-04-17 03:26:19 -0400 (Wed, 17 Apr 2024) |
| EndedAt: 2024-04-17 03:28:17 -0400 (Wed, 17 Apr 2024) |
| EllapsedTime: 118.3 seconds |
| RetCode: 1 |
| Status: ERROR |
| PackageFile: None |
| PackageFileSize: NA |
##############################################################################
##############################################################################
###
### Running command:
###
### /Library/Frameworks/R.framework/Resources/bin/R CMD build --keep-empty-dirs --no-resave-data SPLINTER
###
##############################################################################
##############################################################################
* checking for file ‘SPLINTER/DESCRIPTION’ ... OK
* preparing ‘SPLINTER’:
* checking DESCRIPTION meta-information ... OK
* installing the package to build vignettes
* creating vignettes ... ERROR
--- re-building ‘vignette.Rmd’ using rmarkdown
! Undefined control sequence.
<argument> @{} >{\raggedright \arraybackslash
}p{(\columnwidth - 4\tabcolsep...
l.352 ...width - 4\tabcolsep) * \real{0.3676}}@{}}
Error: processing vignette 'vignette.Rmd' failed with diagnostics:
LaTeX failed to compile /private/tmp/RtmpAmGCl7/Rbuild67e01b33c45c/SPLINTER/vignettes/vignette.tex. See https://yihui.org/tinytex/r/#debugging for debugging tips. See vignette.log for more info.
--- failed re-building ‘vignette.Rmd’
SUMMARY: processing the following file failed:
‘vignette.Rmd’
Error: Vignette re-building failed.
Execution halted