| Back to Mac ARM64 build report for BioC 3.18 |
|
This page was generated on 2024-01-04 17:32:24 -0500 (Thu, 04 Jan 2024).
| Hostname | OS | Arch (*) | R version | Installed pkgs |
|---|---|---|---|---|
| kjohnson1 | macOS 13.6.1 Ventura | arm64 | 4.3.2 (2023-10-31) -- "Eye Holes" | 4394 |
| Click on any hostname to see more info about the system (e.g. compilers) (*) as reported by 'uname -p', except on Windows and Mac OS X | ||||
| Package 1038/2266 | Hostname | OS / Arch | INSTALL | BUILD | CHECK | BUILD BIN | ||||||||
| IntOMICS 1.2.0 (landing page) Pacinkova Anna
| kjohnson1 | macOS 13.6.1 Ventura / arm64 | OK | OK | WARNINGS | OK | ||||||||
|
To the developers/maintainers of the IntOMICS package: - Use the following Renviron settings to reproduce errors and warnings. - If 'R CMD check' started to fail recently on the Linux builder(s) over a missing dependency, add the missing dependency to 'Suggests:' in your DESCRIPTION file. See Renviron.bioc for more information. |
| Package: IntOMICS |
| Version: 1.2.0 |
| Command: /Library/Frameworks/R.framework/Resources/bin/R CMD check --install=check:IntOMICS.install-out.txt --library=/Library/Frameworks/R.framework/Resources/library --no-vignettes --timings IntOMICS_1.2.0.tar.gz |
| StartedAt: 2024-01-03 16:57:16 -0500 (Wed, 03 Jan 2024) |
| EndedAt: 2024-01-03 17:02:18 -0500 (Wed, 03 Jan 2024) |
| EllapsedTime: 301.6 seconds |
| RetCode: 0 |
| Status: WARNINGS |
| CheckDir: IntOMICS.Rcheck |
| Warnings: 1 |
##############################################################################
##############################################################################
###
### Running command:
###
### /Library/Frameworks/R.framework/Resources/bin/R CMD check --install=check:IntOMICS.install-out.txt --library=/Library/Frameworks/R.framework/Resources/library --no-vignettes --timings IntOMICS_1.2.0.tar.gz
###
##############################################################################
##############################################################################
* using log directory ‘/Users/biocbuild/bbs-3.18-bioc-mac-arm64/meat/IntOMICS.Rcheck’
* using R version 4.3.2 (2023-10-31)
* using platform: aarch64-apple-darwin20 (64-bit)
* R was compiled by
Apple clang version 14.0.0 (clang-1400.0.29.202)
GNU Fortran (GCC) 12.2.0
* running under: macOS Ventura 13.6.1
* using session charset: UTF-8
* using option ‘--no-vignettes’
* checking for file ‘IntOMICS/DESCRIPTION’ ... OK
* checking extension type ... Package
* this is package ‘IntOMICS’ version ‘1.2.0’
* package encoding: UTF-8
* checking package namespace information ... OK
* checking package dependencies ... OK
* checking if this is a source package ... OK
* checking if there is a namespace ... OK
* checking for hidden files and directories ... OK
* checking for portable file names ... OK
* checking for sufficient/correct file permissions ... OK
* checking whether package ‘IntOMICS’ can be installed ... OK
* checking installed package size ... OK
* checking package directory ... OK
* checking ‘build’ directory ... OK
* checking DESCRIPTION meta-information ... OK
* checking top-level files ... OK
* checking for left-over files ... OK
* checking index information ... OK
* checking package subdirectories ... OK
* checking R files for non-ASCII characters ... OK
* checking R files for syntax errors ... OK
* checking whether the package can be loaded ... OK
* checking whether the package can be loaded with stated dependencies ... OK
* checking whether the package can be unloaded cleanly ... OK
* checking whether the namespace can be loaded with stated dependencies ... OK
* checking whether the namespace can be unloaded cleanly ... OK
* checking dependencies in R code ... OK
* checking S3 generic/method consistency ... OK
* checking replacement functions ... OK
* checking foreign function calls ... OK
* checking R code for possible problems ... OK
* checking Rd files ... OK
* checking Rd metadata ... OK
* checking Rd cross-references ... OK
* checking for missing documentation entries ... OK
* checking for code/documentation mismatches ... OK
* checking Rd \usage sections ... OK
* checking Rd contents ... OK
* checking for unstated dependencies in examples ... OK
* checking contents of ‘data’ directory ... OK
* checking data for non-ASCII characters ... OK
* checking data for ASCII and uncompressed saves ... WARNING
Warning: package needs dependence on R (>= 2.10)
* checking files in ‘vignettes’ ... OK
* checking examples ... OK
Examples with CPU (user + system) or elapsed time > 5s
user system elapsed
dens_edge_weights 5.267 0.06 5.55
* checking for unstated dependencies in ‘tests’ ... OK
* checking tests ...
Running ‘testthat.R’
OK
* checking for unstated dependencies in vignettes ... OK
* checking package vignettes in ‘inst/doc’ ... OK
* checking running R code from vignettes ... SKIPPED
* checking re-building of vignette outputs ... SKIPPED
* checking PDF version of manual ... OK
* DONE
Status: 1 WARNING
See
‘/Users/biocbuild/bbs-3.18-bioc-mac-arm64/meat/IntOMICS.Rcheck/00check.log’
for details.
IntOMICS.Rcheck/00install.out
############################################################################## ############################################################################## ### ### Running command: ### ### /Library/Frameworks/R.framework/Resources/bin/R CMD INSTALL IntOMICS ### ############################################################################## ############################################################################## * installing to library ‘/Library/Frameworks/R.framework/Versions/4.3-arm64/Resources/library’ * installing *source* package ‘IntOMICS’ ... ** using staged installation ** R ** data ** inst ** byte-compile and prepare package for lazy loading ** help *** installing help indices ** building package indices ** installing vignettes ** testing if installed package can be loaded from temporary location ** testing if installed package can be loaded from final location ** testing if installed package keeps a record of temporary installation path * DONE (IntOMICS)
IntOMICS.Rcheck/tests/testthat.Rout
R version 4.3.2 (2023-10-31) -- "Eye Holes"
Copyright (C) 2023 The R Foundation for Statistical Computing
Platform: aarch64-apple-darwin20 (64-bit)
R is free software and comes with ABSOLUTELY NO WARRANTY.
You are welcome to redistribute it under certain conditions.
Type 'license()' or 'licence()' for distribution details.
R is a collaborative project with many contributors.
Type 'contributors()' for more information and
'citation()' on how to cite R or R packages in publications.
Type 'demo()' for some demos, 'help()' for on-line help, or
'help.start()' for an HTML browser interface to help.
Type 'q()' to quit R.
> library(testthat)
> library(IntOMICS)
>
> test_check("IntOMICS")
[ FAIL 0 | WARN 0 | SKIP 1 | PASS 23 ]
══ Skipped tests (1) ═══════════════════════════════════════════════════════════
• empty test (1): 'test_bn_module.R:1:1'
[ FAIL 0 | WARN 0 | SKIP 1 | PASS 23 ]
>
> proc.time()
user system elapsed
22.721 0.738 25.567
IntOMICS.Rcheck/IntOMICS-Ex.timings
| name | user | system | elapsed | |
| B_prior_mat_weighted | 0.000 | 0.001 | 0.000 | |
| CPDAGs_sim1 | 0 | 0 | 0 | |
| CPDAGs_sim2 | 0 | 0 | 0 | |
| MCMC_sapling_res | 0.001 | 0.001 | 0.001 | |
| beta_tuning | 0 | 0 | 0 | |
| bn_module | 0.000 | 0.001 | 0.000 | |
| dens_edge_weights | 5.267 | 0.060 | 5.550 | |
| edge_weights | 2.699 | 0.043 | 3.114 | |
| emp_b_heatmap | 4.348 | 0.045 | 4.574 | |
| estimated_beta | 0.000 | 0.000 | 0.001 | |
| estimated_len | 0 | 0 | 0 | |
| ggraph_weighted_net | 0.000 | 0.001 | 0.001 | |
| omics_module | 1.626 | 0.040 | 1.791 | |
| rms | 0.000 | 0.001 | 0.000 | |
| trace_plots | 0 | 0 | 0 | |
| weighted_net | 3.655 | 0.029 | 4.120 | |