| Back to Mac ARM64 build report for BioC 3.18 |
|
This page was generated on 2024-04-18 11:32:10 -0400 (Thu, 18 Apr 2024).
| Hostname | OS | Arch (*) | R version | Installed pkgs |
|---|---|---|---|---|
| kjohnson1 | macOS 13.6.1 Ventura | arm64 | 4.3.3 (2024-02-29) -- "Angel Food Cake" | 4388 |
| Click on any hostname to see more info about the system (e.g. compilers) (*) as reported by 'uname -p', except on Windows and Mac OS X | ||||
| Package 749/2266 | Hostname | OS / Arch | INSTALL | BUILD | CHECK | BUILD BIN | ||||||||
| FoldGO 1.20.0 (landing page) Daniil Wiebe
| kjohnson1 | macOS 13.6.1 Ventura / arm64 | OK | OK | WARNINGS | OK | ||||||||
|
To the developers/maintainers of the FoldGO package: - Use the following Renviron settings to reproduce errors and warnings. - If 'R CMD check' started to fail recently on the Linux builder(s) over a missing dependency, add the missing dependency to 'Suggests:' in your DESCRIPTION file. See Renviron.bioc for more information. |
| Package: FoldGO |
| Version: 1.20.0 |
| Command: /Library/Frameworks/R.framework/Resources/bin/R CMD check --install=check:FoldGO.install-out.txt --library=/Library/Frameworks/R.framework/Resources/library --no-vignettes --timings FoldGO_1.20.0.tar.gz |
| StartedAt: 2024-04-17 14:03:58 -0400 (Wed, 17 Apr 2024) |
| EndedAt: 2024-04-17 14:06:37 -0400 (Wed, 17 Apr 2024) |
| EllapsedTime: 159.3 seconds |
| RetCode: 0 |
| Status: WARNINGS |
| CheckDir: FoldGO.Rcheck |
| Warnings: 1 |
##############################################################################
##############################################################################
###
### Running command:
###
### /Library/Frameworks/R.framework/Resources/bin/R CMD check --install=check:FoldGO.install-out.txt --library=/Library/Frameworks/R.framework/Resources/library --no-vignettes --timings FoldGO_1.20.0.tar.gz
###
##############################################################################
##############################################################################
* using log directory ‘/Users/biocbuild/bbs-3.18-bioc-mac-arm64/meat/FoldGO.Rcheck’
* using R version 4.3.3 (2024-02-29)
* using platform: aarch64-apple-darwin20 (64-bit)
* R was compiled by
Apple clang version 14.0.0 (clang-1400.0.29.202)
GNU Fortran (GCC) 12.2.0
* running under: macOS Ventura 13.6.1
* using session charset: UTF-8
* using option ‘--no-vignettes’
* checking for file ‘FoldGO/DESCRIPTION’ ... OK
* checking extension type ... Package
* this is package ‘FoldGO’ version ‘1.20.0’
* package encoding: UTF-8
* checking package namespace information ... OK
* checking package dependencies ... OK
* checking if this is a source package ... OK
* checking if there is a namespace ... OK
* checking for hidden files and directories ... OK
* checking for portable file names ... OK
* checking for sufficient/correct file permissions ... OK
* checking whether package ‘FoldGO’ can be installed ... OK
* checking installed package size ... OK
* checking package directory ... OK
* checking ‘build’ directory ... OK
* checking DESCRIPTION meta-information ... OK
* checking top-level files ... OK
* checking for left-over files ... OK
* checking index information ... OK
* checking package subdirectories ... OK
* checking R files for non-ASCII characters ... OK
* checking R files for syntax errors ... OK
* checking whether the package can be loaded ... OK
* checking whether the package can be loaded with stated dependencies ... OK
* checking whether the package can be unloaded cleanly ... OK
* checking whether the namespace can be loaded with stated dependencies ... OK
* checking whether the namespace can be unloaded cleanly ... OK
* checking dependencies in R code ... OK
* checking S3 generic/method consistency ... OK
* checking replacement functions ... OK
* checking foreign function calls ... OK
* checking R code for possible problems ... OK
* checking Rd files ... WARNING
checkRd: (5) fagroupstopgo_class.Rd:16: \item in \describe must have non-empty label
checkRd: (5) fagroupstopgo_class.Rd:17: \item in \describe must have non-empty label
checkRd: (5) fagroupstopgo_class.Rd:18-19: \item in \describe must have non-empty label
checkRd: (5) fagroupstopgo_class.Rd:20-21: \item in \describe must have non-empty label
checkRd: (5) fagroupstopgo_class.Rd:22: \item in \describe must have non-empty label
checkRd: (5) fagroupstopgo_class.Rd:23: \item in \describe must have non-empty label
checkRd: (5) fagroupstopgo_class.Rd:25: \item in \describe must have non-empty label
checkRd: (5) fagroupstopgo_class.Rd:26-27: \item in \describe must have non-empty label
checkRd: (5) fagroupstopgo_class.Rd:28-29: \item in \describe must have non-empty label
checkRd: (5) fagroupstopgo_class.Rd:30-31: \item in \describe must have non-empty label
checkRd: (5) fagroupstopgo_class.Rd:32-33: \item in \describe must have non-empty label
checkRd: (5) fagroupstopgo_class.Rd:42: \item in \describe must have non-empty label
checkRd: (5) foldspectest_class.Rd:21: \item in \describe must have non-empty label
checkRd: (5) foldspectest_class.Rd:22: \item in \describe must have non-empty label
checkRd: (5) foldspectest_class.Rd:23: \item in \describe must have non-empty label
checkRd: (5) foldspectest_class.Rd:24-25: \item in \describe must have non-empty label
checkRd: (5) foldspectest_class.Rd:26-27: \item in \describe must have non-empty label
checkRd: (5) foldspectest_class.Rd:35: \item in \describe must have non-empty label
checkRd: (5) foldspectest_class.Rd:36: \item in \describe must have non-empty label
checkRd: (5) foldspectest_class.Rd:37: \item in \describe must have non-empty label
checkRd: (5) foldspectest_class.Rd:38: \item in \describe must have non-empty label
checkRd: (5) gafreader_class.Rd:19: \item in \describe must have non-empty label
checkRd: (5) gafreader_class.Rd:20: \item in \describe must have non-empty label
checkRd: (5) gafreader_class.Rd:28: \item in \describe must have non-empty label
checkRd: (5) gafreader_class.Rd:29: \item in \describe must have non-empty label
checkRd: (5) gafreader_class.Rd:37-38: \item in \describe must have non-empty label
checkRd: (5) genegroups_class.Rd:24-25: \item in \describe must have non-empty label
checkRd: (5) genegroups_class.Rd:26: \item in \describe must have non-empty label
checkRd: (5) genegroups_class.Rd:27: \item in \describe must have non-empty label
checkRd: (5) genegroups_class.Rd:35-36: \item in \describe must have non-empty label
checkRd: (5) genegroups_class.Rd:37-38: \item in \describe must have non-empty label
checkRd: (5) genegroups_class.Rd:39: \item in \describe must have non-empty label
checkRd: (5) genegroups_class.Rd:40: \item in \describe must have non-empty label
checkRd: (5) genegroups_class.Rd:41: \item in \describe must have non-empty label
* checking Rd metadata ... OK
* checking Rd cross-references ... OK
* checking for missing documentation entries ... OK
* checking for code/documentation mismatches ... OK
* checking Rd \usage sections ... OK
* checking Rd contents ... OK
* checking for unstated dependencies in examples ... OK
* checking contents of ‘data’ directory ... OK
* checking data for non-ASCII characters ... OK
* checking LazyData ... OK
* checking data for ASCII and uncompressed saves ... OK
* checking files in ‘vignettes’ ... OK
* checking examples ... OK
Examples with CPU (user + system) or elapsed time > 5s
user system elapsed
fagroupstopgo_class 6.288 0.148 6.443
* checking for unstated dependencies in vignettes ... OK
* checking package vignettes in ‘inst/doc’ ... OK
* checking running R code from vignettes ... SKIPPED
* checking re-building of vignette outputs ... SKIPPED
* checking PDF version of manual ... OK
* DONE
Status: 1 WARNING
See
‘/Users/biocbuild/bbs-3.18-bioc-mac-arm64/meat/FoldGO.Rcheck/00check.log’
for details.
FoldGO.Rcheck/00install.out
############################################################################## ############################################################################## ### ### Running command: ### ### /Library/Frameworks/R.framework/Resources/bin/R CMD INSTALL FoldGO ### ############################################################################## ############################################################################## * installing to library ‘/Library/Frameworks/R.framework/Versions/4.3-arm64/Resources/library’ * installing *source* package ‘FoldGO’ ... ** using staged installation ** R ** data *** moving datasets to lazyload DB ** inst ** byte-compile and prepare package for lazy loading in method for ‘getAnnotation’ with signature ‘"MgsaSets"’: no definition for class “MgsaSets” ** help *** installing help indices ** building package indices ** installing vignettes ** testing if installed package can be loaded from temporary location ** testing if installed package can be loaded from final location ** testing if installed package keeps a record of temporary installation path * DONE (FoldGO)
FoldGO.Rcheck/FoldGO-Ex.timings
| name | user | system | elapsed | |
| examdata_bg | 0.003 | 0.002 | 0.005 | |
| examdata_degs | 0.001 | 0.001 | 0.002 | |
| examdata_objs | 0.002 | 0.003 | 0.004 | |
| fagroupstopgo_class | 6.288 | 0.148 | 6.443 | |
| foldspectest_class | 2.336 | 0.056 | 2.403 | |
| gafreader_class | 2.327 | 0.657 | 3.026 | |
| genegroups_class | 0.027 | 0.039 | 0.066 | |
| getAnnotation | 0 | 0 | 0 | |
| getWholeIntName | 2.450 | 0.095 | 2.546 | |
| plot-FoldSpecTest-ANY-method | 3.629 | 0.053 | 3.688 | |