Back to Multiple platform build/check report for BioC 3.18:   simplified   long
ABCDEFGHIJKLMNOPQRS[T]UVWXYZ

This page was generated on 2023-09-18 11:40:50 -0400 (Mon, 18 Sep 2023).

HostnameOSArch (*)R versionInstalled pkgs
nebbiolo2Linux (Ubuntu 22.04.2 LTS)x86_644.3.1 (2023-06-16) -- "Beagle Scouts" 4654
palomino4Windows Server 2022 Datacenterx644.3.1 (2023-06-16 ucrt) -- "Beagle Scouts" 4388
lconwaymacOS 12.6.5 Montereyx86_644.3.1 Patched (2023-06-17 r84564) -- "Beagle Scouts" 4402
kunpeng2Linux (openEuler 22.03 LTS-SP1)aarch644.3.1 (2023-06-16) -- "Beagle Scouts" 4391
Click on any hostname to see more info about the system (e.g. compilers)      (*) as reported by 'uname -p', except on Windows and Mac OS X

Package 2092/2229HostnameOS / ArchINSTALLBUILDCHECKBUILD BIN
tidybulk 1.13.1  (landing page)
Stefano Mangiola
Snapshot Date: 2023-09-17 14:05:07 -0400 (Sun, 17 Sep 2023)
git_url: https://git.bioconductor.org/packages/tidybulk
git_branch: devel
git_last_commit: 1b4cace
git_last_commit_date: 2023-08-30 22:31:13 -0400 (Wed, 30 Aug 2023)
nebbiolo2Linux (Ubuntu 22.04.2 LTS) / x86_64  OK    OK    WARNINGS  UNNEEDED, same version is already published
palomino4Windows Server 2022 Datacenter / x64  OK    OK    ERROR    OK  
lconwaymacOS 12.6.5 Monterey / x86_64  OK    OK    ERROR    OK  
kunpeng2Linux (openEuler 22.03 LTS-SP1) / aarch64  OK    OK    ERROR  

CHECK results for tidybulk on kunpeng2


To the developers/maintainers of the tidybulk package:
- Allow up to 24 hours (and sometimes 48 hours) for your latest push to git@git.bioconductor.org:packages/tidybulk.git to reflect on this report. See Troubleshooting Build Report for more information.
- Use the following Renviron settings to reproduce errors and warnings.
- If 'R CMD check' started to fail recently on the Linux builder(s) over a missing dependency, add the missing dependency to 'Suggests:' in your DESCRIPTION file. See Renviron.bioc for more information.
- See Martin Grigorov's blog post for how to debug Linux ARM64 related issues on a x86_64 host.

raw results


Summary

Package: tidybulk
Version: 1.13.1
Command: /home/biocbuild/R/R-4.3.1/bin/R CMD check --install=check:tidybulk.install-out.txt --library=/home/biocbuild/R/R-4.3.1/site-library --timings tidybulk_1.13.1.tar.gz
StartedAt: 2023-09-18 10:54:49 -0000 (Mon, 18 Sep 2023)
EndedAt: 2023-09-18 11:08:37 -0000 (Mon, 18 Sep 2023)
EllapsedTime: 827.5 seconds
RetCode: 1
Status:   ERROR  
CheckDir: tidybulk.Rcheck
Warnings: NA

Command output

##############################################################################
##############################################################################
###
### Running command:
###
###   /home/biocbuild/R/R-4.3.1/bin/R CMD check --install=check:tidybulk.install-out.txt --library=/home/biocbuild/R/R-4.3.1/site-library --timings tidybulk_1.13.1.tar.gz
###
##############################################################################
##############################################################################


* using log directory ‘/home/biocbuild/bbs-3.18-bioc/meat/tidybulk.Rcheck’
* using R version 4.3.1 (2023-06-16)
* using platform: aarch64-unknown-linux-gnu (64-bit)
* R was compiled by
    gcc (GCC) 10.3.1
    GNU Fortran (GCC) 10.3.1
* running under: openEuler 22.03 (LTS-SP1)
* using session charset: UTF-8
* checking for file ‘tidybulk/DESCRIPTION’ ... OK
* checking extension type ... Package
* this is package ‘tidybulk’ version ‘1.13.1’
* package encoding: UTF-8
* checking package namespace information ... OK
* checking package dependencies ... OK
* checking if this is a source package ... OK
* checking if there is a namespace ... OK
* checking for hidden files and directories ... OK
* checking for portable file names ... OK
* checking for sufficient/correct file permissions ... OK
* checking whether package ‘tidybulk’ can be installed ... OK
* checking installed package size ... OK
* checking package directory ... OK
* checking ‘build’ directory ... OK
* checking DESCRIPTION meta-information ... OK
* checking top-level files ... OK
* checking for left-over files ... OK
* checking index information ... OK
* checking package subdirectories ... OK
* checking R files for non-ASCII characters ... OK
* checking R files for syntax errors ... OK
* checking whether the package can be loaded ... OK
* checking whether the package can be loaded with stated dependencies ... OK
* checking whether the package can be unloaded cleanly ... OK
* checking whether the namespace can be loaded with stated dependencies ... OK
* checking whether the namespace can be unloaded cleanly ... OK
* checking loading without being on the library search path ... OK
* checking startup messages can be suppressed ... OK
* checking dependencies in R code ... WARNING
'::' or ':::' import not declared from: ‘pkgconfig’
Unexported objects imported by ':::' calls:
  ‘glmmSeq:::glmmTMBcore’ ‘glmmSeq:::hyp_matrix’ ‘glmmSeq:::lmer_wald’
  ‘glmmSeq:::organiseStats’
  See the note in ?`:::` about the use of this operator.
* checking S3 generic/method consistency ... OK
* checking replacement functions ... OK
* checking foreign function calls ... OK
* checking R code for possible problems ... NOTE
.adjust_abundance_se: no visible binding for global variable ‘x’
.aggregate_duplicates_se: no visible binding for global variable
  ‘group_name’
.aggregate_duplicates_se: no visible binding for global variable
  ‘group’
.deconvolve_cellularity_se: no visible binding for global variable
  ‘X_cibersort’
.describe_transcript_SE: no visible binding for global variable
  ‘transcript’
.describe_transcript_SE: no visible binding for global variable
  ‘description’
.identify_abundant: no visible binding for global variable ‘.abundant’
.keep_abundant: no visible binding for global variable ‘.abundant’
.pivot_sample: no visible binding for global variable ‘.’
.quantile_normalise_abundance: no visible binding for global variable
  ‘x’
.quantile_normalise_abundance_se: no visible binding for global
  variable ‘x’
.scale_abundance: no visible binding for global variable ‘x’
.scale_abundance: no visible binding for global variable ‘multiplier’
.scale_abundance_se: no visible binding for global variable ‘x’
.test_differential_abundance_se: no visible binding for global variable
  ‘.contrasts’
.test_differential_cellularity: no visible binding for global variable
  ‘X_cibersort’
.test_differential_cellularity_se: no visible binding for global
  variable ‘X_cibersort’
.test_differential_cellularity_se: no visible binding for global
  variable ‘cell_type’
.test_differential_cellularity_se: no visible binding for global
  variable ‘prop’
.test_differential_cellularity_se: no visible binding for global
  variable ‘.cell_type’
.test_gene_enrichment_SE: no visible global function definition for
  ‘buildCustomIdx’
.test_gene_enrichment_SE: no visible global function definition for
  ‘buildIdx’
.test_gene_enrichment_SE: no visible global function definition for
  ‘egsea’
.test_gene_enrichment_SE: no visible binding for global variable
  ‘pathway’
.test_gene_enrichment_SE: no visible binding for global variable
  ‘data_base’
.test_gene_enrichment_SE: no visible binding for global variable
  ‘web_page’
.test_gene_overrepresentation: no visible binding for global variable
  ‘my_do_test’
.test_gene_overrepresentation_SE: no visible binding for global
  variable ‘my_do_test’
.test_gene_rank: no visible global function definition for ‘desc’
.test_gene_rank_SE: no visible global function definition for ‘desc’
.test_stratification_cellularity: no visible binding for global
  variable ‘X_cibersort’
.test_stratification_cellularity_SE: no visible binding for global
  variable ‘X_cibersort’
.test_stratification_cellularity_SE: no visible binding for global
  variable ‘.cell_type’
add_scaled_counts_bulk.calcNormFactor: no visible binding for global
  variable ‘transcript’
aggregate_duplicated_transcripts_DT: no visible binding for global
  variable ‘.abundance_scaled’
aggregate_duplicated_transcripts_bulk: no visible binding for global
  variable ‘.abundance_scaled’
aggregate_duplicated_transcripts_bulk: no visible binding for global
  variable ‘n_aggr’
aggregate_duplicated_transcripts_bulk: no visible global function
  definition for ‘where’
as_matrix: no visible binding for global variable ‘variable’
call_core: no visible binding for global variable ‘nulldist’
change_reserved_column_names: no visible binding for global variable
  ‘.’
check_if_duplicated_genes: no visible binding for global variable
  ‘transcript’
check_if_duplicated_genes: no visible binding for global variable ‘read
  count’
counts_scaled_exist_SE: no visible binding for global variable
  ‘tt_columns’
counts_scaled_exist_SE: no visible binding for global variable ‘.’
create_tt_from_bam_sam_bulk: no visible binding for global variable ‘.’
create_tt_from_bam_sam_bulk: no visible binding for global variable
  ‘temp’
create_tt_from_bam_sam_bulk: no visible binding for global variable
  ‘Status’
create_tt_from_bam_sam_bulk: no visible binding for global variable
  ‘counts’
create_tt_from_bam_sam_bulk: no visible binding for global variable
  ‘GeneID’
create_tt_from_bam_sam_bulk: no visible binding for global variable
  ‘genes’
create_tt_from_bam_sam_bulk: no visible binding for global variable
  ‘samples’
create_tt_from_bam_sam_bulk: no visible binding for global variable
  ‘transcript’
eliminate_sparse_transcripts: no visible global function definition for
  ‘add_count’
eliminate_sparse_transcripts: no visible binding for global variable
  ‘my_n’
entrez_over_to_gsea: no visible binding for global variable ‘gs_cat’
entrez_over_to_gsea: no visible binding for global variable ‘test’
entrez_over_to_gsea: no visible binding for global variable ‘geneID’
entrez_rank_to_gsea: no visible binding for global variable ‘gs_cat’
entrez_rank_to_gsea: no visible binding for global variable ‘fit’
error_if_duplicated_genes: no visible binding for global variable
  ‘transcript’
error_if_duplicated_genes: no visible binding for global variable ‘read
  count’
error_if_duplicated_genes: no visible global function definition for
  ‘desc’
error_if_log_transformed: no visible binding for global variable ‘m’
fill_NA_matrix_with_factor_colwise: no visible binding for global
  variable ‘.’
fill_NA_using_formula: no visible binding for global variable ‘NUL’
fill_NA_using_formula: no visible binding for global variable ‘ct_data’
fill_NA_using_formula: no visible binding for global variable
  ‘library_size__’
fill_NA_using_formula: no visible binding for global variable
  ‘cov_data’
filter_genes_on_condition: no visible binding for global variable
  ‘.feature’
get_abundance_norm_if_exists: no visible binding for global variable
  ‘.abundance_scaled’
get_adjusted_counts_for_unwanted_variation_bulk: no visible binding for
  global variable ‘.’
get_adjusted_counts_for_unwanted_variation_bulk: no visible global
  function definition for ‘all_of’
get_assay_scaled_if_exists_SE: no visible binding for global variable
  ‘tt_columns’
get_assay_scaled_if_exists_SE: no visible binding for global variable
  ‘.abundance_scaled’
get_cell_type_proportions: no visible binding for global variable ‘.’
get_clusters_SNN_bulk: no visible binding for global variable
  ‘seurat_clusters’
get_clusters_SNN_bulk_SE: no visible binding for global variable ‘.’
get_clusters_SNN_bulk_SE: no visible binding for global variable
  ‘seurat_clusters’
get_clusters_kmeans_bulk: no visible binding for global variable ‘.’
get_clusters_kmeans_bulk: no visible binding for global variable
  ‘cluster’
get_clusters_kmeans_bulk: no visible binding for global variable
  ‘cluster kmeans’
get_clusters_kmeans_bulk_SE: no visible binding for global variable ‘.’
get_clusters_kmeans_bulk_SE: no visible binding for global variable
  ‘cluster’
get_differential_transcript_abundance_bulk: no visible binding for
  global variable ‘.’
get_differential_transcript_abundance_bulk_SE: no visible binding for
  global variable ‘.’
get_differential_transcript_abundance_bulk_voom: no visible binding for
  global variable ‘.’
get_differential_transcript_abundance_bulk_voom_SE: no visible binding
  for global variable ‘.’
get_differential_transcript_abundance_deseq2: no visible binding for
  global variable ‘counts’
get_differential_transcript_abundance_deseq2: no visible binding for
  global variable ‘.’
get_differential_transcript_abundance_deseq2_SE: no visible binding for
  global variable ‘.’
get_differential_transcript_abundance_glmmSeq: no visible binding for
  global variable ‘.’
get_differential_transcript_abundance_glmmSeq_SE: no visible binding
  for global variable ‘.’
get_reduced_dimensions_MDS_bulk: no visible binding for global variable
  ‘Component’
get_reduced_dimensions_MDS_bulk: no visible binding for global variable
  ‘Component value’
get_reduced_dimensions_MDS_bulk_SE: no visible binding for global
  variable ‘Component’
get_reduced_dimensions_MDS_bulk_SE: no visible binding for global
  variable ‘Component value’
get_reduced_dimensions_PCA_bulk: no visible binding for global variable
  ‘sdev’
get_reduced_dimensions_PCA_bulk: no visible binding for global variable
  ‘name’
get_reduced_dimensions_PCA_bulk: no visible binding for global variable
  ‘value’
get_reduced_dimensions_PCA_bulk: no visible binding for global variable
  ‘x’
get_reduced_dimensions_PCA_bulk_SE: no visible binding for global
  variable ‘sdev’
get_reduced_dimensions_PCA_bulk_SE: no visible binding for global
  variable ‘name’
get_reduced_dimensions_PCA_bulk_SE: no visible binding for global
  variable ‘value’
get_reduced_dimensions_PCA_bulk_SE: no visible binding for global
  variable ‘x’
get_reduced_dimensions_TSNE_bulk: no visible binding for global
  variable ‘Y’
get_reduced_dimensions_TSNE_bulk_SE: no visible binding for global
  variable ‘Y’
get_reduced_dimensions_UMAP_bulk_SE: no visible binding for global
  variable ‘x’
get_rotated_dimensions: no visible binding for global variable ‘value’
get_rotated_dimensions: no visible binding for global variable ‘rotated
  dimensions’
get_scaled_counts_bulk: no visible binding for global variable ‘med’
get_scaled_counts_bulk: no visible binding for global variable
  ‘tot_filt’
get_scaled_counts_bulk: no visible binding for global variable ‘nf’
get_scaled_counts_bulk: no visible binding for global variable ‘.’
get_scaled_counts_bulk: no visible binding for global variable ‘tot’
get_symbol_from_ensembl: no visible binding for global variable
  ‘ensembl_id’
get_symbol_from_ensembl: no visible binding for global variable
  ‘transcript’
get_symbol_from_ensembl: no visible binding for global variable
  ‘ref_genome’
get_tt_columns: no visible binding for global variable ‘tt_columns’
glmerCore: no visible global function definition for ‘coef’
glmerCore: no visible global function definition for ‘vcov’
glmerCore: no visible global function definition for ‘AIC’
glmerCore: no visible global function definition for ‘logLik’
glmerCore: no visible global function definition for ‘anova’
glmerCore: no visible global function definition for ‘predict’
glmmSeq: no visible binding for global variable ‘nbinom2’
glmmSeq: no visible global function definition for ‘glmmTMBControl’
glmmSeq: no visible global function definition for ‘update.formula’
initialise_tt_internals: no visible binding for global variable ‘.’
lmer_to_confidence_intervals_random_effects: no visible binding for
  global variable ‘group_id’
lmer_to_confidence_intervals_random_effects: no visible binding for
  global variable ‘parameter’
lmer_to_confidence_intervals_random_effects: no visible binding for
  global variable ‘CI’
lmer_to_confidence_intervals_random_effects: no visible binding for
  global variable ‘lower’
lmer_to_confidence_intervals_random_effects: no visible binding for
  global variable ‘upper’
memorise_methods_used: no visible binding for global variable ‘.’
multivariable_differential_tissue_composition: no visible binding for
  global variable ‘.’
multivariable_differential_tissue_composition: no visible binding for
  global variable ‘.cell_type’
multivariable_differential_tissue_composition: no visible binding for
  global variable ‘term’
multivariable_differential_tissue_composition_SE: no visible binding
  for global variable ‘.’
multivariable_differential_tissue_composition_SE: no visible binding
  for global variable ‘.cell_type’
multivariable_differential_tissue_composition_SE: no visible binding
  for global variable ‘term’
remove_redundancy_elements_though_reduced_dimensions: no visible
  binding for global variable ‘sample b’
remove_redundancy_elements_though_reduced_dimensions: no visible
  binding for global variable ‘sample a’
remove_redundancy_elements_though_reduced_dimensions: no visible
  binding for global variable ‘sample 1’
remove_redundancy_elements_though_reduced_dimensions: no visible
  binding for global variable ‘sample 2’
remove_redundancy_elements_though_reduced_dimensions_SE: no visible
  binding for global variable ‘sample b’
remove_redundancy_elements_though_reduced_dimensions_SE: no visible
  binding for global variable ‘sample a’
remove_redundancy_elements_though_reduced_dimensions_SE: no visible
  binding for global variable ‘sample 1’
remove_redundancy_elements_though_reduced_dimensions_SE: no visible
  binding for global variable ‘sample 2’
remove_redundancy_elements_through_correlation: no visible binding for
  global variable ‘rc’
remove_redundancy_elements_through_correlation: no visible binding for
  global variable ‘transcript’
remove_redundancy_elements_through_correlation: no visible binding for
  global variable ‘correlation’
remove_redundancy_elements_through_correlation: no visible binding for
  global variable ‘item1’
remove_redundancy_elements_through_correlation_SE: no visible binding
  for global variable ‘abundance’
remove_redundancy_elements_through_correlation_SE: no visible binding
  for global variable ‘transcript’
remove_redundancy_elements_through_correlation_SE: no visible binding
  for global variable ‘element’
remove_redundancy_elements_through_correlation_SE: no visible binding
  for global variable ‘feature’
remove_redundancy_elements_through_correlation_SE: no visible binding
  for global variable ‘rc’
remove_redundancy_elements_through_correlation_SE: no visible binding
  for global variable ‘correlation’
remove_redundancy_elements_through_correlation_SE: no visible binding
  for global variable ‘item1’
rowwise.tidybulk: no visible binding for global variable ‘.data’
run_epic: no visible global function definition for ‘EPIC’
run_llsr: no visible binding for global variable ‘X_cibersort’
scale_design: no visible binding for global variable ‘value’
scale_design: no visible binding for global variable ‘sample_idx’
scale_design: no visible binding for global variable ‘(Intercept)’
select_closest_pairs: no visible binding for global variable ‘sample 1’
select_closest_pairs: no visible binding for global variable ‘sample 2’
subset_tibble_output: no visible binding for global variable ‘.’
symbol_to_entrez: no visible binding for global variable
  ‘transcript_upper’
symbol_to_entrez: no visible binding for global variable ‘entrez’
test_differential_cellularity: no visible binding for global variable
  ‘X_cibersort’
test_differential_cellularity_: no visible binding for global variable
  ‘cell_type’
test_differential_cellularity_: no visible binding for global variable
  ‘prop’
test_differential_cellularity_: no visible binding for global variable
  ‘.’
test_differential_cellularity_: no visible binding for global variable
  ‘.cell_type’
test_gene_enrichment_bulk_EGSEA: no visible global function definition
  for ‘buildCustomIdx’
test_gene_enrichment_bulk_EGSEA: no visible global function definition
  for ‘buildIdx’
test_gene_enrichment_bulk_EGSEA: no visible binding for global variable
  ‘pathway’
test_gene_enrichment_bulk_EGSEA: no visible binding for global variable
  ‘data_base’
test_gene_enrichment_bulk_EGSEA: no visible binding for global variable
  ‘web_page’
test_gene_enrichment_bulk_EGSEA: no visible global function definition
  for ‘egsea’
test_stratification_cellularity: no visible binding for global variable
  ‘X_cibersort’
test_stratification_cellularity_: no visible binding for global
  variable ‘.cell_type’
tidybulk_to_SummarizedExperiment: no visible binding for global
  variable ‘.’
univariable_differential_tissue_composition: no visible binding for
  global variable ‘.proportion’
univariable_differential_tissue_composition: no visible binding for
  global variable ‘.cell_type’
univariable_differential_tissue_composition: no visible binding for
  global variable ‘cell_type_proportions’
univariable_differential_tissue_composition: no visible binding for
  global variable ‘surv_test’
univariable_differential_tissue_composition_SE: no visible binding for
  global variable ‘.proportion’
univariable_differential_tissue_composition_SE: no visible binding for
  global variable ‘.cell_type’
univariable_differential_tissue_composition_SE: no visible binding for
  global variable ‘cell_type_proportions’
univariable_differential_tissue_composition_SE: no visible binding for
  global variable ‘surv_test’
univariable_differential_tissue_stratification: no visible binding for
  global variable ‘.cell_type’
univariable_differential_tissue_stratification: no visible binding for
  global variable ‘cell_type_proportions’
univariable_differential_tissue_stratification: no visible binding for
  global variable ‘surv_test’
univariable_differential_tissue_stratification_SE: no visible binding
  for global variable ‘.cell_type’
univariable_differential_tissue_stratification_SE: no visible binding
  for global variable ‘cell_type_proportions’
univariable_differential_tissue_stratification_SE: no visible binding
  for global variable ‘surv_test’
adjust_abundance,RangedSummarizedExperiment: no visible binding for
  global variable ‘x’
adjust_abundance,SummarizedExperiment: no visible binding for global
  variable ‘x’
aggregate_duplicates,RangedSummarizedExperiment: no visible binding for
  global variable ‘group_name’
aggregate_duplicates,RangedSummarizedExperiment: no visible binding for
  global variable ‘group’
aggregate_duplicates,SummarizedExperiment: no visible binding for
  global variable ‘group_name’
aggregate_duplicates,SummarizedExperiment: no visible binding for
  global variable ‘group’
describe_transcript,RangedSummarizedExperiment: no visible binding for
  global variable ‘transcript’
describe_transcript,RangedSummarizedExperiment: no visible binding for
  global variable ‘description’
describe_transcript,SummarizedExperiment: no visible binding for global
  variable ‘transcript’
describe_transcript,SummarizedExperiment: no visible binding for global
  variable ‘description’
identify_abundant,spec_tbl_df: no visible binding for global variable
  ‘.abundant’
identify_abundant,tbl_df: no visible binding for global variable
  ‘.abundant’
identify_abundant,tidybulk: no visible binding for global variable
  ‘.abundant’
keep_abundant,spec_tbl_df: no visible binding for global variable
  ‘.abundant’
keep_abundant,tbl_df: no visible binding for global variable
  ‘.abundant’
keep_abundant,tidybulk: no visible binding for global variable
  ‘.abundant’
pivot_sample,RangedSummarizedExperiment: no visible binding for global
  variable ‘.’
pivot_sample,SummarizedExperiment: no visible binding for global
  variable ‘.’
quantile_normalise_abundance,RangedSummarizedExperiment: no visible
  binding for global variable ‘x’
quantile_normalise_abundance,SummarizedExperiment: no visible binding
  for global variable ‘x’
quantile_normalise_abundance,spec_tbl_df: no visible binding for global
  variable ‘x’
quantile_normalise_abundance,tbl_df: no visible binding for global
  variable ‘x’
quantile_normalise_abundance,tidybulk: no visible binding for global
  variable ‘x’
scale_abundance,RangedSummarizedExperiment: no visible binding for
  global variable ‘x’
scale_abundance,SummarizedExperiment: no visible binding for global
  variable ‘x’
scale_abundance,spec_tbl_df: no visible binding for global variable ‘x’
scale_abundance,spec_tbl_df: no visible binding for global variable
  ‘multiplier’
scale_abundance,tbl_df: no visible binding for global variable ‘x’
scale_abundance,tbl_df: no visible binding for global variable
  ‘multiplier’
scale_abundance,tidybulk: no visible binding for global variable ‘x’
scale_abundance,tidybulk: no visible binding for global variable
  ‘multiplier’
test_differential_cellularity,RangedSummarizedExperiment: no visible
  binding for global variable ‘X_cibersort’
test_differential_cellularity,RangedSummarizedExperiment: no visible
  binding for global variable ‘cell_type’
test_differential_cellularity,RangedSummarizedExperiment: no visible
  binding for global variable ‘prop’
test_differential_cellularity,RangedSummarizedExperiment: no visible
  binding for global variable ‘.cell_type’
test_differential_cellularity,SummarizedExperiment: no visible binding
  for global variable ‘X_cibersort’
test_differential_cellularity,SummarizedExperiment: no visible binding
  for global variable ‘cell_type’
test_differential_cellularity,SummarizedExperiment: no visible binding
  for global variable ‘prop’
test_differential_cellularity,SummarizedExperiment: no visible binding
  for global variable ‘.cell_type’
test_differential_cellularity,spec_tbl_df: no visible binding for
  global variable ‘X_cibersort’
test_differential_cellularity,tbl_df: no visible binding for global
  variable ‘X_cibersort’
test_differential_cellularity,tidybulk: no visible binding for global
  variable ‘X_cibersort’
test_gene_enrichment,RangedSummarizedExperiment: no visible global
  function definition for ‘buildCustomIdx’
test_gene_enrichment,RangedSummarizedExperiment: no visible global
  function definition for ‘buildIdx’
test_gene_enrichment,RangedSummarizedExperiment: no visible global
  function definition for ‘egsea’
test_gene_enrichment,RangedSummarizedExperiment: no visible binding for
  global variable ‘pathway’
test_gene_enrichment,RangedSummarizedExperiment: no visible binding for
  global variable ‘data_base’
test_gene_enrichment,RangedSummarizedExperiment: no visible binding for
  global variable ‘web_page’
test_gene_enrichment,SummarizedExperiment: no visible global function
  definition for ‘buildCustomIdx’
test_gene_enrichment,SummarizedExperiment: no visible global function
  definition for ‘buildIdx’
test_gene_enrichment,SummarizedExperiment: no visible global function
  definition for ‘egsea’
test_gene_enrichment,SummarizedExperiment: no visible binding for
  global variable ‘pathway’
test_gene_enrichment,SummarizedExperiment: no visible binding for
  global variable ‘data_base’
test_gene_enrichment,SummarizedExperiment: no visible binding for
  global variable ‘web_page’
test_gene_overrepresentation,RangedSummarizedExperiment: no visible
  binding for global variable ‘my_do_test’
test_gene_overrepresentation,SummarizedExperiment: no visible binding
  for global variable ‘my_do_test’
test_gene_overrepresentation,spec_tbl_df: no visible binding for global
  variable ‘my_do_test’
test_gene_overrepresentation,tbl_df: no visible binding for global
  variable ‘my_do_test’
test_gene_overrepresentation,tidybulk: no visible binding for global
  variable ‘my_do_test’
test_gene_rank,RangedSummarizedExperiment: no visible global function
  definition for ‘desc’
test_gene_rank,SummarizedExperiment: no visible global function
  definition for ‘desc’
test_gene_rank,spec_tbl_df: no visible global function definition for
  ‘desc’
test_gene_rank,tbl_df: no visible global function definition for ‘desc’
test_gene_rank,tidybulk: no visible global function definition for
  ‘desc’
test_stratification_cellularity,RangedSummarizedExperiment: no visible
  binding for global variable ‘X_cibersort’
test_stratification_cellularity,RangedSummarizedExperiment: no visible
  binding for global variable ‘.cell_type’
test_stratification_cellularity,SummarizedExperiment: no visible
  binding for global variable ‘X_cibersort’
test_stratification_cellularity,SummarizedExperiment: no visible
  binding for global variable ‘.cell_type’
test_stratification_cellularity,spec_tbl_df: no visible binding for
  global variable ‘X_cibersort’
test_stratification_cellularity,tbl_df: no visible binding for global
  variable ‘X_cibersort’
test_stratification_cellularity,tidybulk: no visible binding for global
  variable ‘X_cibersort’
Undefined global functions or variables:
  (Intercept) . .abundance_scaled .abundant .cell_type .contrasts .data
  .feature .proportion AIC CI Component Component value EPIC GeneID NUL
  Status X_cibersort Y abundance add_count all_of anova buildCustomIdx
  buildIdx cell_type cell_type_proportions cluster cluster kmeans coef
  correlation counts cov_data ct_data data_base desc description egsea
  element ensembl_id entrez feature fit geneID genes glmmTMBControl
  group group_id group_name gs_cat item1 library_size__ logLik lower m
  med multiplier my_do_test my_n n_aggr name nbinom2 nf nulldist
  parameter pathway predict prop rc read count ref_genome rotated
  dimensions sample 1 sample 2 sample a sample b sample_idx samples
  sdev seurat_clusters surv_test temp term test tot tot_filt transcript
  transcript_upper tt_columns update.formula upper value variable vcov
  web_page where x
Consider adding
  importFrom("base", "sample")
  importFrom("stats", "AIC", "anova", "coef", "kmeans", "logLik",
             "predict", "update.formula", "vcov")
to your NAMESPACE file.
* checking Rd files ... OK
* checking Rd metadata ... OK
* checking Rd cross-references ... OK
* checking for missing documentation entries ... OK
* checking for code/documentation mismatches ... OK
* checking Rd \usage sections ... OK
* checking Rd contents ... OK
* checking for unstated dependencies in examples ... OK
* checking contents of ‘data’ directory ... OK
* checking data for non-ASCII characters ... OK
* checking LazyData ... OK
* checking data for ASCII and uncompressed saves ... OK
* checking files in ‘vignettes’ ... OK
* checking examples ... OK
Examples with CPU (user + system) or elapsed time > 5s
                                          user system elapsed
test_differential_abundance-methods     64.790  0.554  65.482
test_differential_cellularity-methods   16.607  0.076  16.714
test_stratification_cellularity-methods  9.389  0.032   9.439
deconvolve_cellularity-methods           7.221  0.048   7.284
adjust_abundance-methods                 6.921  0.227   7.162
* checking for unstated dependencies in ‘tests’ ... OK
* checking tests ...
  Running ‘testthat.R’
 ERROR
Running the tests in ‘tests/testthat.R’ failed.
Last 13 lines of output:
  head(...) not equal to c(0.1081176, 0.1303558, 0.1303558, 0.1693276).
  1/4 mismatches
  [1] 0.109 - 0.108 == 0.00125
  ── Failure ('test-bulk_methods.R:1525:3'): Add reduced dimensions UMAP - no object ──
  magrittr::extract2(pull(res, UMAP1), 1) not equal to -2.12.
  1/1 mismatches
  [1] -1.91 - -2.12 == 0.209
  ── Failure ('test-bulk_methods_SummarizedExperiment.R:517:2'): differential trancript abundance - random effects SE ──
  head(rowData(res)[, "P_condition_adjusted"], 4) not equal to c(0.1153254, 0.1668555, 0.1668555, NA).
  1/4 mismatches
  [1] 0.117 - 0.115 == 0.00134
  
  [ FAIL 3 | WARN 45 | SKIP 3 | PASS 222 ]
  Error: Test failures
  Execution halted
* checking for unstated dependencies in vignettes ... OK
* checking package vignettes in ‘inst/doc’ ... OK
* checking running R code from vignettes ...
  ‘introduction.Rmd’ using ‘UTF-8’... OK
 NONE
* checking re-building of vignette outputs ... OK
* checking PDF version of manual ... OK
* DONE

Status: 1 ERROR, 1 WARNING, 1 NOTE
See
  ‘/home/biocbuild/bbs-3.18-bioc/meat/tidybulk.Rcheck/00check.log’
for details.


Installation output

tidybulk.Rcheck/00install.out

##############################################################################
##############################################################################
###
### Running command:
###
###   /home/biocbuild/R/R-4.3.1/bin/R CMD INSTALL tidybulk
###
##############################################################################
##############################################################################


* installing to library ‘/home/biocbuild/R/R-4.3.1/site-library’
* installing *source* package ‘tidybulk’ ...
** using staged installation
** R
** data
*** moving datasets to lazyload DB
** inst
** byte-compile and prepare package for lazy loading
Note: wrong number of arguments to 'expm1' 
Note: wrong number of arguments to 'expm1' 
Note: wrong number of arguments to 'expm1' 
Note: wrong number of arguments to 'expm1' 
Note: wrong number of arguments to 'expm1' 
Note: wrong number of arguments to 'expm1' 
Note: wrong number of arguments to 'expm1' 
Note: wrong number of arguments to 'floor' 
Note: wrong number of arguments to 'floor' 
** help
*** installing help indices
*** copying figures
** building package indices
** installing vignettes
** testing if installed package can be loaded from temporary location
** testing if installed package can be loaded from final location
** testing if installed package keeps a record of temporary installation path
* DONE (tidybulk)

Tests output

tidybulk.Rcheck/tests/testthat.Rout.fail


R version 4.3.1 (2023-06-16) -- "Beagle Scouts"
Copyright (C) 2023 The R Foundation for Statistical Computing
Platform: aarch64-unknown-linux-gnu (64-bit)

R is free software and comes with ABSOLUTELY NO WARRANTY.
You are welcome to redistribute it under certain conditions.
Type 'license()' or 'licence()' for distribution details.

R is a collaborative project with many contributors.
Type 'contributors()' for more information and
'citation()' on how to cite R or R packages in publications.

Type 'demo()' for some demos, 'help()' for on-line help, or
'help.start()' for an HTML browser interface to help.
Type 'q()' to quit R.

> library(testthat)
> library(tidybulk)
Loading required package: ttservice
========================================
tidybulk version 1.13.1
If you use TIDYBULK in published research, please cite:

Mangiola et al. tidybulk: an R tidy framework for modular 
transcriptomic data analysis. Genome Biology 2021.

This message can be suppressed by:
  suppressPackageStartupMessages(library(tidybulk))
========================================


Attaching package: 'tidybulk'

The following object is masked from 'package:stats':

    filter

> 
> test_check("tidybulk")
Coefficients not estimable: conditionTRUE 
Coefficients not estimable: conditionTRUE 
Time difference of 5.017353 secs
Time difference of 4.797216 secs
Found 2 batches
Using null model in ComBat-seq.
Adjusting for 1 covariate(s) or covariate level(s)
Estimating dispersions
Fitting the GLM model
Apply shrinkage - computing posterior estimates for parameters
Using 100 random genes for Monte Carlo integration
Adjusting the data
Found 2 batches
Using null model in ComBat-seq.
Adjusting for 1 covariate(s) or covariate level(s)
Estimating dispersions
Fitting the GLM model
Apply shrinkage - computing posterior estimates for parameters
Using 100 random genes for Monte Carlo integration
Adjusting the data
Found 2 batches
Using null model in ComBat-seq.
Adjusting for 1 covariate(s) or covariate level(s)
Estimating dispersions
Fitting the GLM model
Apply shrinkage - computing posterior estimates for parameters
Using 100 random genes for Monte Carlo integration
Adjusting the data
Time difference of 13.46682 secs
Time difference of 12.62206 secs
Performing PCA
Read the 251 x 50 data matrix successfully!
OpenMP is working. 1 threads.
Using no_dims = 2, perplexity = 30.000000, and theta = 0.500000
Computing input similarities...
Building tree...
Done in 0.03 seconds (sparsity = 0.490437)!
Learning embedding...
Iteration 50: error is 54.594373 (50 iterations in 0.06 seconds)
Iteration 100: error is 55.400014 (50 iterations in 0.06 seconds)
Iteration 150: error is 56.943549 (50 iterations in 0.09 seconds)
Iteration 200: error is 57.372634 (50 iterations in 0.08 seconds)
Iteration 250: error is 55.081931 (50 iterations in 0.08 seconds)
Iteration 300: error is 1.157466 (50 iterations in 0.09 seconds)
Iteration 350: error is 0.921264 (50 iterations in 0.08 seconds)
Iteration 400: error is 0.772869 (50 iterations in 0.05 seconds)
Iteration 450: error is 0.770538 (50 iterations in 0.05 seconds)
Iteration 500: error is 0.764835 (50 iterations in 0.05 seconds)
Iteration 550: error is 0.759419 (50 iterations in 0.05 seconds)
Iteration 600: error is 0.759660 (50 iterations in 0.05 seconds)
Iteration 650: error is 0.760110 (50 iterations in 0.05 seconds)
Iteration 700: error is 0.760555 (50 iterations in 0.05 seconds)
Iteration 750: error is 0.760830 (50 iterations in 0.05 seconds)
Iteration 800: error is 0.760101 (50 iterations in 0.05 seconds)
Iteration 850: error is 0.760823 (50 iterations in 0.05 seconds)
Iteration 900: error is 0.760425 (50 iterations in 0.05 seconds)
Iteration 950: error is 0.760389 (50 iterations in 0.05 seconds)
Iteration 1000: error is 0.760346 (50 iterations in 0.05 seconds)
Fitting performed in 1.22 seconds.
[ FAIL 3 | WARN 45 | SKIP 3 | PASS 222 ]

══ Skipped tests (3) ═══════════════════════════════════════════════════════════
• empty test (3): 'test-bulk_methods.R:1066:1',
  'test-tximeta_GRnges_IRanges.R:3:1', 'test-tximeta_GRnges_IRanges.R:19:1'

══ Failed tests ════════════════════════════════════════════════════════════════
── Failure ('test-bulk_methods.R:871:5'): differential trancript abundance - random effects ──
head(...) not equal to c(0.1081176, 0.1303558, 0.1303558, 0.1693276).
1/4 mismatches
[1] 0.109 - 0.108 == 0.00125
── Failure ('test-bulk_methods.R:1525:3'): Add reduced dimensions UMAP - no object ──
magrittr::extract2(pull(res, UMAP1), 1) not equal to -2.12.
1/1 mismatches
[1] -1.91 - -2.12 == 0.209
── Failure ('test-bulk_methods_SummarizedExperiment.R:517:2'): differential trancript abundance - random effects SE ──
head(rowData(res)[, "P_condition_adjusted"], 4) not equal to c(0.1153254, 0.1668555, 0.1668555, NA).
1/4 mismatches
[1] 0.117 - 0.115 == 0.00134

[ FAIL 3 | WARN 45 | SKIP 3 | PASS 222 ]
Error: Test failures
Execution halted

Example timings

tidybulk.Rcheck/tidybulk-Ex.timings

nameusersystemelapsed
adjust_abundance-methods6.9210.2277.162
aggregate_duplicates-methods0.1250.0000.125
arrange-methods0.0130.0000.012
as_matrix0.0210.0000.021
bind_rows0.3740.0120.386
cluster_elements-methods0.0830.0080.091
deconvolve_cellularity-methods7.2210.0487.284
describe_transcript-methods1.2330.0601.302
distinct-methods0.1290.0120.142
dplyr-methods0.2570.0040.262
ensembl_to_symbol-methods0.9190.0240.945
fill_missing_abundance-methods0.0010.0000.000
filter-methods0.3060.0120.318
get_bibliography-methods0.0010.0040.005
group_by-methods0.0040.0000.005
identify_abundant-methods0.0210.0000.020
impute_missing_abundance-methods0.1060.0040.110
join-methods0.7650.0040.771
keep_abundant-methods0.0430.0000.043
keep_variable-methods0.0420.0040.046
log10_reverse_trans0.3300.0160.347
logit_trans0.1820.0000.182
mutate-methods0.0850.0000.085
nest-methods0.5910.0040.596
pivot_sample-methods0.0490.0000.049
pivot_transcript-methods0.0310.0040.034
quantile_normalise_abundance-methods0.0410.0040.045
reduce_dimensions-methods0.3410.0240.366
remove_redundancy-methods0.4260.0080.458
rename-methods0.0380.0000.038
rotate_dimensions-methods0.1660.0040.171
rowwise-methods0.0030.0000.003
scale_abundance-methods0.0980.0000.099
summarise-methods0.0030.0000.004
symbol_to_entrez0.6310.0000.632
test_differential_abundance-methods64.790 0.55465.482
test_differential_cellularity-methods16.607 0.07616.714
test_gene_enrichment-methods0.0010.0000.000
test_gene_overrepresentation-methods000
test_gene_rank-methods0.0000.0000.001
test_stratification_cellularity-methods9.3890.0329.439
tidybulk-methods0.1330.0040.137